{"id":10127,"date":"2025-06-20T17:51:50","date_gmt":"2025-06-20T21:51:50","guid":{"rendered":"http:\/\/www.multicasa.com.br\/cuiaba\/?post_type=product&#038;p=10127"},"modified":"2025-11-08T10:04:17","modified_gmt":"2025-11-08T14:04:17","slug":"spray-limpa-lentes-e-smartphones-de-outro-mundo-30ml","status":"publish","type":"product","link":"https:\/\/www.multicasa.com.br\/cuiaba\/produto\/spray-limpa-lentes-e-smartphones-de-outro-mundo-30ml\/","title":{"rendered":"Spray Limpa Lentes e Smartphones De Outro Mundo 30ml<br>SKU: 2165909"},"content":{"rendered":"<p>O Spray Limpa Lentes e Smartphones De Outro Mundo de 30ml \u00e9 um produto que limpa e higieniza em alta performance \u00f3culos e smartphones, eliminando tamb\u00e9m as bact\u00e9rias.<\/p>\n","protected":false},"excerpt":{"rendered":"<h4 style=\"margin: 0px;padding: 0px 0px 16px;font-family: Lato, sans-serif;font-weight: bold;line-height: 3rem;color: var(--dark-grey3);font-size: 22px;font-style: normal;letter-spacing: normal;text-align: start;text-indent: 0px;text-transform: none\">Informa\u00e7\u00f5es t\u00e9cnicas<\/h4>\n<p><span style=\"margin: 0px;padding: 0px;font-weight: 450;font-size: 14px;line-height: 21px;color: var(--dark-grey2);font-family: Lato, sans-serif;font-style: normal;letter-spacing: normal;text-align: start;text-indent: 0px;text-transform: none\">Produto: Spray Limpa Lentes<br \/>\nMarca: De Outro Mundo<br \/>\nConte\u00fado: 30ml<br \/>\nUso Indicado: Todos os tipos de lentes de \u00f3culos e telas de eletr\u00f4nicos.<br \/>\nCaracter\u00edsticas: Bactericida, rendimento: 120 aplica\u00e7\u00f5es.<br \/>\nItens inclusos: 1 spray limpa lentes<br \/>\nDimens\u00f5es do produto (A x L): 11 x 2cm<br \/>\nPeso: 32g<\/span><\/p>\n","protected":false},"featured_media":10181,"template":"","meta":{"_joinchat":[]},"product_brand":[],"product_cat":[130],"product_tag":[],"class_list":{"0":"post-10127","1":"product","2":"type-product","3":"status-publish","4":"has-post-thumbnail","6":"product_cat-informatica","8":"first","9":"instock","10":"shipping-taxable","11":"purchasable","12":"product-type-simple"},"_links":{"self":[{"href":"https:\/\/www.multicasa.com.br\/cuiaba\/wp-json\/wp\/v2\/product\/10127","targetHints":{"allow":["GET"]}}],"collection":[{"href":"https:\/\/www.multicasa.com.br\/cuiaba\/wp-json\/wp\/v2\/product"}],"about":[{"href":"https:\/\/www.multicasa.com.br\/cuiaba\/wp-json\/wp\/v2\/types\/product"}],"wp:featuredmedia":[{"embeddable":true,"href":"https:\/\/www.multicasa.com.br\/cuiaba\/wp-json\/wp\/v2\/media\/10181"}],"wp:attachment":[{"href":"https:\/\/www.multicasa.com.br\/cuiaba\/wp-json\/wp\/v2\/media?parent=10127"}],"wp:term":[{"taxonomy":"product_brand","embeddable":true,"href":"https:\/\/www.multicasa.com.br\/cuiaba\/wp-json\/wp\/v2\/product_brand?post=10127"},{"taxonomy":"product_cat","embeddable":true,"href":"https:\/\/www.multicasa.com.br\/cuiaba\/wp-json\/wp\/v2\/product_cat?post=10127"},{"taxonomy":"product_tag","embeddable":true,"href":"https:\/\/www.multicasa.com.br\/cuiaba\/wp-json\/wp\/v2\/product_tag?post=10127"}],"curies":[{"name":"wp","href":"https:\/\/api.w.org\/{rel}","templated":true}]}}