{"id":10235,"date":"2025-06-20T17:52:59","date_gmt":"2025-06-20T21:52:59","guid":{"rendered":"http:\/\/www.multicasa.com.br\/cuiaba\/?post_type=product&#038;p=10235"},"modified":"2025-10-17T17:13:57","modified_gmt":"2025-10-17T21:13:57","slug":"botao-frances-de-latao-para-espelho-2-unidades-bemfixa","status":"publish","type":"product","link":"https:\/\/www.multicasa.com.br\/cuiaba\/produto\/botao-frances-de-latao-para-espelho-2-unidades-bemfixa\/","title":{"rendered":"Bot\u00e3o Frances de Lat\u00e3o para Espelho 2 Unidades Bemfixa<br>SKU: 3026701"},"content":{"rendered":"<p>O Bot\u00e3o Franc\u00eas para Espelho Bemfixa \u00e9 produzido em lat\u00e3o com design exclusivo e diversos acabamentos podendo ser usado em v\u00e1rias espessuras de vidro como 6, 8 e 10mm. Conta com 2 unidades que ficam expostas de modo s\u00fatil e que s\u00e3o f\u00e1ceis de instalar, n\u00e3o prejudicando a est\u00e9tica do espelho.<\/p>\n","protected":false},"excerpt":{"rendered":"<h4 style=\"margin: 0px;padding: 0px 0px 16px;font-family: Lato, sans-serif;font-weight: bold;line-height: 3rem;color: var(--dark-grey3);font-size: 22px;font-style: normal;letter-spacing: normal;text-align: start;text-indent: 0px;text-transform: none\">Informa\u00e7\u00f5es t\u00e9cnicas<\/h4>\n<p><span style=\"margin: 0px;padding: 0px;font-weight: 450;font-size: 14px;line-height: 21px;color: var(--dark-grey2);font-family: Lato, sans-serif;font-style: normal;letter-spacing: normal;text-align: start;text-indent: 0px;text-transform: none\">Produto: Bot\u00e3o Frances<br \/>\nMarca: Bemfixa<br \/>\nMaterial: Lat\u00e3o<br \/>\nCor: Cromado<br \/>\nCaracter\u00edsticas: Pode ser utilizado para vidros de 6, 8 e 10mm<br \/>\nItens Inclusos: 1 Bot\u00e3o Frances<br \/>\nDimens\u00f5es do produto (A x L): 14 x 7,5cm<\/span><\/p>\n","protected":false},"featured_media":10290,"template":"","meta":{"_joinchat":[]},"product_brand":[],"product_cat":[135],"product_tag":[],"class_list":{"0":"post-10235","1":"product","2":"type-product","3":"status-publish","4":"has-post-thumbnail","6":"product_cat-parafusos-e-buchas","8":"first","9":"instock","10":"shipping-taxable","11":"purchasable","12":"product-type-simple"},"_links":{"self":[{"href":"https:\/\/www.multicasa.com.br\/cuiaba\/wp-json\/wp\/v2\/product\/10235","targetHints":{"allow":["GET"]}}],"collection":[{"href":"https:\/\/www.multicasa.com.br\/cuiaba\/wp-json\/wp\/v2\/product"}],"about":[{"href":"https:\/\/www.multicasa.com.br\/cuiaba\/wp-json\/wp\/v2\/types\/product"}],"wp:featuredmedia":[{"embeddable":true,"href":"https:\/\/www.multicasa.com.br\/cuiaba\/wp-json\/wp\/v2\/media\/10290"}],"wp:attachment":[{"href":"https:\/\/www.multicasa.com.br\/cuiaba\/wp-json\/wp\/v2\/media?parent=10235"}],"wp:term":[{"taxonomy":"product_brand","embeddable":true,"href":"https:\/\/www.multicasa.com.br\/cuiaba\/wp-json\/wp\/v2\/product_brand?post=10235"},{"taxonomy":"product_cat","embeddable":true,"href":"https:\/\/www.multicasa.com.br\/cuiaba\/wp-json\/wp\/v2\/product_cat?post=10235"},{"taxonomy":"product_tag","embeddable":true,"href":"https:\/\/www.multicasa.com.br\/cuiaba\/wp-json\/wp\/v2\/product_tag?post=10235"}],"curies":[{"name":"wp","href":"https:\/\/api.w.org\/{rel}","templated":true}]}}