{"id":10305,"date":"2025-06-20T17:53:49","date_gmt":"2025-06-20T21:53:49","guid":{"rendered":"http:\/\/www.multicasa.com.br\/cuiaba\/?post_type=product&#038;p=10305"},"modified":"2026-03-11T11:03:20","modified_gmt":"2026-03-11T15:03:20","slug":"forro-termico-vaportec-para-tabua-de-passar-metaltec-37cmx124m","status":"publish","type":"product","link":"https:\/\/www.multicasa.com.br\/cuiaba\/produto\/forro-termico-vaportec-para-tabua-de-passar-metaltec-37cmx124m\/","title":{"rendered":"Forro T\u00e9rmico Vaportec Para T\u00e1bua de Passar Metaltec 37cmx1,24m<br>SKU: 3074250"},"content":{"rendered":"<p>Com o Forro T\u00e9rmico Vaportec da marca Metaltec voc\u00ea tem a op\u00e7\u00e3o perfeita para revestir sua t\u00e1bua de passar roupas. Em poli\u00e9ster e acr\u00edlico, ele possui micro perfura\u00e7\u00f5es que ajudam a distribuir o calor e desamarrotar suas roupas com muita facilidade, permitindo que voc\u00ea economize tempo e energia. Com aproximadamente 124x37cm, acompanha espuma de 7mm e \u00e9 indicado para o uso em t\u00e1buas modelo 2001.<\/p>\n","protected":false},"excerpt":{"rendered":"<h4 style=\"margin: 0px;padding: 0px 0px 16px;font-family: Lato, sans-serif;font-weight: bold;line-height: 3rem;color: var(--dark-grey3);font-size: 22px;font-style: normal;letter-spacing: normal;text-align: start;text-indent: 0px;text-transform: none\">Informa\u00e7\u00f5es t\u00e9cnicas<\/h4>\n<p><span style=\"margin: 0px;padding: 0px;font-weight: 450;font-size: 14px;line-height: 21px;color: var(--dark-grey2);font-family: Lato, sans-serif;font-style: normal;letter-spacing: normal;text-align: start;text-indent: 0px;text-transform: none\">Produto: Forro t\u00e9rmico<br \/>\nMarca: Metaltec<br \/>\nMaterial: Algod\u00e3o, poli\u00e9ster e acr\u00edlico<br \/>\nCor: Cinza<br \/>\nUso indicado: Colocar em sua t\u00e1bua de passar, facilitando para desamarrotar as pe\u00e7as<br \/>\nCaracter\u00edsticas: Acompanha espuma de 7mm, compat\u00edvel com modelo de t\u00e1bua 2001<br \/>\nItens Inclusos: 1 forro t\u00e9rmico<br \/>\nDimens\u00f5es do produto (L X P): 37cm x 1,24m<\/span><\/p>\n","protected":false},"featured_media":25240,"template":"","meta":{"_joinchat":[]},"product_brand":[],"product_cat":[95],"product_tag":[],"class_list":{"0":"post-10305","1":"product","2":"type-product","3":"status-publish","4":"has-post-thumbnail","6":"product_cat-lavanderia","8":"first","9":"instock","10":"shipping-taxable","11":"purchasable","12":"product-type-simple"},"_links":{"self":[{"href":"https:\/\/www.multicasa.com.br\/cuiaba\/wp-json\/wp\/v2\/product\/10305","targetHints":{"allow":["GET"]}}],"collection":[{"href":"https:\/\/www.multicasa.com.br\/cuiaba\/wp-json\/wp\/v2\/product"}],"about":[{"href":"https:\/\/www.multicasa.com.br\/cuiaba\/wp-json\/wp\/v2\/types\/product"}],"wp:featuredmedia":[{"embeddable":true,"href":"https:\/\/www.multicasa.com.br\/cuiaba\/wp-json\/wp\/v2\/media\/25240"}],"wp:attachment":[{"href":"https:\/\/www.multicasa.com.br\/cuiaba\/wp-json\/wp\/v2\/media?parent=10305"}],"wp:term":[{"taxonomy":"product_brand","embeddable":true,"href":"https:\/\/www.multicasa.com.br\/cuiaba\/wp-json\/wp\/v2\/product_brand?post=10305"},{"taxonomy":"product_cat","embeddable":true,"href":"https:\/\/www.multicasa.com.br\/cuiaba\/wp-json\/wp\/v2\/product_cat?post=10305"},{"taxonomy":"product_tag","embeddable":true,"href":"https:\/\/www.multicasa.com.br\/cuiaba\/wp-json\/wp\/v2\/product_tag?post=10305"}],"curies":[{"name":"wp","href":"https:\/\/api.w.org\/{rel}","templated":true}]}}