{"id":10567,"date":"2025-06-20T17:56:52","date_gmt":"2025-06-20T21:56:52","guid":{"rendered":"http:\/\/www.multicasa.com.br\/cuiaba\/?post_type=product&#038;p=10567"},"modified":"2026-04-22T16:00:18","modified_gmt":"2026-04-22T20:00:18","slug":"rolo-de-pintura-espuma-para-madeira-com-suporte-tigre-9cm","status":"publish","type":"product","link":"https:\/\/www.multicasa.com.br\/cuiaba\/produto\/rolo-de-pintura-espuma-para-madeira-com-suporte-tigre-9cm\/","title":{"rendered":"Rolo de Pintura Espuma para Madeira com Suporte Tigre 9cm<br>SKU: 3297756"},"content":{"rendered":"<p>Pensando em dar uma renovada nos m\u00f3veis que voc\u00ea j\u00e1 tem? Pinte voc\u00ea mesmo superf\u00edcies com o Rolo de Pintura Espuma para Madeira da Tigre. Com suporte e espuma em poli\u00e9ster que tornam o manuseio mais eficiente e uniforme, mede 9cm de comprimento, enquanto sua espessura de 35mm \u00e9 ideal para pintar madeira e similares, permitindo que seja utilizado para tintas e vernizes. Pode ser limpo utilizando apenas \u00e1gua e sab\u00e3o neutro.<\/p>\n","protected":false},"excerpt":{"rendered":"<h4 style=\"margin: 0px;padding: 0px 0px 16px;font-family: Lato, sans-serif;font-weight: bold;line-height: 3rem;color: var(--dark-grey3);font-size: 22px;font-style: normal;letter-spacing: normal;text-align: start;text-indent: 0px;text-transform: none\">Informa\u00e7\u00f5es t\u00e9cnicas<\/h4>\n<p><span style=\"margin: 0px;padding: 0px;font-weight: 450;font-size: 14px;line-height: 21px;color: var(--dark-grey2);font-family: Lato, sans-serif;font-style: normal;letter-spacing: normal;text-align: start;text-indent: 0px;text-transform: none\">Produto: Rolo de Pintura com cabo<br \/>\nMarca: Tigre<br \/>\nMaterial: Espuma: 100% poli\u00e9ster; Cabo: copol\u00edmero<br \/>\nCor: Amarelo; azul<br \/>\nCaracter\u00edsticas: Para madeira<br \/>\nQuantidade de pe\u00e7as: 2<br \/>\nItens Inclusos: 1 Rolo de Pintura; 1 cabo de suporte<br \/>\nDimens\u00f5es do produto (C x E): 9 x 0,35cm<\/span><\/p>\n","protected":false},"featured_media":10614,"template":"","meta":{"_joinchat":[]},"product_brand":[],"product_cat":[143],"product_tag":[],"class_list":{"0":"post-10567","1":"product","2":"type-product","3":"status-publish","4":"has-post-thumbnail","6":"product_cat-tintas-e-cia","8":"first","9":"instock","10":"shipping-taxable","11":"purchasable","12":"product-type-simple"},"_links":{"self":[{"href":"https:\/\/www.multicasa.com.br\/cuiaba\/wp-json\/wp\/v2\/product\/10567","targetHints":{"allow":["GET"]}}],"collection":[{"href":"https:\/\/www.multicasa.com.br\/cuiaba\/wp-json\/wp\/v2\/product"}],"about":[{"href":"https:\/\/www.multicasa.com.br\/cuiaba\/wp-json\/wp\/v2\/types\/product"}],"wp:featuredmedia":[{"embeddable":true,"href":"https:\/\/www.multicasa.com.br\/cuiaba\/wp-json\/wp\/v2\/media\/10614"}],"wp:attachment":[{"href":"https:\/\/www.multicasa.com.br\/cuiaba\/wp-json\/wp\/v2\/media?parent=10567"}],"wp:term":[{"taxonomy":"product_brand","embeddable":true,"href":"https:\/\/www.multicasa.com.br\/cuiaba\/wp-json\/wp\/v2\/product_brand?post=10567"},{"taxonomy":"product_cat","embeddable":true,"href":"https:\/\/www.multicasa.com.br\/cuiaba\/wp-json\/wp\/v2\/product_cat?post=10567"},{"taxonomy":"product_tag","embeddable":true,"href":"https:\/\/www.multicasa.com.br\/cuiaba\/wp-json\/wp\/v2\/product_tag?post=10567"}],"curies":[{"name":"wp","href":"https:\/\/api.w.org\/{rel}","templated":true}]}}