{"id":11035,"date":"2025-06-20T18:02:13","date_gmt":"2025-06-20T22:02:13","guid":{"rendered":"http:\/\/www.multicasa.com.br\/cuiaba\/?post_type=product&#038;p=11035"},"modified":"2026-04-20T13:21:59","modified_gmt":"2026-04-20T17:21:59","slug":"kit-de-serras-copo-5-pecas-brasfort","status":"publish","type":"product","link":"https:\/\/www.multicasa.com.br\/cuiaba\/produto\/kit-de-serras-copo-5-pecas-brasfort\/","title":{"rendered":"Kit de Serras Copo 5 Pe\u00e7as Brasfort<br>SKU: 3808785"},"content":{"rendered":"<p>Conjunto de Serras copo para madeira Brasfort, ideal para confec\u00e7\u00e3o e manuten\u00e7\u00e3o de m\u00f3veis, para fazer furos e passar cabos, entre outras aplica\u00e7\u00f5es. Possui acabamento do corte liso e dentes em a\u00e7o carbono, garantindo a dureza e durabilidade. O kit vem com 5 pe\u00e7as e um suporte.<\/p>\n","protected":false},"excerpt":{"rendered":"<h4 style=\"margin: 0px;padding: 0px 0px 16px;font-family: Lato, sans-serif;font-weight: bold;line-height: 3rem;color: var(--dark-grey3);font-size: 22px;font-style: normal;letter-spacing: normal;text-align: start;text-indent: 0px;text-transform: none\">Informa\u00e7\u00f5es t\u00e9cnicas<\/h4>\n<p><span style=\"margin: 0px;padding: 0px;font-weight: 450;font-size: 14px;line-height: 21px;color: var(--dark-grey2);font-family: Lato, sans-serif;font-style: normal;letter-spacing: normal;text-align: start;text-indent: 0px;text-transform: none\">Produto: Kit Serra Copo<br \/>\nMarca: Brasfort<br \/>\nMaterial: A\u00e7o Carbono<br \/>\nCor: Preto<br \/>\nUso indicado: Confec\u00e7\u00e3o e manuten\u00e7\u00e3o de m\u00f3veis, fazer furos para passar cabos e outras aplica\u00e7\u00f5es.<br \/>\nQuantidade de pe\u00e7as: 5<br \/>\nItens Inclusos: 1 Suporte<br \/>\n4 serras<br \/>\nDi\u00e2metro do produto: 54mm \/44mm \/38mm \/32mm<\/p>\n<p><\/span><\/p>\n","protected":false},"featured_media":11122,"template":"","meta":{"_joinchat":[]},"product_brand":[],"product_cat":[152],"product_tag":[],"class_list":{"0":"post-11035","1":"product","2":"type-product","3":"status-publish","4":"has-post-thumbnail","6":"product_cat-ferramentas-eletricas","8":"first","9":"instock","10":"shipping-taxable","11":"purchasable","12":"product-type-simple"},"_links":{"self":[{"href":"https:\/\/www.multicasa.com.br\/cuiaba\/wp-json\/wp\/v2\/product\/11035","targetHints":{"allow":["GET"]}}],"collection":[{"href":"https:\/\/www.multicasa.com.br\/cuiaba\/wp-json\/wp\/v2\/product"}],"about":[{"href":"https:\/\/www.multicasa.com.br\/cuiaba\/wp-json\/wp\/v2\/types\/product"}],"wp:featuredmedia":[{"embeddable":true,"href":"https:\/\/www.multicasa.com.br\/cuiaba\/wp-json\/wp\/v2\/media\/11122"}],"wp:attachment":[{"href":"https:\/\/www.multicasa.com.br\/cuiaba\/wp-json\/wp\/v2\/media?parent=11035"}],"wp:term":[{"taxonomy":"product_brand","embeddable":true,"href":"https:\/\/www.multicasa.com.br\/cuiaba\/wp-json\/wp\/v2\/product_brand?post=11035"},{"taxonomy":"product_cat","embeddable":true,"href":"https:\/\/www.multicasa.com.br\/cuiaba\/wp-json\/wp\/v2\/product_cat?post=11035"},{"taxonomy":"product_tag","embeddable":true,"href":"https:\/\/www.multicasa.com.br\/cuiaba\/wp-json\/wp\/v2\/product_tag?post=11035"}],"curies":[{"name":"wp","href":"https:\/\/api.w.org\/{rel}","templated":true}]}}