{"id":11267,"date":"2025-06-20T18:04:57","date_gmt":"2025-06-20T22:04:57","guid":{"rendered":"http:\/\/www.multicasa.com.br\/cuiaba\/?post_type=product&#038;p=11267"},"modified":"2026-04-14T14:52:04","modified_gmt":"2026-04-14T18:52:04","slug":"parafuso-para-fixacao-de-assento-sanitario-tpj-astra","status":"publish","type":"product","link":"https:\/\/www.multicasa.com.br\/cuiaba\/produto\/parafuso-para-fixacao-de-assento-sanitario-tpj-astra\/","title":{"rendered":"Parafuso para Fixa\u00e7\u00e3o de Assento Sanit\u00e1rio TPJ Astra<br>SKU: 4156315"},"content":{"rendered":"<p>O parafuso para fixa\u00e7\u00e3o de assento sanit\u00e1rio TPJ foi desenvolvido para deixar manuten\u00e7\u00f5es e ajustes mais simples. Tipo borboleta, \u00e9 compat\u00edvel com diversos modelos de assentos Astra, resistente e deve ser usado quando os parafusos que acompanham seu vaso quebrem ou desgatem. Ideal para quem gosta de resolver imprevistos com agilidade e efici\u00eancia.<\/p>\n","protected":false},"excerpt":{"rendered":"<h4 style=\"margin: 0px;padding: 0px 0px 16px;font-family: Lato, sans-serif;font-weight: bold;line-height: 3rem;color: var(--dark-grey3);font-size: 22px;font-style: normal;letter-spacing: normal;text-align: start;text-indent: 0px;text-transform: none\">Informa\u00e7\u00f5es t\u00e9cnicas<\/h4>\n<p><span style=\"margin: 0px;padding: 0px;font-weight: 450;font-size: 14px;line-height: 21px;color: var(--dark-grey2);font-family: Lato, sans-serif;font-style: normal;letter-spacing: normal;text-align: start;text-indent: 0px;text-transform: none\">Produto: Parafuso de fixa\u00e7\u00e3o<br \/>\nTipo: Borboleta<br \/>\nMarca: Astra<br \/>\nMaterial: Polipropileno<br \/>\nCor Branco<br \/>\nUso Indicado: Fixa\u00e7\u00e3o de assento sanit\u00e1rio<br \/>\nCaracter\u00edsticas: Compat\u00edvel com assentos sanit\u00e1rios TAJ\/AS, TPJ\/AS, TPJF\/AS, TPR\/AS e TPG<br \/>\nResistente<br \/>\nSubmetido a teste de resist\u00eancia<br \/>\nItens Inclusos: 1 Parafuso de fixa\u00e7\u00e3o<br \/>\nDimens\u00f5es do produto (A X L): 16,5 x 12,5cm<br \/>\n<\/span><\/p>\n","protected":false},"featured_media":11344,"template":"","meta":{"_joinchat":[]},"product_brand":[],"product_cat":[74],"product_tag":[],"class_list":{"0":"post-11267","1":"product","2":"type-product","3":"status-publish","4":"has-post-thumbnail","6":"product_cat-reparos-hidraulicos","8":"first","9":"instock","10":"shipping-taxable","11":"purchasable","12":"product-type-simple"},"_links":{"self":[{"href":"https:\/\/www.multicasa.com.br\/cuiaba\/wp-json\/wp\/v2\/product\/11267","targetHints":{"allow":["GET"]}}],"collection":[{"href":"https:\/\/www.multicasa.com.br\/cuiaba\/wp-json\/wp\/v2\/product"}],"about":[{"href":"https:\/\/www.multicasa.com.br\/cuiaba\/wp-json\/wp\/v2\/types\/product"}],"wp:featuredmedia":[{"embeddable":true,"href":"https:\/\/www.multicasa.com.br\/cuiaba\/wp-json\/wp\/v2\/media\/11344"}],"wp:attachment":[{"href":"https:\/\/www.multicasa.com.br\/cuiaba\/wp-json\/wp\/v2\/media?parent=11267"}],"wp:term":[{"taxonomy":"product_brand","embeddable":true,"href":"https:\/\/www.multicasa.com.br\/cuiaba\/wp-json\/wp\/v2\/product_brand?post=11267"},{"taxonomy":"product_cat","embeddable":true,"href":"https:\/\/www.multicasa.com.br\/cuiaba\/wp-json\/wp\/v2\/product_cat?post=11267"},{"taxonomy":"product_tag","embeddable":true,"href":"https:\/\/www.multicasa.com.br\/cuiaba\/wp-json\/wp\/v2\/product_tag?post=11267"}],"curies":[{"name":"wp","href":"https:\/\/api.w.org\/{rel}","templated":true}]}}