{"id":11389,"date":"2025-06-20T18:06:29","date_gmt":"2025-06-20T22:06:29","guid":{"rendered":"http:\/\/www.multicasa.com.br\/cuiaba\/?post_type=product&#038;p=11389"},"modified":"2025-12-16T19:38:58","modified_gmt":"2025-12-16T23:38:58","slug":"cabo-telefonico-cci-50-2-pares-megatron-1m","status":"publish","type":"product","link":"https:\/\/www.multicasa.com.br\/cuiaba\/produto\/cabo-telefonico-cci-50-2-pares-megatron-1m\/","title":{"rendered":"Cabo Telef\u00f4nico CCI 50 2 Pares Megatron 1m<br>SKU: 4516222"},"content":{"rendered":"<p>O cabo telef\u00f4nico CCI 50 2 pares Megatron deve ser utilizado em aparelhos que precisam de conex\u00e3o de 2 pares como terminais inteligentes e os anal\u00f3gicos. Ideal para instala\u00e7\u00e3o de telefones residenciais, comerciais, ramais internos, liga\u00e7\u00f5es centrais de portaria em condom\u00ednios e distribui\u00e7\u00e3o de linhas e ramais em edif\u00edcios. O cabo telef\u00f4nico CCI Megatron \u00e9 feito de cobre e PVC, possui condutores de cobre e tem di\u00e2metro de 2 x 0,75 mm. De cor cinza, suporta tens\u00f5es nominais de at\u00e9 300v e mede 1 m.<\/p>\n","protected":false},"excerpt":{"rendered":"<h4 style=\"margin: 0px;padding: 0px 0px 16px;font-family: Lato, sans-serif;font-weight: bold;line-height: 3rem;color: var(--dark-grey3);font-size: 22px;font-style: normal;letter-spacing: normal;text-align: start;text-indent: 0px;text-transform: none\">Informa\u00e7\u00f5es t\u00e9cnicas<\/h4>\n<p><span style=\"margin: 0px;padding: 0px;font-weight: 450;font-size: 14px;line-height: 21px;color: var(--dark-grey2);font-family: Lato, sans-serif;font-style: normal;letter-spacing: normal;text-align: start;text-indent: 0px;text-transform: none\">Produto: Cabo de telefone<br \/>\nMarca: Megatron<br \/>\nMaterial: Cobre<br \/>\nEletrol\u00edtico<br \/>\nPVC<br \/>\nCor: Cinza<br \/>\nCaracter\u00edsticas: 2 pares como terminais<br \/>\nTens\u00e3o Nominal de at\u00e9 300v<br \/>\nItens inclusos: 1 Cabo de telefone<br \/>\nDimens\u00f5es do produto (C): 1m<br \/>\n<\/span><\/p>\n","protected":false},"featured_media":11420,"template":"","meta":{"_joinchat":[]},"product_brand":[],"product_cat":[121],"product_tag":[],"class_list":{"0":"post-11389","1":"product","2":"type-product","3":"status-publish","4":"has-post-thumbnail","6":"product_cat-fios-e-cabo","8":"first","9":"instock","10":"shipping-taxable","11":"purchasable","12":"product-type-simple"},"_links":{"self":[{"href":"https:\/\/www.multicasa.com.br\/cuiaba\/wp-json\/wp\/v2\/product\/11389","targetHints":{"allow":["GET"]}}],"collection":[{"href":"https:\/\/www.multicasa.com.br\/cuiaba\/wp-json\/wp\/v2\/product"}],"about":[{"href":"https:\/\/www.multicasa.com.br\/cuiaba\/wp-json\/wp\/v2\/types\/product"}],"wp:featuredmedia":[{"embeddable":true,"href":"https:\/\/www.multicasa.com.br\/cuiaba\/wp-json\/wp\/v2\/media\/11420"}],"wp:attachment":[{"href":"https:\/\/www.multicasa.com.br\/cuiaba\/wp-json\/wp\/v2\/media?parent=11389"}],"wp:term":[{"taxonomy":"product_brand","embeddable":true,"href":"https:\/\/www.multicasa.com.br\/cuiaba\/wp-json\/wp\/v2\/product_brand?post=11389"},{"taxonomy":"product_cat","embeddable":true,"href":"https:\/\/www.multicasa.com.br\/cuiaba\/wp-json\/wp\/v2\/product_cat?post=11389"},{"taxonomy":"product_tag","embeddable":true,"href":"https:\/\/www.multicasa.com.br\/cuiaba\/wp-json\/wp\/v2\/product_tag?post=11389"}],"curies":[{"name":"wp","href":"https:\/\/api.w.org\/{rel}","templated":true}]}}