{"id":11735,"date":"2025-06-20T18:10:19","date_gmt":"2025-06-20T22:10:19","guid":{"rendered":"http:\/\/www.multicasa.com.br\/cuiaba\/?post_type=product&#038;p=11735"},"modified":"2026-01-26T10:52:11","modified_gmt":"2026-01-26T14:52:11","slug":"bucha-de-fixacao-em-nylon-com-parafuso-sextavado-10mm-bemfixa-2-unidades","status":"publish","type":"product","link":"https:\/\/www.multicasa.com.br\/cuiaba\/produto\/bucha-de-fixacao-em-nylon-com-parafuso-sextavado-10mm-bemfixa-2-unidades\/","title":{"rendered":"Bucha de Fixa\u00e7\u00e3o em Nylon com Parafuso Sextavado 10mm Bemfixa 2 unidades<br>SKU: 1689517"},"content":{"rendered":"<p>Use a bucha de fixa\u00e7\u00e3o em nylon e parafuso sextavado de rosca soberba em brocas de 10 mm. Garantem qualidade, resist\u00eancia e durabilidade aos servi\u00e7os nos quais s\u00e3o utilizadas. Embalagem com 2 unidades.<\/p>\n","protected":false},"excerpt":{"rendered":"<h4 style=\"margin: 0px;padding: 0px 0px 16px;font-family: Lato, sans-serif;font-weight: bold;line-height: 3rem;color: var(--dark-grey3);font-size: 22px;font-style: normal;letter-spacing: normal;text-align: start;text-indent: 0px;text-transform: none\">Informa\u00e7\u00f5es t\u00e9cnicas<\/h4>\n<p><span style=\"margin: 0px;padding: 0px;font-weight: 450;font-size: 14px;line-height: 21px;color: var(--dark-grey2);font-family: Lato, sans-serif;font-style: normal;letter-spacing: normal;text-align: start;text-indent: 0px;text-transform: none\">Produto: Bucha com parafuso<br \/>\nMarca: Bemfixa<br \/>\nMaterial: Bucha em nylon (poliamida)<br \/>\nCor: Cinza, prata<br \/>\nCaracter\u00edsticas: Parafuso sextavado<br \/>\nRosca soberba<br \/>\nQuantidade de pe\u00e7as: 4<br \/>\nItens inclusos: 2 Buchas<br \/>\n2 parafusos<br \/>\nDimens\u00f5es do produto (A X L): 10mm<br \/>\n<\/span><\/p>\n","protected":false},"featured_media":11792,"template":"","meta":{"_joinchat":[]},"product_brand":[],"product_cat":[135],"product_tag":[],"class_list":{"0":"post-11735","1":"product","2":"type-product","3":"status-publish","4":"has-post-thumbnail","6":"product_cat-parafusos-e-buchas","8":"first","9":"instock","10":"shipping-taxable","11":"purchasable","12":"product-type-simple"},"_links":{"self":[{"href":"https:\/\/www.multicasa.com.br\/cuiaba\/wp-json\/wp\/v2\/product\/11735","targetHints":{"allow":["GET"]}}],"collection":[{"href":"https:\/\/www.multicasa.com.br\/cuiaba\/wp-json\/wp\/v2\/product"}],"about":[{"href":"https:\/\/www.multicasa.com.br\/cuiaba\/wp-json\/wp\/v2\/types\/product"}],"wp:featuredmedia":[{"embeddable":true,"href":"https:\/\/www.multicasa.com.br\/cuiaba\/wp-json\/wp\/v2\/media\/11792"}],"wp:attachment":[{"href":"https:\/\/www.multicasa.com.br\/cuiaba\/wp-json\/wp\/v2\/media?parent=11735"}],"wp:term":[{"taxonomy":"product_brand","embeddable":true,"href":"https:\/\/www.multicasa.com.br\/cuiaba\/wp-json\/wp\/v2\/product_brand?post=11735"},{"taxonomy":"product_cat","embeddable":true,"href":"https:\/\/www.multicasa.com.br\/cuiaba\/wp-json\/wp\/v2\/product_cat?post=11735"},{"taxonomy":"product_tag","embeddable":true,"href":"https:\/\/www.multicasa.com.br\/cuiaba\/wp-json\/wp\/v2\/product_tag?post=11735"}],"curies":[{"name":"wp","href":"https:\/\/api.w.org\/{rel}","templated":true}]}}