{"id":11737,"date":"2025-06-20T18:10:19","date_gmt":"2025-06-20T22:10:19","guid":{"rendered":"http:\/\/www.multicasa.com.br\/cuiaba\/?post_type=product&#038;p=11737"},"modified":"2026-04-04T11:50:25","modified_gmt":"2026-04-04T15:50:25","slug":"assento-sanitario-almofadado-oval-branco-suavit-tigre","status":"publish","type":"product","link":"https:\/\/www.multicasa.com.br\/cuiaba\/produto\/assento-sanitario-almofadado-oval-branco-suavit-tigre\/","title":{"rendered":"Assento Sanit\u00e1rio Almofadado Oval Branco Suavit Tigre<br>SKU: 2056345"},"content":{"rendered":"<p>O Assento Sanit\u00e1rio Suavit Tigre traz mais conforto e higiene para o seu dia-a-dia. Compat\u00edvel com vasos sanit\u00e1rios ovais, na cor branco, \u00e9 ideal para voc\u00ea que busca conforto. Possui formato em gota e acabamento brilhante dando estilo para o seu ambiente, al\u00e9m de proporcionar conforto por ser almofadado, seguran\u00e7a e higiene.<\/p>\n","protected":false},"excerpt":{"rendered":"<h4 style=\"margin: 0px;padding: 0px 0px 16px;font-family: Lato, sans-serif;font-weight: bold;line-height: 3rem;color: var(--dark-grey3);font-size: 22px;font-style: normal;letter-spacing: normal;text-align: start;text-indent: 0px;text-transform: none\">Informa\u00e7\u00f5es t\u00e9cnicas<\/h4>\n<p><span style=\"margin: 0px;padding: 0px;font-weight: 450;font-size: 14px;line-height: 21px;color: var(--dark-grey2);font-family: Lato, sans-serif;font-style: normal;letter-spacing: normal;text-align: start;text-indent: 0px;text-transform: none\">Produto: Assento sanit\u00e1rio almofadado<br \/>\nMarca: Tigre<br \/>\nMaterial: Polipropileno<br \/>\nPoliuretano<br \/>\nCor: Branco<br \/>\nCaracter\u00edsticas: Norma de refer\u00eancia: nbr 15097<br \/>\nItens inclusos: 1 Assento sanit\u00e1rioalmofadado<br \/>\nDimens\u00f5es do produto (A x L): 44 x 39cm<br \/>\n<\/span><\/p>\n","protected":false},"featured_media":24643,"template":"","meta":{"_joinchat":[]},"product_brand":[],"product_cat":[70],"product_tag":[],"class_list":{"0":"post-11737","1":"product","2":"type-product","3":"status-publish","4":"has-post-thumbnail","6":"product_cat-assentos-e-cia","8":"first","9":"instock","10":"shipping-taxable","11":"purchasable","12":"product-type-simple"},"_links":{"self":[{"href":"https:\/\/www.multicasa.com.br\/cuiaba\/wp-json\/wp\/v2\/product\/11737","targetHints":{"allow":["GET"]}}],"collection":[{"href":"https:\/\/www.multicasa.com.br\/cuiaba\/wp-json\/wp\/v2\/product"}],"about":[{"href":"https:\/\/www.multicasa.com.br\/cuiaba\/wp-json\/wp\/v2\/types\/product"}],"wp:featuredmedia":[{"embeddable":true,"href":"https:\/\/www.multicasa.com.br\/cuiaba\/wp-json\/wp\/v2\/media\/24643"}],"wp:attachment":[{"href":"https:\/\/www.multicasa.com.br\/cuiaba\/wp-json\/wp\/v2\/media?parent=11737"}],"wp:term":[{"taxonomy":"product_brand","embeddable":true,"href":"https:\/\/www.multicasa.com.br\/cuiaba\/wp-json\/wp\/v2\/product_brand?post=11737"},{"taxonomy":"product_cat","embeddable":true,"href":"https:\/\/www.multicasa.com.br\/cuiaba\/wp-json\/wp\/v2\/product_cat?post=11737"},{"taxonomy":"product_tag","embeddable":true,"href":"https:\/\/www.multicasa.com.br\/cuiaba\/wp-json\/wp\/v2\/product_tag?post=11737"}],"curies":[{"name":"wp","href":"https:\/\/api.w.org\/{rel}","templated":true}]}}