{"id":11977,"date":"2025-06-20T18:12:56","date_gmt":"2025-06-20T22:12:56","guid":{"rendered":"http:\/\/www.multicasa.com.br\/cuiaba\/?post_type=product&#038;p=11977"},"modified":"2025-10-02T09:18:26","modified_gmt":"2025-10-02T13:18:26","slug":"cimento-50kg-itau","status":"publish","type":"product","link":"https:\/\/www.multicasa.com.br\/cuiaba\/produto\/cimento-50kg-itau\/","title":{"rendered":"Cimento 50Kg Itau<br>SKU: 2094323"},"content":{"rendered":"<p>O cimento \u00e9 o material principal de uma obra e est\u00e1 presente na execu\u00e7\u00e3o de diversas etapas. O Cimento Ita\u00fa Todas as Obras 50kg Votoran \u00e9 ideal para reboco, contrapiso, concreto convencional e laje. \u00c9 um produto vers\u00e1til, que pode ser utilizado desde \u00e0 funda\u00e7\u00e3o at\u00e9 o acabamento e proporciona resultados bastante satisfat\u00f3rios.<\/p>\n","protected":false},"excerpt":{"rendered":"<h4 style=\"margin: 0px;padding: 0px 0px 16px;font-family: Lato, sans-serif;font-weight: bold;line-height: 3rem;color: var(--dark-grey3);font-size: 22px;font-style: normal;letter-spacing: normal;text-align: start;text-indent: 0px;text-transform: none\">Informa\u00e7\u00f5es t\u00e9cnicas<\/h4>\n<p><span style=\"margin: 0px;padding: 0px;font-weight: 450;font-size: 14px;line-height: 21px;color: var(--dark-grey2);font-family: Lato, sans-serif;font-style: normal;letter-spacing: normal;text-align: start;text-indent: 0px;text-transform: none\">Produto: CIMENTO 50KG ITAU<br \/>\nMarca: Ita\u00fa<br \/>\nMaterial: silicatos de c\u00e1lcio, alum\u00ednio e ferro, sulfato de c\u00e1lcio, filler carbon\u00e1tico e pozolana.<br \/>\nCor: Cinza<br \/>\nCaracter\u00edsticas:<br \/>\n-Ele \u00e9 composto por silicatos de c\u00e1lcio, alum\u00ednio e ferro, sulfato de c\u00e1lcio, filler carbon\u00e1tico e pozolana. A embalagem (saco) cont\u00e9m 50 kg do produto. \u00c9 um produto da Votorantim, empresa que se destaca no segmento ciment\u00edcio e est\u00e1 no mercado h\u00e1 85 anos.<\/span><\/p>\n","protected":false},"featured_media":24958,"template":"","meta":{"_joinchat":[]},"product_brand":[],"product_cat":[147],"product_tag":[],"class_list":{"0":"post-11977","1":"product","2":"type-product","3":"status-publish","4":"has-post-thumbnail","6":"product_cat-basicos","8":"first","9":"instock","10":"shipping-taxable","11":"purchasable","12":"product-type-simple"},"_links":{"self":[{"href":"https:\/\/www.multicasa.com.br\/cuiaba\/wp-json\/wp\/v2\/product\/11977","targetHints":{"allow":["GET"]}}],"collection":[{"href":"https:\/\/www.multicasa.com.br\/cuiaba\/wp-json\/wp\/v2\/product"}],"about":[{"href":"https:\/\/www.multicasa.com.br\/cuiaba\/wp-json\/wp\/v2\/types\/product"}],"wp:featuredmedia":[{"embeddable":true,"href":"https:\/\/www.multicasa.com.br\/cuiaba\/wp-json\/wp\/v2\/media\/24958"}],"wp:attachment":[{"href":"https:\/\/www.multicasa.com.br\/cuiaba\/wp-json\/wp\/v2\/media?parent=11977"}],"wp:term":[{"taxonomy":"product_brand","embeddable":true,"href":"https:\/\/www.multicasa.com.br\/cuiaba\/wp-json\/wp\/v2\/product_brand?post=11977"},{"taxonomy":"product_cat","embeddable":true,"href":"https:\/\/www.multicasa.com.br\/cuiaba\/wp-json\/wp\/v2\/product_cat?post=11977"},{"taxonomy":"product_tag","embeddable":true,"href":"https:\/\/www.multicasa.com.br\/cuiaba\/wp-json\/wp\/v2\/product_tag?post=11977"}],"curies":[{"name":"wp","href":"https:\/\/api.w.org\/{rel}","templated":true}]}}