{"id":11990,"date":"2025-06-20T18:13:03","date_gmt":"2025-06-20T22:13:03","guid":{"rendered":"http:\/\/www.multicasa.com.br\/cuiaba\/?post_type=product&#038;p=11990"},"modified":"2026-03-31T12:22:51","modified_gmt":"2026-03-31T16:22:51","slug":"filtro-fit200-1-2-bc-planeta","status":"publish","type":"product","link":"https:\/\/www.multicasa.com.br\/cuiaba\/produto\/filtro-fit200-1-2-bc-planeta\/","title":{"rendered":"Filtro Fit200 1\/2 Bc Planeta<br>SKU: 2099947"},"content":{"rendered":"<p>Os purificadores de \u00e1gua FIT 200 possuem sistema de tripla filtra\u00e7\u00e3o, o que deixa a \u00e1gua livre de part\u00edculas como areia, barro, ferrugem, poeiras e outros sedimentos, al\u00e9m de reduzir o gosto e cheiro do cloro. Podem ser instalados sobre ou embaixo da pia, sem prejudicar a est\u00e9tica da cozinha, al\u00e9m de bebedouros, m\u00e1quinas de caf\u00e9 expresso, m\u00e1quinas de gelo, sal\u00f5es de beleza, restaurantes e lanchonetes. Com alta vaz\u00e3o que proporciona \u00e1gua em temperatura natural para beber, fazer sucos, lavar e cozinhar os alimentos.<\/p>\n","protected":false},"excerpt":{"rendered":"<h4 style=\"margin: 0px;padding: 0px 0px 16px;font-family: Lato, sans-serif;font-weight: bold;line-height: 3rem;color: var(--dark-grey3);font-size: 22px;font-style: normal;letter-spacing: normal;text-align: start;text-indent: 0px;text-transform: none\">Informa\u00e7\u00f5es t\u00e9cnicas<\/h4>\n<p><span style=\"margin: 0px;padding: 0px;font-weight: 450;font-size: 14px;line-height: 21px;color: var(--dark-grey2);font-family: Lato, sans-serif;font-style: normal;letter-spacing: normal;text-align: start;text-indent: 0px;text-transform: none\">Produto: FILTRO FIT200 1\/2 BC PLANETA<br \/>\nMarca: Planeta<br \/>\nMaterial: ABS<br \/>\nCor: Branca<br \/>\nCaracter\u00edsticas:<br \/>\n&#8211; Aplicado em: restaurantes, ind\u00fastrias, escolas, escrit\u00f3rios, academias e resid\u00eancias<br \/>\n&#8211; \u00c1gua limpa sem alterar o design da cozinha<br \/>\n&#8211; Ideal para cozinhar<br \/>\n&#8211; Reforce o sabor de caf\u00e9s e sucos<br \/>\n&#8211; Mais sa\u00fade com \u00e1gua limpa e cristalina<br \/>\n&#8211; Facilidade de limpeza<br \/>\n&#8211; Qualidade e praticidade<br \/>\n&#8211; Muito mais econ\u00f4mico! 1 refil = 200 gal\u00f5es de 20 litros de \u00e1gua mineral ( ou 8000 garrafas pet de 500 ml)<br \/>\nDimens\u00f5es do Produto:<br \/>\n230 x 119 x 119 mm<\/span><\/p>\n","protected":false},"featured_media":25193,"template":"","meta":{"_joinchat":[]},"product_brand":[],"product_cat":[67],"product_tag":[],"class_list":{"0":"post-11990","1":"product","2":"type-product","3":"status-publish","4":"has-post-thumbnail","6":"product_cat-torneiras-e-cia","8":"first","9":"instock","10":"shipping-taxable","11":"purchasable","12":"product-type-simple"},"_links":{"self":[{"href":"https:\/\/www.multicasa.com.br\/cuiaba\/wp-json\/wp\/v2\/product\/11990","targetHints":{"allow":["GET"]}}],"collection":[{"href":"https:\/\/www.multicasa.com.br\/cuiaba\/wp-json\/wp\/v2\/product"}],"about":[{"href":"https:\/\/www.multicasa.com.br\/cuiaba\/wp-json\/wp\/v2\/types\/product"}],"wp:featuredmedia":[{"embeddable":true,"href":"https:\/\/www.multicasa.com.br\/cuiaba\/wp-json\/wp\/v2\/media\/25193"}],"wp:attachment":[{"href":"https:\/\/www.multicasa.com.br\/cuiaba\/wp-json\/wp\/v2\/media?parent=11990"}],"wp:term":[{"taxonomy":"product_brand","embeddable":true,"href":"https:\/\/www.multicasa.com.br\/cuiaba\/wp-json\/wp\/v2\/product_brand?post=11990"},{"taxonomy":"product_cat","embeddable":true,"href":"https:\/\/www.multicasa.com.br\/cuiaba\/wp-json\/wp\/v2\/product_cat?post=11990"},{"taxonomy":"product_tag","embeddable":true,"href":"https:\/\/www.multicasa.com.br\/cuiaba\/wp-json\/wp\/v2\/product_tag?post=11990"}],"curies":[{"name":"wp","href":"https:\/\/api.w.org\/{rel}","templated":true}]}}