{"id":12095,"date":"2025-06-20T18:13:44","date_gmt":"2025-06-20T22:13:44","guid":{"rendered":"http:\/\/www.multicasa.com.br\/cuiaba\/?post_type=product&#038;p=12095"},"modified":"2026-04-20T13:51:00","modified_gmt":"2026-04-20T17:51:00","slug":"engate-flex-inox-gas-fxf-120m-blukit","status":"publish","type":"product","link":"https:\/\/www.multicasa.com.br\/cuiaba\/produto\/engate-flex-inox-gas-fxf-120m-blukit\/","title":{"rendered":"Engate Flex Inox Gas Fxf 1,20M Blukit<br>SKU: 2157858"},"content":{"rendered":"<p>Produzidas dentro dos mais avan\u00e7ados padr\u00f5es de tecnologia e qualidade, as liga\u00e7\u00f5es flex\u00edveis Blukit para g\u00e1s s\u00e3o resistentes a ambientes rigorosos e a altas e baixas press\u00f5es. A malha em a\u00e7o inoxid\u00e1vel assegura resist\u00eancia a qualquer intemp\u00e9rie, garante flexibilidade, absorve ru\u00eddos e vibra\u00e7\u00f5es, al\u00e9m de proporcionar perfeito acabamento \u00e0s pe\u00e7as. Ideal para o uso em fog\u00f5es, fogareiros, aquecedores de passagem e fog\u00f5es industriais, as liga\u00e7\u00f5es flex\u00edveis para g\u00e1s tamb\u00e9m podem, eventualmente, ser utilizadas para conduzir \u00e1gua.<\/p>\n","protected":false},"excerpt":{"rendered":"<h4 style=\"margin: 0px;padding: 0px 0px 16px;font-family: Lato, sans-serif;font-weight: bold;line-height: 3rem;color: var(--dark-grey3);font-size: 22px;font-style: normal;letter-spacing: normal;text-align: start;text-indent: 0px;text-transform: none\">Informa\u00e7\u00f5es t\u00e9cnicas<\/h4>\n<p><span style=\"margin: 0px;padding: 0px;font-weight: 450;font-size: 14px;line-height: 21px;color: var(--dark-grey2);font-family: Lato, sans-serif;font-style: normal;letter-spacing: normal;text-align: start;text-indent: 0px;text-transform: none\">Produto: ENGATE FLEX.INOX GAS FXF 1,20M BLUK<br \/>\nMarca: Blukit<br \/>\nMaterial: A\u00e7o inoxid\u00e1vel<br \/>\nCor: Cromada<br \/>\nCaracter\u00edsticas<br \/>\n&#8211; Anti-chamas: sistema que n\u00e3o propaga chamas;<br \/>\n&#8211; A\u00e7o inoxid\u00e1vel: malha resistente em a\u00e7o inoxid\u00e1vel AISI 304;<br \/>\n&#8211; Terminais: maior variedade de combina\u00e7\u00f5es do mercado;<br \/>\n&#8211; Produto testado e aprovado em laborat\u00f3rio pr\u00f3prio;<br \/>\n&#8211; 5 anos de validade;<br \/>\n&#8211; Atende as normas de fabrica\u00e7\u00e3o ABNT NBR 13419;<br \/>\n&#8211; Suporta ambientes salinos, vibra\u00e7\u00f5es, altas e baixas temperaturas;<br \/>\n&#8211; Projetado para todas as situa\u00e7\u00f5es de instala\u00e7\u00f5es hidr\u00e1ulicas;<br \/>\n&#8211; Garantia com 1 ano de garantia;<br \/>\n&#8211; Excelente veda\u00e7\u00e3o: testado e aprovado em testes de laborat\u00f3rio.<br \/>\nDimens\u00f5es do Produto<br \/>\n1,2 m<\/span><\/p>\n","protected":false},"featured_media":25106,"template":"","meta":{"_joinchat":[]},"product_brand":[],"product_cat":[94],"product_tag":[],"class_list":{"0":"post-12095","1":"product","2":"type-product","3":"status-publish","4":"has-post-thumbnail","6":"product_cat-gas","8":"first","9":"instock","10":"shipping-taxable","11":"purchasable","12":"product-type-simple"},"_links":{"self":[{"href":"https:\/\/www.multicasa.com.br\/cuiaba\/wp-json\/wp\/v2\/product\/12095","targetHints":{"allow":["GET"]}}],"collection":[{"href":"https:\/\/www.multicasa.com.br\/cuiaba\/wp-json\/wp\/v2\/product"}],"about":[{"href":"https:\/\/www.multicasa.com.br\/cuiaba\/wp-json\/wp\/v2\/types\/product"}],"wp:featuredmedia":[{"embeddable":true,"href":"https:\/\/www.multicasa.com.br\/cuiaba\/wp-json\/wp\/v2\/media\/25106"}],"wp:attachment":[{"href":"https:\/\/www.multicasa.com.br\/cuiaba\/wp-json\/wp\/v2\/media?parent=12095"}],"wp:term":[{"taxonomy":"product_brand","embeddable":true,"href":"https:\/\/www.multicasa.com.br\/cuiaba\/wp-json\/wp\/v2\/product_brand?post=12095"},{"taxonomy":"product_cat","embeddable":true,"href":"https:\/\/www.multicasa.com.br\/cuiaba\/wp-json\/wp\/v2\/product_cat?post=12095"},{"taxonomy":"product_tag","embeddable":true,"href":"https:\/\/www.multicasa.com.br\/cuiaba\/wp-json\/wp\/v2\/product_tag?post=12095"}],"curies":[{"name":"wp","href":"https:\/\/api.w.org\/{rel}","templated":true}]}}