{"id":12147,"date":"2025-06-20T18:14:03","date_gmt":"2025-06-20T22:14:03","guid":{"rendered":"http:\/\/www.multicasa.com.br\/cuiaba\/?post_type=product&#038;p=12147"},"modified":"2026-01-21T09:50:32","modified_gmt":"2026-01-21T13:50:32","slug":"exaustor-p-churrasqueira-exc-01-60w","status":"publish","type":"product","link":"https:\/\/www.multicasa.com.br\/cuiaba\/produto\/exaustor-p-churrasqueira-exc-01-60w\/","title":{"rendered":"Exaustor p\/ Churrasqueira EXC-01 60W<br>SKU: 2177155"},"content":{"rendered":"<p>Agora voc\u00ea pode curtir seu churrasco sem estresse.<br \/>\nCom exaustor de churrasqueira Ventisol!<br \/>\nVentila\u00e7\u00e3o for\u00e7ada para cima que evita o retorno da fuma\u00e7a;<br \/>\nChapa em a\u00e7o tratado, com prote\u00e7\u00e3o contra corros\u00e3o;<br \/>\nPossui Exaust\u00e3o e Ilumina\u00e7\u00e3o;<br \/>\nH\u00e9lices em alum\u00ednio que suporta altas temperaturas;<br \/>\nMotor especial com fio de cobre, isola\u00e7\u00e3o el\u00e9trica e protetor t\u00e9rmico, com desligamento autom\u00e1tico caso a temperatura ultrapassar 150\u00b0C, evitando a queima do produto;<br \/>\nProduto com certifica\u00e7\u00e3o no INMETRO.<\/p>\n","protected":false},"excerpt":{"rendered":"<h4 style=\"margin: 0px;padding: 0px 0px 16px;font-family: Lato, sans-serif;font-weight: bold;line-height: 3rem;color: var(--dark-grey3);font-size: 22px;font-style: normal;letter-spacing: normal;text-align: start;text-indent: 0px;text-transform: none\">Informa\u00e7\u00f5es t\u00e9cnicas<\/h4>\n<p><span style=\"margin: 0px;padding: 0px;font-weight: 450;font-size: 14px;line-height: 21px;color: var(--dark-grey2);font-family: Lato, sans-serif;font-style: normal;letter-spacing: normal;text-align: start;text-indent: 0px;text-transform: none\">Refer\u00eancia: EXC-01<br \/>\nVoltagem: 110v<br \/>\nPot\u00eancia: 60w<br \/>\nSoquete E27 (Indica\u00e7\u00e3o: L\u00e2mpada hal\u00f3gena ou incandescente)<br \/>\nDimens\u00f5es do produto:<br \/>\nComprimento: 20.0<br \/>\nLargura: 22.5 cm<br \/>\nAltura: 20.8 cm<br \/>\nConte\u00fado da embalagem:<br \/>\n1 Exaustor de Churrasqueira Ventisol<br \/>\n<\/span><\/p>\n","protected":false},"featured_media":25161,"template":"","meta":{"_joinchat":[]},"product_brand":[],"product_cat":[140],"product_tag":[],"class_list":{"0":"post-12147","1":"product","2":"type-product","3":"status-publish","4":"has-post-thumbnail","6":"product_cat-climatizador-ar","8":"first","9":"instock","10":"shipping-taxable","11":"purchasable","12":"product-type-simple"},"_links":{"self":[{"href":"https:\/\/www.multicasa.com.br\/cuiaba\/wp-json\/wp\/v2\/product\/12147","targetHints":{"allow":["GET"]}}],"collection":[{"href":"https:\/\/www.multicasa.com.br\/cuiaba\/wp-json\/wp\/v2\/product"}],"about":[{"href":"https:\/\/www.multicasa.com.br\/cuiaba\/wp-json\/wp\/v2\/types\/product"}],"wp:featuredmedia":[{"embeddable":true,"href":"https:\/\/www.multicasa.com.br\/cuiaba\/wp-json\/wp\/v2\/media\/25161"}],"wp:attachment":[{"href":"https:\/\/www.multicasa.com.br\/cuiaba\/wp-json\/wp\/v2\/media?parent=12147"}],"wp:term":[{"taxonomy":"product_brand","embeddable":true,"href":"https:\/\/www.multicasa.com.br\/cuiaba\/wp-json\/wp\/v2\/product_brand?post=12147"},{"taxonomy":"product_cat","embeddable":true,"href":"https:\/\/www.multicasa.com.br\/cuiaba\/wp-json\/wp\/v2\/product_cat?post=12147"},{"taxonomy":"product_tag","embeddable":true,"href":"https:\/\/www.multicasa.com.br\/cuiaba\/wp-json\/wp\/v2\/product_tag?post=12147"}],"curies":[{"name":"wp","href":"https:\/\/api.w.org\/{rel}","templated":true}]}}