{"id":12219,"date":"2025-06-20T18:14:24","date_gmt":"2025-06-20T22:14:24","guid":{"rendered":"http:\/\/www.multicasa.com.br\/cuiaba\/?post_type=product&#038;p=12219"},"modified":"2026-03-06T14:50:59","modified_gmt":"2026-03-06T18:50:59","slug":"bacia-sanitaria-izy-branca-deca","status":"publish","type":"product","link":"https:\/\/www.multicasa.com.br\/cuiaba\/produto\/bacia-sanitaria-izy-branca-deca\/","title":{"rendered":"Bacia Sanit\u00e1ria Izy Branca Deca<br>SKU: 4681517"},"content":{"rendered":"<p>Bacia com consumo de somente 6 litros por fluxo, \u00f3timo desempenho, efetuando a limpeza completa sempre na primeira descarga. Preparada para a utiliza\u00e7\u00e3o com sistema de descarga com tecnologia Duo, com dois bot\u00f5es: descarga completa: 6 litros (limpeza total) e descarga com volume reduzido: 3 litros (troca de l\u00edquidos). Garantindo assim uma economia de \u00e1gua de at\u00e9 60% <\/p>\n","protected":false},"excerpt":{"rendered":"<h4 style=\"margin: 0px;padding: 0px 0px 16px;font-family: Lato, sans-serif;font-weight: bold;line-height: 3rem;color: var(--dark-grey3);font-size: 22px;font-style: normal;letter-spacing: normal;text-align: start;text-indent: 0px;text-transform: none\">Informa\u00e7\u00f5es t\u00e9cnicas<\/h4>\n<p><span style=\"margin: 0px;padding: 0px;font-weight: 450;font-size: 14px;line-height: 21px;color: var(--dark-grey2);font-family: Lato, sans-serif;font-style: normal;letter-spacing: normal;text-align: start;text-indent: 0px;text-transform: none\">PRODUTO: BACIA SANITARIA IZY<br \/>\nMARCA: DECA<\/p>\n<p>Caracter\u00edsticas T\u00e9cnicas:<br \/>\n&#8211; Dimens\u00f5es:<br \/>\n&#8211; Altura: 380mm;<br \/>\n&#8211; Comprimento: 645mm;<br \/>\n&#8211; Largura: 375mm;<br \/>\nOBS: Dimens\u00f5es do produto sem embalagem;<\/p>\n<p>Dados t\u00e9cnicos<br \/>\n&#8211; Peso L\u00edquido: 14.8;<br \/>\n&#8211; Peso Bruto: 14.8;<br \/>\n&#8211; Composi\u00e7\u00e3o B\u00e1sica: Argila, feldspato, caulim, vidrados e corantes inorg\u00e2nicos;<br \/>\n&#8211; Tipo de Normatiza\u00e7\u00e3o: Compuls\u00f3ria;<\/span><\/p>\n","protected":false},"featured_media":24651,"template":"","meta":{"_joinchat":[]},"product_brand":[],"product_cat":[68],"product_tag":[],"class_list":{"0":"post-12219","1":"product","2":"type-product","3":"status-publish","4":"has-post-thumbnail","6":"product_cat-loucas-e-cia","8":"first","9":"instock","10":"shipping-taxable","11":"purchasable","12":"product-type-simple"},"_links":{"self":[{"href":"https:\/\/www.multicasa.com.br\/cuiaba\/wp-json\/wp\/v2\/product\/12219","targetHints":{"allow":["GET"]}}],"collection":[{"href":"https:\/\/www.multicasa.com.br\/cuiaba\/wp-json\/wp\/v2\/product"}],"about":[{"href":"https:\/\/www.multicasa.com.br\/cuiaba\/wp-json\/wp\/v2\/types\/product"}],"wp:featuredmedia":[{"embeddable":true,"href":"https:\/\/www.multicasa.com.br\/cuiaba\/wp-json\/wp\/v2\/media\/24651"}],"wp:attachment":[{"href":"https:\/\/www.multicasa.com.br\/cuiaba\/wp-json\/wp\/v2\/media?parent=12219"}],"wp:term":[{"taxonomy":"product_brand","embeddable":true,"href":"https:\/\/www.multicasa.com.br\/cuiaba\/wp-json\/wp\/v2\/product_brand?post=12219"},{"taxonomy":"product_cat","embeddable":true,"href":"https:\/\/www.multicasa.com.br\/cuiaba\/wp-json\/wp\/v2\/product_cat?post=12219"},{"taxonomy":"product_tag","embeddable":true,"href":"https:\/\/www.multicasa.com.br\/cuiaba\/wp-json\/wp\/v2\/product_tag?post=12219"}],"curies":[{"name":"wp","href":"https:\/\/api.w.org\/{rel}","templated":true}]}}