{"id":12682,"date":"2025-06-20T18:19:25","date_gmt":"2025-06-20T22:19:25","guid":{"rendered":"http:\/\/www.multicasa.com.br\/cuiaba\/?post_type=product&#038;p=12682"},"modified":"2026-04-24T10:50:36","modified_gmt":"2026-04-24T14:50:36","slug":"lampada-led-tubular-t8-luz-branca-taschibra-99w-bivolt","status":"publish","type":"product","link":"https:\/\/www.multicasa.com.br\/cuiaba\/produto\/lampada-led-tubular-t8-luz-branca-taschibra-99w-bivolt\/","title":{"rendered":"L\u00e2mpada Led Tubular T8 Luz Branca Taschibra 9,9W Bivolt<br>SKU: 2004799"},"content":{"rendered":"<p>A L\u00e2mpada Led Tubular T8 Luz Branca Taschibra modelo tubo 20 \u00e9 ideal para a ilumina\u00e7\u00e3o decorativa de salas, restaurantes e lojas. Com 9,9w de pot\u00eancia e alimenta\u00e7\u00e3o bivolt, \u00e9 altamente sustent\u00e1vel e oferece baixo custo de manuten\u00e7\u00e3o, com baixa emiss\u00e3o de carbono e zero emiss\u00e3o de raios UV. Com soquete G13 e temperatura de cor de 4000 &#8211; 6500k, \u00e9 perfeita para ilumina\u00e7\u00e3o de objetos sens\u00edveis ao calor. Produzida em vidro e alum\u00ednio, com garantia de 3 anos e com vida \u00fatil de 25.000 horas.<\/p>\n","protected":false},"excerpt":{"rendered":"<h4 style=\"margin: 0px;padding: 0px 0px 16px;font-family: Lato, sans-serif;font-weight: bold;line-height: 3rem;color: var(--dark-grey3);font-size: 22px;font-style: normal;letter-spacing: normal;text-align: start;text-indent: 0px;text-transform: none\">Informa\u00e7\u00f5es t\u00e9cnicas<\/h4>\n<p><span style=\"margin: 0px;padding: 0px;font-weight: 450;font-size: 14px;line-height: 21px;color: var(--dark-grey2);font-family: Lato, sans-serif;font-style: normal;letter-spacing: normal;text-align: start;text-indent: 0px;text-transform: none\">Produto: L\u00e2mpada<br \/>\nMarca: Taschibra<br \/>\nModelo: Tubo 20<br \/>\nMaterial: Vidro<br \/>\nAlum\u00ednio<br \/>\nCor: Branca<br \/>\nCor da Luz:<br \/>\nPot\u00eancia: 9,9w<br \/>\nTens\u00e3o El\u00e9trica: 100v &#8211; 240v<br \/>\nFrequ\u00eancia: 50\/60hz<br \/>\nTemperatura de cor: 4000K &#8211; 6500K<br \/>\nCaracter\u00edsticas: Bulbo T8<br \/>\nSoquete G13<br \/>\nFluxo Luminoso 900LM<br \/>\nEfici\u00eancia Luminosa 90LM\/W<br \/>\nFator de pot\u00eancia 0,92<br \/>\n\u00c2ngulo de abertura 200\u00b0<br \/>\nEquival\u00eancia Fluorescente 18w<br \/>\n\u00cdndice de Prote\u00e7\u00e3o IP20<br \/>\nVida \u00datil 25000H<br \/>\nItens Inclusos: 1 L\u00e2mpada<br \/>\nDimens\u00f5es do produto (A X L): 25,4 x 58,8cm<br \/>\nGarantia: 3 anos<br \/>\n<\/span><\/p>\n","protected":false},"featured_media":12762,"template":"","meta":{"_joinchat":[]},"product_brand":[],"product_cat":[80],"product_tag":[],"class_list":{"0":"post-12682","1":"product","2":"type-product","3":"status-publish","4":"has-post-thumbnail","6":"product_cat-lampadas","8":"first","9":"instock","10":"shipping-taxable","11":"purchasable","12":"product-type-simple"},"_links":{"self":[{"href":"https:\/\/www.multicasa.com.br\/cuiaba\/wp-json\/wp\/v2\/product\/12682","targetHints":{"allow":["GET"]}}],"collection":[{"href":"https:\/\/www.multicasa.com.br\/cuiaba\/wp-json\/wp\/v2\/product"}],"about":[{"href":"https:\/\/www.multicasa.com.br\/cuiaba\/wp-json\/wp\/v2\/types\/product"}],"wp:featuredmedia":[{"embeddable":true,"href":"https:\/\/www.multicasa.com.br\/cuiaba\/wp-json\/wp\/v2\/media\/12762"}],"wp:attachment":[{"href":"https:\/\/www.multicasa.com.br\/cuiaba\/wp-json\/wp\/v2\/media?parent=12682"}],"wp:term":[{"taxonomy":"product_brand","embeddable":true,"href":"https:\/\/www.multicasa.com.br\/cuiaba\/wp-json\/wp\/v2\/product_brand?post=12682"},{"taxonomy":"product_cat","embeddable":true,"href":"https:\/\/www.multicasa.com.br\/cuiaba\/wp-json\/wp\/v2\/product_cat?post=12682"},{"taxonomy":"product_tag","embeddable":true,"href":"https:\/\/www.multicasa.com.br\/cuiaba\/wp-json\/wp\/v2\/product_tag?post=12682"}],"curies":[{"name":"wp","href":"https:\/\/api.w.org\/{rel}","templated":true}]}}