{"id":15946,"date":"2025-06-20T19:03:22","date_gmt":"2025-06-20T23:03:22","guid":{"rendered":"http:\/\/www.multicasa.com.br\/cuiaba\/?post_type=product&#038;p=15946"},"modified":"2026-03-17T15:50:56","modified_gmt":"2026-03-17T19:50:56","slug":"adaptador-soldavel-curto-20x1-2-tigre","status":"publish","type":"product","link":"https:\/\/www.multicasa.com.br\/cuiaba\/produto\/adaptador-soldavel-curto-20x1-2-tigre\/","title":{"rendered":"Adaptador Sold\u00e1vel Curto 20&#215;1\/2 Tigre<br>SKU: 16217"},"content":{"rendered":"<p>Ideal para \u00e1gua fria, o adaptador sold\u00e1vel curto Tigre com bolsa e rosca para registro \u00e9 produzido de PVC r\u00edgido com ponta rosc\u00e1vel padr\u00e3o BSP e compat\u00edvel com Bitola 20 mm x 1\/2&#8221;. Tem f\u00e1cil instala\u00e7\u00e3o que dispensa o uso de ferramentas sofisticadas, aturando temperatura m\u00e1xima de trabalho de 20\u00baC.<\/p>\n","protected":false},"excerpt":{"rendered":"<h4 style=\"margin: 0px;padding: 0px 0px 16px;font-family: Lato, sans-serif;font-weight: bold;line-height: 3rem;color: var(--dark-grey3);font-size: 22px;font-style: normal;letter-spacing: normal;text-align: start;text-indent: 0px;text-transform: none\">Informa\u00e7\u00f5es t\u00e9cnicas<\/h4>\n<p><span style=\"margin: 0px;padding: 0px;font-weight: 450;font-size: 14px;line-height: 21px;color: var(--dark-grey2);font-family: Lato, sans-serif;font-style: normal;letter-spacing: normal;text-align: start;text-indent: 0px;text-transform: none\">Produto: Adaptador Curto Sold\u00e1vel<br \/>\nMarca: Tigre<br \/>\nMaterial: PVC r\u00edgido<br \/>\nCor: Marrom<br \/>\nCaracter\u00edsticas: Rosque\u00e1vel e sold\u00e1vel<br \/>\nBolsa sold\u00e1vel<br \/>\nponta rosqeue\u00e1vel padr\u00e3o BSP<br \/>\nTemperatura m\u00e1xima de trabalho at\u00e9 20\u00bac<br \/>\nItens inclusos: 1 Adaptador curto sold\u00e1vel<br \/>\nDimens\u00e3o do Produto(A x L x P): 20mm x 1\/2&#8221;<br \/>\n<\/span><\/p>\n","protected":false},"featured_media":15964,"template":"","meta":{"_joinchat":[]},"product_brand":[],"product_cat":[73],"product_tag":[],"class_list":{"0":"post-15946","1":"product","2":"type-product","3":"status-publish","4":"has-post-thumbnail","6":"product_cat-tubos-e-conexoes","8":"first","9":"instock","10":"shipping-taxable","11":"purchasable","12":"product-type-simple"},"_links":{"self":[{"href":"https:\/\/www.multicasa.com.br\/cuiaba\/wp-json\/wp\/v2\/product\/15946","targetHints":{"allow":["GET"]}}],"collection":[{"href":"https:\/\/www.multicasa.com.br\/cuiaba\/wp-json\/wp\/v2\/product"}],"about":[{"href":"https:\/\/www.multicasa.com.br\/cuiaba\/wp-json\/wp\/v2\/types\/product"}],"wp:featuredmedia":[{"embeddable":true,"href":"https:\/\/www.multicasa.com.br\/cuiaba\/wp-json\/wp\/v2\/media\/15964"}],"wp:attachment":[{"href":"https:\/\/www.multicasa.com.br\/cuiaba\/wp-json\/wp\/v2\/media?parent=15946"}],"wp:term":[{"taxonomy":"product_brand","embeddable":true,"href":"https:\/\/www.multicasa.com.br\/cuiaba\/wp-json\/wp\/v2\/product_brand?post=15946"},{"taxonomy":"product_cat","embeddable":true,"href":"https:\/\/www.multicasa.com.br\/cuiaba\/wp-json\/wp\/v2\/product_cat?post=15946"},{"taxonomy":"product_tag","embeddable":true,"href":"https:\/\/www.multicasa.com.br\/cuiaba\/wp-json\/wp\/v2\/product_tag?post=15946"}],"curies":[{"name":"wp","href":"https:\/\/api.w.org\/{rel}","templated":true}]}}