{"id":15975,"date":"2025-06-20T19:03:46","date_gmt":"2025-06-20T23:03:46","guid":{"rendered":"http:\/\/www.multicasa.com.br\/cuiaba\/?post_type=product&#038;p=15975"},"modified":"2026-02-18T10:18:55","modified_gmt":"2026-02-18T14:18:55","slug":"fio-bicolor-cristal-para-audio-megatron-0875mm-1m","status":"publish","type":"product","link":"https:\/\/www.multicasa.com.br\/cuiaba\/produto\/fio-bicolor-cristal-para-audio-megatron-0875mm-1m\/","title":{"rendered":"Fio Bicolor Cristal para \u00c1udio Megatron 0,875mm &#8211; 1m<br>SKU: 319511"},"content":{"rendered":"<p>Utilize o fio bicolor para \u00e1udio Megatron em instala\u00e7\u00e3o sonora automotiva profissional, sonoriza\u00e7\u00e3o de ambientes ou circuitos eletr\u00f4nicos. De cor vermelha e preta, seus condutores s\u00e3o de cobre eltrol\u00edtico, possui capa de PVC cristal pigmentado, tem di\u00e2metro de 0,875mm e mede 1m. <\/p>\n","protected":false},"excerpt":{"rendered":"<h4 style=\"margin: 0px;padding: 0px 0px 16px;font-family: Lato, sans-serif;font-weight: bold;line-height: 3rem;color: var(--dark-grey3);font-size: 22px;font-style: normal;letter-spacing: normal;text-align: start;text-indent: 0px;text-transform: none\">Informa\u00e7\u00f5es t\u00e9cnicas<\/h4>\n<p><span style=\"margin: 0px;padding: 0px;font-weight: 450;font-size: 14px;line-height: 21px;color: var(--dark-grey2);font-family: Lato, sans-serif;font-style: normal;letter-spacing: normal;text-align: start;text-indent: 0px;text-transform: none\">Produto: Fio para \u00e1udio<br \/>\nMarca: Megatron<br \/>\nMaterial: Condutor em cobre eletrol\u00edtico<br \/>\nCapa em PVC cristal<br \/>\nCor: Vermelho e preto<br \/>\nItens inclusos: 1 Fio para \u00e1udio<br \/>\nDi\u00e2metro do produto: 0,875mm<br \/>\nDimens\u00f5es do produto (C): 1m<\/span><\/p>\n","protected":false},"featured_media":16022,"template":"","meta":{"_joinchat":[]},"product_brand":[],"product_cat":[121],"product_tag":[],"class_list":{"0":"post-15975","1":"product","2":"type-product","3":"status-publish","4":"has-post-thumbnail","6":"product_cat-fios-e-cabo","8":"first","9":"instock","10":"shipping-taxable","11":"purchasable","12":"product-type-simple"},"_links":{"self":[{"href":"https:\/\/www.multicasa.com.br\/cuiaba\/wp-json\/wp\/v2\/product\/15975","targetHints":{"allow":["GET"]}}],"collection":[{"href":"https:\/\/www.multicasa.com.br\/cuiaba\/wp-json\/wp\/v2\/product"}],"about":[{"href":"https:\/\/www.multicasa.com.br\/cuiaba\/wp-json\/wp\/v2\/types\/product"}],"wp:featuredmedia":[{"embeddable":true,"href":"https:\/\/www.multicasa.com.br\/cuiaba\/wp-json\/wp\/v2\/media\/16022"}],"wp:attachment":[{"href":"https:\/\/www.multicasa.com.br\/cuiaba\/wp-json\/wp\/v2\/media?parent=15975"}],"wp:term":[{"taxonomy":"product_brand","embeddable":true,"href":"https:\/\/www.multicasa.com.br\/cuiaba\/wp-json\/wp\/v2\/product_brand?post=15975"},{"taxonomy":"product_cat","embeddable":true,"href":"https:\/\/www.multicasa.com.br\/cuiaba\/wp-json\/wp\/v2\/product_cat?post=15975"},{"taxonomy":"product_tag","embeddable":true,"href":"https:\/\/www.multicasa.com.br\/cuiaba\/wp-json\/wp\/v2\/product_tag?post=15975"}],"curies":[{"name":"wp","href":"https:\/\/api.w.org\/{rel}","templated":true}]}}