{"id":16214,"date":"2025-06-20T19:06:52","date_gmt":"2025-06-20T23:06:52","guid":{"rendered":"http:\/\/www.multicasa.com.br\/cuiaba\/?post_type=product&#038;p=16214"},"modified":"2026-02-05T13:50:17","modified_gmt":"2026-02-05T17:50:17","slug":"solucao-limpadora-pvc-1000cm3-tigre","status":"publish","type":"product","link":"https:\/\/www.multicasa.com.br\/cuiaba\/produto\/solucao-limpadora-pvc-1000cm3-tigre\/","title":{"rendered":"Solucao Limpadora Pvc 1000Cm3 Tigre<br>SKU: 1103016"},"content":{"rendered":"<p>Fun\u00e7\u00e3o da Solu\u00e7\u00e3o Preparadora \u00e9 limpar e preparar as superf\u00edcies do PVC para a execu\u00e7\u00e3o da solda \u00e0 frio com o adesivo pl\u00e1stico para PVC (para as linhas sold\u00e1vel marrom e de esgoto brancas).<br \/>\nN\u00e3o \u00e9 recomendada para tubula\u00e7\u00e3o de \u00e1gua quente, pois sua temperatura de ebuli\u00e7\u00e3o \u00e9 56,1\u00b0C. Produto simples de aplicar, n\u00e3o exige uso de ferramentas, apenas estopa . Auxilia no processo de soldagem a frio com o adesivo Tigre, tornando a solda eficiente e estanque.<\/p>\n","protected":false},"excerpt":{"rendered":"<h4 style=\"margin: 0px;padding: 0px 0px 16px;font-family: Lato, sans-serif;font-weight: bold;line-height: 3rem;color: var(--dark-grey3);font-size: 22px;font-style: normal;letter-spacing: normal;text-align: start;text-indent: 0px;text-transform: none\">Informa\u00e7\u00f5es t\u00e9cnicas<\/h4>\n<p><span style=\"margin: 0px;padding: 0px;font-weight: 450;font-size: 14px;line-height: 21px;color: var(--dark-grey2);font-family: Lato, sans-serif;font-style: normal;letter-spacing: normal;text-align: start;text-indent: 0px;text-transform: none\">Produto: SOLUCAO LIMPADORA PVC 1000CM3<br \/>\nMarca: TIGRE<br \/>\nCor: AZUL<br \/>\nCaracter\u00edsticas: limpar e preparar as superf\u00edcies do PVC para a execu\u00e7\u00e3o da solda \u00e0 frio com o adesivo pl\u00e1stico para PVC.<\/span><\/p>\n","protected":false},"featured_media":0,"template":"","meta":{"_joinchat":[]},"product_brand":[],"product_cat":[73],"product_tag":[],"class_list":{"0":"post-16214","1":"product","2":"type-product","3":"status-publish","5":"product_cat-tubos-e-conexoes","7":"first","8":"instock","9":"shipping-taxable","10":"purchasable","11":"product-type-simple"},"_links":{"self":[{"href":"https:\/\/www.multicasa.com.br\/cuiaba\/wp-json\/wp\/v2\/product\/16214","targetHints":{"allow":["GET"]}}],"collection":[{"href":"https:\/\/www.multicasa.com.br\/cuiaba\/wp-json\/wp\/v2\/product"}],"about":[{"href":"https:\/\/www.multicasa.com.br\/cuiaba\/wp-json\/wp\/v2\/types\/product"}],"wp:attachment":[{"href":"https:\/\/www.multicasa.com.br\/cuiaba\/wp-json\/wp\/v2\/media?parent=16214"}],"wp:term":[{"taxonomy":"product_brand","embeddable":true,"href":"https:\/\/www.multicasa.com.br\/cuiaba\/wp-json\/wp\/v2\/product_brand?post=16214"},{"taxonomy":"product_cat","embeddable":true,"href":"https:\/\/www.multicasa.com.br\/cuiaba\/wp-json\/wp\/v2\/product_cat?post=16214"},{"taxonomy":"product_tag","embeddable":true,"href":"https:\/\/www.multicasa.com.br\/cuiaba\/wp-json\/wp\/v2\/product_tag?post=16214"}],"curies":[{"name":"wp","href":"https:\/\/api.w.org\/{rel}","templated":true}]}}