{"id":16217,"date":"2025-06-20T19:06:52","date_gmt":"2025-06-20T23:06:52","guid":{"rendered":"http:\/\/www.multicasa.com.br\/cuiaba\/?post_type=product&#038;p=16217"},"modified":"2026-03-23T14:51:22","modified_gmt":"2026-03-23T18:51:22","slug":"torneira-bancada-pressmatic-compact-docol","status":"publish","type":"product","link":"https:\/\/www.multicasa.com.br\/cuiaba\/produto\/torneira-bancada-pressmatic-compact-docol\/","title":{"rendered":"Torneira Bancada Pressmatic Compact Docol<br>SKU: 1350110"},"content":{"rendered":"<p>Essa torneira para banheiro da linha PressMatic\u00ae oferece um produto mais econ\u00f4mico, compacto e funcional. Com um design mais simples e formato menor, essa op\u00e7\u00e3o \u00e9 perfeita para ambientes com alta circula\u00e7\u00e3o de pessoas, visto que o fechamento \u00e9 autom\u00e1tico ap\u00f3s seis segundos. Como a torneira possui bica baixa, sua instala\u00e7\u00e3o deve ser feita em cubas embutidas ou semi-embutidas, por exemplo. A dist\u00e2ncia entre a torneira e a cuba garante que a \u00e1gua n\u00e3o respingue, tornando o consumo desconfort\u00e1vel. Por isso produtos com bica baixa sempre ser\u00e3o indicados para esses tipos de lou\u00e7a. Ela encaixa em bitolas \u00bd&#8221; e funciona em press\u00f5es altas e baixas. Suporta temperaturas de at\u00e9 40\u00b0C em perfeito funcionamento, com Garantia Toda Vida. <\/p>\n","protected":false},"excerpt":{"rendered":"<h4 style=\"margin: 0px;padding: 0px 0px 16px;font-family: Lato, sans-serif;font-weight: bold;line-height: 3rem;color: var(--dark-grey3);font-size: 22px;font-style: normal;letter-spacing: normal;text-align: start;text-indent: 0px;text-transform: none\">Informa\u00e7\u00f5es t\u00e9cnicas<\/h4>\n<p><span style=\"margin: 0px;padding: 0px;font-weight: 450;font-size: 14px;line-height: 21px;color: var(--dark-grey2);font-family: Lato, sans-serif;font-style: normal;letter-spacing: normal;text-align: start;text-indent: 0px;text-transform: none\">Produto: TORNEIRA BANC.PRESSMATIC COMP.<br \/>\nMarca: DOCOL<br \/>\nMaterial: Ligas de cobre, elast\u00f4meros, pl\u00e1stico de engenharia e a\u00e7o inox<br \/>\nCor: Cromado<br \/>\nCaracter\u00edsticas: acabamento mais duradouro, fechamento autom\u00e1tico, higiene com seguran\u00e7a e maior durabilidade.<br \/>\nDimens\u00f5es:<br \/>\nComprimento do produto:<br \/>\n122 mm<\/p>\n<p>Altura do produto:<br \/>\n74 mm<\/p>\n<p>Largura do produto:<br \/>\n44 mm<\/p>\n<p>Di\u00e2metro do furo para instala\u00e7\u00e3o:<br \/>\n35mm<\/p>\n<p>Peso L\u00edquido:<br \/>\n0,4905 kg<\/p>\n<p>Peso Bruto:<br \/>\n0,4905 kg<\/span><\/p>\n","protected":false},"featured_media":26116,"template":"","meta":{"_joinchat":[]},"product_brand":[],"product_cat":[67],"product_tag":[],"class_list":{"0":"post-16217","1":"product","2":"type-product","3":"status-publish","4":"has-post-thumbnail","6":"product_cat-torneiras-e-cia","8":"first","9":"instock","10":"shipping-taxable","11":"purchasable","12":"product-type-simple"},"_links":{"self":[{"href":"https:\/\/www.multicasa.com.br\/cuiaba\/wp-json\/wp\/v2\/product\/16217","targetHints":{"allow":["GET"]}}],"collection":[{"href":"https:\/\/www.multicasa.com.br\/cuiaba\/wp-json\/wp\/v2\/product"}],"about":[{"href":"https:\/\/www.multicasa.com.br\/cuiaba\/wp-json\/wp\/v2\/types\/product"}],"wp:featuredmedia":[{"embeddable":true,"href":"https:\/\/www.multicasa.com.br\/cuiaba\/wp-json\/wp\/v2\/media\/26116"}],"wp:attachment":[{"href":"https:\/\/www.multicasa.com.br\/cuiaba\/wp-json\/wp\/v2\/media?parent=16217"}],"wp:term":[{"taxonomy":"product_brand","embeddable":true,"href":"https:\/\/www.multicasa.com.br\/cuiaba\/wp-json\/wp\/v2\/product_brand?post=16217"},{"taxonomy":"product_cat","embeddable":true,"href":"https:\/\/www.multicasa.com.br\/cuiaba\/wp-json\/wp\/v2\/product_cat?post=16217"},{"taxonomy":"product_tag","embeddable":true,"href":"https:\/\/www.multicasa.com.br\/cuiaba\/wp-json\/wp\/v2\/product_tag?post=16217"}],"curies":[{"name":"wp","href":"https:\/\/api.w.org\/{rel}","templated":true}]}}