{"id":16287,"date":"2025-06-20T19:07:33","date_gmt":"2025-06-20T23:07:33","guid":{"rendered":"http:\/\/www.multicasa.com.br\/cuiaba\/?post_type=product&#038;p=16287"},"modified":"2026-03-17T17:24:27","modified_gmt":"2026-03-17T21:24:27","slug":"joelho-45-pvc-esgosto-150mm-tigre","status":"publish","type":"product","link":"https:\/\/www.multicasa.com.br\/cuiaba\/produto\/joelho-45-pvc-esgosto-150mm-tigre\/","title":{"rendered":"Joelho 45\u00b0 Pvc Esgosto 150Mm Tigre<br>SKU: 386812"},"content":{"rendered":"<p>A conex\u00e3o Joelho 45\u00b0 PVC da Marca Tigre com bitola de 6&#8243; 150mm \u00e9 a pe\u00e7a que voc\u00ea procura para o seu projeto hidr\u00e1ulico de esgoto. \u00c9 indicado para mudan\u00e7a de dire\u00e7\u00e3o \u00e0 45\u00b0 (graus) na mesma bitola. Produto possui ponta lisa e bolsa com anel de veda\u00e7\u00e3o e conta com uma pr\u00e1tica instala\u00e7\u00e3o, r\u00e1pida e de f\u00e1cil manuseio. Recomenda-se n\u00e3o bater ao introduzir a pe\u00e7a, lixar, limpar antes de usar.<\/p>\n","protected":false},"excerpt":{"rendered":"<h4 style=\"margin: 0px;padding: 0px 0px 16px;font-family: Lato, sans-serif;font-weight: bold;line-height: 3rem;color: var(--dark-grey3);font-size: 22px;font-style: normal;letter-spacing: normal;text-align: start;text-indent: 0px;text-transform: none\">Informa\u00e7\u00f5es t\u00e9cnicas<\/h4>\n<p><span style=\"margin: 0px;padding: 0px;font-weight: 450;font-size: 14px;line-height: 21px;color: var(--dark-grey2);font-family: Lato, sans-serif;font-style: normal;letter-spacing: normal;text-align: start;text-indent: 0px;text-transform: none\">Produto: JOELHO 45 PVC ESG.150MM     Marca: Tigre     Material: pl\u00e1stico PVC    Cor: Branca   Caracter\u00edsticas: \u00e9 indicado para mudan\u00e7a de dire\u00e7\u00e3o \u00e0 45\u00b0 (graus) na mesma bitola. Produto possui ponta lisa e bolsa com anel de veda\u00e7\u00e3o e conta com uma pr\u00e1tica instala\u00e7\u00e3o, r\u00e1pida e de f\u00e1cil manuseio. Recomenda-se n\u00e3o bater ao introduzir a pe\u00e7a, lixar, limpar antes de usar.     Dimens\u00f5es: Bitola em Polegadas        6 &#8221;<br \/>\nBitola em Mil\u00edmetros        150 mm<\/span><\/p>\n","protected":false},"featured_media":25317,"template":"","meta":{"_joinchat":[]},"product_brand":[],"product_cat":[73],"product_tag":[],"class_list":{"0":"post-16287","1":"product","2":"type-product","3":"status-publish","4":"has-post-thumbnail","6":"product_cat-tubos-e-conexoes","8":"first","9":"instock","10":"shipping-taxable","11":"purchasable","12":"product-type-simple"},"_links":{"self":[{"href":"https:\/\/www.multicasa.com.br\/cuiaba\/wp-json\/wp\/v2\/product\/16287","targetHints":{"allow":["GET"]}}],"collection":[{"href":"https:\/\/www.multicasa.com.br\/cuiaba\/wp-json\/wp\/v2\/product"}],"about":[{"href":"https:\/\/www.multicasa.com.br\/cuiaba\/wp-json\/wp\/v2\/types\/product"}],"wp:featuredmedia":[{"embeddable":true,"href":"https:\/\/www.multicasa.com.br\/cuiaba\/wp-json\/wp\/v2\/media\/25317"}],"wp:attachment":[{"href":"https:\/\/www.multicasa.com.br\/cuiaba\/wp-json\/wp\/v2\/media?parent=16287"}],"wp:term":[{"taxonomy":"product_brand","embeddable":true,"href":"https:\/\/www.multicasa.com.br\/cuiaba\/wp-json\/wp\/v2\/product_brand?post=16287"},{"taxonomy":"product_cat","embeddable":true,"href":"https:\/\/www.multicasa.com.br\/cuiaba\/wp-json\/wp\/v2\/product_cat?post=16287"},{"taxonomy":"product_tag","embeddable":true,"href":"https:\/\/www.multicasa.com.br\/cuiaba\/wp-json\/wp\/v2\/product_tag?post=16287"}],"curies":[{"name":"wp","href":"https:\/\/api.w.org\/{rel}","templated":true}]}}