{"id":16409,"date":"2025-06-20T19:08:33","date_gmt":"2025-06-20T23:08:33","guid":{"rendered":"http:\/\/www.multicasa.com.br\/cuiaba\/?post_type=product&#038;p=16409"},"modified":"2026-03-12T12:12:11","modified_gmt":"2026-03-12T16:12:11","slug":"rodo-brilhus-com-borracha-dupla-bettanin-325cm","status":"publish","type":"product","link":"https:\/\/www.multicasa.com.br\/cuiaba\/produto\/rodo-brilhus-com-borracha-dupla-bettanin-325cm\/","title":{"rendered":"Rodo Brilhus Com Borracha Dupla Bettanin 32,5cm<br>SKU: 2117733"},"content":{"rendered":"<p>Com o Rodo Brilhus Com Borracha Dupla Bettanin voc\u00ea garante m\u00e1xima ader\u00eancia no piso. Acompanha cabo produzido em madeira na cor laranja de 1,2m. Base cinza e preta feita em duplo EVA e pl\u00e1stico, possuindo um pega pano para facilitar a limpeza. Seu tamanho \u00e9 de 32,5cm, n\u00e3o trepida e seca f\u00e1cil.<\/p>\n","protected":false},"excerpt":{"rendered":"<h4 style=\"margin: 0px;padding: 0px 0px 16px;font-family: Lato, sans-serif;font-weight: bold;line-height: 3rem;color: var(--dark-grey3);font-size: 22px;font-style: normal;letter-spacing: normal;text-align: start;text-indent: 0px;text-transform: none\">Informa\u00e7\u00f5es t\u00e9cnicas<\/h4>\n<p><span style=\"margin: 0px;padding: 0px;font-weight: 450;font-size: 14px;line-height: 21px;color: var(--dark-grey2);font-family: Lato, sans-serif;font-style: normal;letter-spacing: normal;text-align: start;text-indent: 0px;text-transform: none\">Produto: Rodo<br \/>\nMarca: Bettanin<br \/>\nMaterial: EVA<br \/>\nMadeira<br \/>\nPl\u00e1stico<br \/>\nCor: Cinza e Laranja<br \/>\nCaracter\u00edsticas: Possui prega pano<br \/>\nDuplo EVA<br \/>\nAcompanha cabo<br \/>\nItens Inclusos: 1 rodo<br \/>\nDimens\u00f5es do produto (A x L x P): Base &#8211; 9,5 x 32,5 x 3,5cm<br \/>\nCabo &#8211; 1,2m<\/span><\/p>\n","protected":false},"featured_media":16480,"template":"","meta":{"_joinchat":[]},"product_brand":[],"product_cat":[96],"product_tag":[],"class_list":{"0":"post-16409","1":"product","2":"type-product","3":"status-publish","4":"has-post-thumbnail","6":"product_cat-limpeza-e-cia","8":"first","9":"instock","10":"shipping-taxable","11":"purchasable","12":"product-type-simple"},"_links":{"self":[{"href":"https:\/\/www.multicasa.com.br\/cuiaba\/wp-json\/wp\/v2\/product\/16409","targetHints":{"allow":["GET"]}}],"collection":[{"href":"https:\/\/www.multicasa.com.br\/cuiaba\/wp-json\/wp\/v2\/product"}],"about":[{"href":"https:\/\/www.multicasa.com.br\/cuiaba\/wp-json\/wp\/v2\/types\/product"}],"wp:featuredmedia":[{"embeddable":true,"href":"https:\/\/www.multicasa.com.br\/cuiaba\/wp-json\/wp\/v2\/media\/16480"}],"wp:attachment":[{"href":"https:\/\/www.multicasa.com.br\/cuiaba\/wp-json\/wp\/v2\/media?parent=16409"}],"wp:term":[{"taxonomy":"product_brand","embeddable":true,"href":"https:\/\/www.multicasa.com.br\/cuiaba\/wp-json\/wp\/v2\/product_brand?post=16409"},{"taxonomy":"product_cat","embeddable":true,"href":"https:\/\/www.multicasa.com.br\/cuiaba\/wp-json\/wp\/v2\/product_cat?post=16409"},{"taxonomy":"product_tag","embeddable":true,"href":"https:\/\/www.multicasa.com.br\/cuiaba\/wp-json\/wp\/v2\/product_tag?post=16409"}],"curies":[{"name":"wp","href":"https:\/\/api.w.org\/{rel}","templated":true}]}}