{"id":16493,"date":"2025-06-20T19:09:46","date_gmt":"2025-06-20T23:09:46","guid":{"rendered":"http:\/\/www.multicasa.com.br\/cuiaba\/?post_type=product&#038;p=16493"},"modified":"2026-04-07T09:50:54","modified_gmt":"2026-04-07T13:50:54","slug":"fecho-pega-ladrao-cromado-brasfort","status":"publish","type":"product","link":"https:\/\/www.multicasa.com.br\/cuiaba\/produto\/fecho-pega-ladrao-cromado-brasfort\/","title":{"rendered":"Fecho Pega Ladr\u00e3o Cromado Brasfort<br>SKU: 3344460"},"content":{"rendered":"<p>Desenvolvido com trava especial, o fecho pega-ladr\u00e3o cromado Brasfot permite abertura de apenas 12 cm da porta, impedindo a passagem de pessoas por ali. Fabricado em metal, refor\u00e7a a seguran\u00e7a de qualquer espa\u00e7o. Embalagem com 1 unidade e 7 parafusos para instala\u00e7\u00e3o.<\/p>\n","protected":false},"excerpt":{"rendered":"<h4 style=\"margin: 0px;padding: 0px 0px 16px;font-family: Lato, sans-serif;font-weight: bold;line-height: 3rem;color: var(--dark-grey3);font-size: 22px;font-style: normal;letter-spacing: normal;text-align: start;text-indent: 0px;text-transform: none\">Informa\u00e7\u00f5es t\u00e9cnicas<\/h4>\n<p><span style=\"margin: 0px;padding: 0px;font-weight: 450;font-size: 14px;line-height: 21px;color: var(--dark-grey2);font-family: Lato, sans-serif;font-style: normal;letter-spacing: normal;text-align: start;text-indent: 0px;text-transform: none\">Produto: Fecho Pega Ladr\u00e3o<br \/>\nMarca: Brasfort<br \/>\nMaterial: Metal<br \/>\nCor: Prata<br \/>\nCaracter\u00edsticas: Abre apenas 12cm e a trava impede de avan\u00e7ar<br \/>\nQuantidade de pe\u00e7as: 8<br \/>\nItens inclusos: 1 Fecho Pega Ladr\u00e3o<br \/>\n7 parafusos<br \/>\nDimens\u00f5es do produto (A X L): 10 x 13cm<br \/>\n<\/span><\/p>\n","protected":false},"featured_media":16542,"template":"","meta":{"_joinchat":[]},"product_brand":[],"product_cat":[141],"product_tag":[],"class_list":{"0":"post-16493","1":"product","2":"type-product","3":"status-publish","4":"has-post-thumbnail","6":"product_cat-marcenaria","8":"first","9":"instock","10":"shipping-taxable","11":"purchasable","12":"product-type-simple"},"_links":{"self":[{"href":"https:\/\/www.multicasa.com.br\/cuiaba\/wp-json\/wp\/v2\/product\/16493","targetHints":{"allow":["GET"]}}],"collection":[{"href":"https:\/\/www.multicasa.com.br\/cuiaba\/wp-json\/wp\/v2\/product"}],"about":[{"href":"https:\/\/www.multicasa.com.br\/cuiaba\/wp-json\/wp\/v2\/types\/product"}],"wp:featuredmedia":[{"embeddable":true,"href":"https:\/\/www.multicasa.com.br\/cuiaba\/wp-json\/wp\/v2\/media\/16542"}],"wp:attachment":[{"href":"https:\/\/www.multicasa.com.br\/cuiaba\/wp-json\/wp\/v2\/media?parent=16493"}],"wp:term":[{"taxonomy":"product_brand","embeddable":true,"href":"https:\/\/www.multicasa.com.br\/cuiaba\/wp-json\/wp\/v2\/product_brand?post=16493"},{"taxonomy":"product_cat","embeddable":true,"href":"https:\/\/www.multicasa.com.br\/cuiaba\/wp-json\/wp\/v2\/product_cat?post=16493"},{"taxonomy":"product_tag","embeddable":true,"href":"https:\/\/www.multicasa.com.br\/cuiaba\/wp-json\/wp\/v2\/product_tag?post=16493"}],"curies":[{"name":"wp","href":"https:\/\/api.w.org\/{rel}","templated":true}]}}