{"id":16605,"date":"2025-06-20T19:11:20","date_gmt":"2025-06-20T23:11:20","guid":{"rendered":"http:\/\/www.multicasa.com.br\/cuiaba\/?post_type=product&#038;p=16605"},"modified":"2026-03-17T15:51:00","modified_gmt":"2026-03-17T19:51:00","slug":"adaptador-soldavel-curto-25x3-4-tigre","status":"publish","type":"product","link":"https:\/\/www.multicasa.com.br\/cuiaba\/produto\/adaptador-soldavel-curto-25x3-4-tigre\/","title":{"rendered":"Adaptador Sold\u00e1vel Curto 25&#215;3\/4 Tigre<br>SKU: 16314"},"content":{"rendered":"<p>Ideal para \u00e1gua fria, o adaptador sold\u00e1vel curto Tigre com bolsa e rosca para registro \u00e9 produzido de PVC r\u00edgido com ponta rosc\u00e1vel padr\u00e3o BSP e compat\u00edvel com Bitola 25 mm x 3\/4. Tem f\u00e1cil instala\u00e7\u00e3o que dispensa o uso de ferramentas sofisticadas, aturando temperatura m\u00e1xima de trabalho de 20\u00baC.<\/p>\n","protected":false},"excerpt":{"rendered":"<h4 style=\"margin: 0px;padding: 0px 0px 16px;font-family: Lato, sans-serif;font-weight: bold;line-height: 3rem;color: var(--dark-grey3);font-size: 22px;font-style: normal;letter-spacing: normal;text-align: start;text-indent: 0px;text-transform: none\">Informa\u00e7\u00f5es t\u00e9cnicas<\/h4>\n<p><span style=\"margin: 0px;padding: 0px;font-weight: 450;font-size: 14px;line-height: 21px;color: var(--dark-grey2);font-family: Lato, sans-serif;font-style: normal;letter-spacing: normal;text-align: start;text-indent: 0px;text-transform: none\">Produto: Adaptador Curto Sold\u00e1vel<br \/>\nMarca: Tigre<br \/>\nMaterial: PVC<br \/>\nCor: Marrom<br \/>\nCaracter\u00edsticas: Rosque\u00e1vel e sold\u00e1vel<br \/>\nBolsa sold\u00e1vel<br \/>\nponta rosqeue\u00e1vel padr\u00e3o BSP<br \/>\nTemperatura m\u00e1xima de trabalho at\u00e9 20\u00bac<br \/>\nItens inclusos: 1 Adaptador curto sold\u00e1vel<br \/>\nDimens\u00e3o do Produto(A x L x P): 25mm x 3\/4<br \/>\n<\/span><\/p>\n","protected":false},"featured_media":16655,"template":"","meta":{"_joinchat":[]},"product_brand":[],"product_cat":[73],"product_tag":[],"class_list":{"0":"post-16605","1":"product","2":"type-product","3":"status-publish","4":"has-post-thumbnail","6":"product_cat-tubos-e-conexoes","8":"first","9":"instock","10":"shipping-taxable","11":"purchasable","12":"product-type-simple"},"_links":{"self":[{"href":"https:\/\/www.multicasa.com.br\/cuiaba\/wp-json\/wp\/v2\/product\/16605","targetHints":{"allow":["GET"]}}],"collection":[{"href":"https:\/\/www.multicasa.com.br\/cuiaba\/wp-json\/wp\/v2\/product"}],"about":[{"href":"https:\/\/www.multicasa.com.br\/cuiaba\/wp-json\/wp\/v2\/types\/product"}],"wp:featuredmedia":[{"embeddable":true,"href":"https:\/\/www.multicasa.com.br\/cuiaba\/wp-json\/wp\/v2\/media\/16655"}],"wp:attachment":[{"href":"https:\/\/www.multicasa.com.br\/cuiaba\/wp-json\/wp\/v2\/media?parent=16605"}],"wp:term":[{"taxonomy":"product_brand","embeddable":true,"href":"https:\/\/www.multicasa.com.br\/cuiaba\/wp-json\/wp\/v2\/product_brand?post=16605"},{"taxonomy":"product_cat","embeddable":true,"href":"https:\/\/www.multicasa.com.br\/cuiaba\/wp-json\/wp\/v2\/product_cat?post=16605"},{"taxonomy":"product_tag","embeddable":true,"href":"https:\/\/www.multicasa.com.br\/cuiaba\/wp-json\/wp\/v2\/product_tag?post=16605"}],"curies":[{"name":"wp","href":"https:\/\/api.w.org\/{rel}","templated":true}]}}