{"id":16727,"date":"2025-06-20T19:12:58","date_gmt":"2025-06-20T23:12:58","guid":{"rendered":"http:\/\/www.multicasa.com.br\/cuiaba\/?post_type=product&#038;p=16727"},"modified":"2026-03-24T14:53:00","modified_gmt":"2026-03-24T18:53:00","slug":"obturador-para-mecanismo-de-saida-universal-para-caixa-acoplada-blukit","status":"publish","type":"product","link":"https:\/\/www.multicasa.com.br\/cuiaba\/produto\/obturador-para-mecanismo-de-saida-universal-para-caixa-acoplada-blukit\/","title":{"rendered":"Obturador para Mecanismo de Sa\u00edda Universal para Caixa Acoplada Blukit<br>SKU: 3833364"},"content":{"rendered":"<p>Tenha \u00e0 m\u00e3o as pe\u00e7as indispens\u00e1veis para reparos do dia-a-dia. Com o obturador para mecanismo de sa\u00edda universal da Blukit, a caixa acoplada do seu banheiro est\u00e1 sempre funcionando perfeitamente. Indicado para todos os modelos de vasos sanit\u00e1rios, j\u00e1 vem com corrente de pl\u00e1stico de f\u00e1cil instala\u00e7\u00e3o e tem maior vida \u00fatil mesmo em contato direto com a \u00e1gua gra\u00e7as a sua composi\u00e7\u00e3o de pl\u00e1sticos de engenharia e elast\u00f4meros.<\/p>\n","protected":false},"excerpt":{"rendered":"<h4 style=\"margin: 0px;padding: 0px 0px 16px;font-family: Lato, sans-serif;font-weight: bold;line-height: 3rem;color: var(--dark-grey3);font-size: 22px;font-style: normal;letter-spacing: normal;text-align: start;text-indent: 0px;text-transform: none\">Informa\u00e7\u00f5es t\u00e9cnicas<\/h4>\n<p><span style=\"margin: 0px;padding: 0px;font-weight: 450;font-size: 14px;line-height: 21px;color: var(--dark-grey2);font-family: Lato, sans-serif;font-style: normal;letter-spacing: normal;text-align: start;text-indent: 0px;text-transform: none\">Produto: Obturador universal<br \/>\nMarca: Blukit<br \/>\nMaterial: Pl\u00e1sticos de engenharia<br \/>\nElast\u00f4meros<br \/>\nCor: Azul<br \/>\nCaracter\u00edsticas: Compat\u00edvel com todos os vasos sanit\u00e1rios<br \/>\nF\u00e1cil instala\u00e7\u00e3o<br \/>\nAcompanha corrente pl\u00e1stica<br \/>\nItens Inclusos: 1 Obturador universal<br \/>\nDimens\u00f5es do produto (A X L): 18 x 13cm<br \/>\n<\/span><\/p>\n","protected":false},"featured_media":25629,"template":"","meta":{"_joinchat":[]},"product_brand":[],"product_cat":[74],"product_tag":[],"class_list":{"0":"post-16727","1":"product","2":"type-product","3":"status-publish","4":"has-post-thumbnail","6":"product_cat-reparos-hidraulicos","8":"first","9":"instock","10":"shipping-taxable","11":"purchasable","12":"product-type-simple"},"_links":{"self":[{"href":"https:\/\/www.multicasa.com.br\/cuiaba\/wp-json\/wp\/v2\/product\/16727","targetHints":{"allow":["GET"]}}],"collection":[{"href":"https:\/\/www.multicasa.com.br\/cuiaba\/wp-json\/wp\/v2\/product"}],"about":[{"href":"https:\/\/www.multicasa.com.br\/cuiaba\/wp-json\/wp\/v2\/types\/product"}],"wp:featuredmedia":[{"embeddable":true,"href":"https:\/\/www.multicasa.com.br\/cuiaba\/wp-json\/wp\/v2\/media\/25629"}],"wp:attachment":[{"href":"https:\/\/www.multicasa.com.br\/cuiaba\/wp-json\/wp\/v2\/media?parent=16727"}],"wp:term":[{"taxonomy":"product_brand","embeddable":true,"href":"https:\/\/www.multicasa.com.br\/cuiaba\/wp-json\/wp\/v2\/product_brand?post=16727"},{"taxonomy":"product_cat","embeddable":true,"href":"https:\/\/www.multicasa.com.br\/cuiaba\/wp-json\/wp\/v2\/product_cat?post=16727"},{"taxonomy":"product_tag","embeddable":true,"href":"https:\/\/www.multicasa.com.br\/cuiaba\/wp-json\/wp\/v2\/product_tag?post=16727"}],"curies":[{"name":"wp","href":"https:\/\/api.w.org\/{rel}","templated":true}]}}