{"id":16857,"date":"2025-06-20T19:14:53","date_gmt":"2025-06-20T23:14:53","guid":{"rendered":"http:\/\/www.multicasa.com.br\/cuiaba\/?post_type=product&#038;p=16857"},"modified":"2025-08-17T23:34:56","modified_gmt":"2025-08-18T03:34:56","slug":"cabo-polarizado-2x15mm-1m-vermelho-e-preto-gp-cabos","status":"publish","type":"product","link":"https:\/\/www.multicasa.com.br\/cuiaba\/produto\/cabo-polarizado-2x15mm-1m-vermelho-e-preto-gp-cabos\/","title":{"rendered":"Cabo Polarizado 2X1,5Mm 1M Vermelho E Preto Gp Cabos<br>SKU: 2056943"},"content":{"rendered":"<p>O cabo paralelo bicolor polarizado possui como condutor de fios de cobre eletrol\u00edtico n\u00fa e t\u00eampora mole. Sua cobertura \u00e9 composta por termopl\u00e1stico \u00e0 base de Cloreto de polivinila (PVC). Ideal para uso indicado para transmiss\u00e3o de \u00e1udio em sistemas de sonoriza\u00e7\u00e3o ambiente e automotiva.<\/p>\n","protected":false},"excerpt":{"rendered":"<h4 style=\"margin: 0px;padding: 0px 0px 16px;font-family: Lato, sans-serif;font-weight: bold;line-height: 3rem;color: var(--dark-grey3);font-size: 22px;font-style: normal;letter-spacing: normal;text-align: start;text-indent: 0px;text-transform: none\">Informa\u00e7\u00f5es t\u00e9cnicas<\/h4>\n<p><span style=\"margin: 0px;padding: 0px;font-weight: 450;font-size: 14px;line-height: 21px;color: var(--dark-grey2);font-family: Lato, sans-serif;font-style: normal;letter-spacing: normal;text-align: start;text-indent: 0px;text-transform: none\">Produto: CABO POLAR.2X1,5MM 1M VM\/PT<br \/>\nMarca: GP CABOS<br \/>\nMaterial: CAPA EM PVC E FILAMENTOS DE COBRE N\u00da.<br \/>\nCor: Preto\/VERMELHO<br \/>\nCaracter\u00edsticas: Indicado para transmiss\u00e3o de \u00e1udio em sistemas de sonoriza\u00e7\u00e3o ambiente e automotiva.<br \/>\nBitola (mm): 1,50<\/span><\/p>\n","protected":false},"featured_media":24811,"template":"","meta":{"_joinchat":[]},"product_brand":[],"product_cat":[121],"product_tag":[],"class_list":{"0":"post-16857","1":"product","2":"type-product","3":"status-publish","4":"has-post-thumbnail","6":"product_cat-fios-e-cabo","8":"first","9":"instock","10":"shipping-taxable","11":"purchasable","12":"product-type-simple"},"_links":{"self":[{"href":"https:\/\/www.multicasa.com.br\/cuiaba\/wp-json\/wp\/v2\/product\/16857","targetHints":{"allow":["GET"]}}],"collection":[{"href":"https:\/\/www.multicasa.com.br\/cuiaba\/wp-json\/wp\/v2\/product"}],"about":[{"href":"https:\/\/www.multicasa.com.br\/cuiaba\/wp-json\/wp\/v2\/types\/product"}],"wp:featuredmedia":[{"embeddable":true,"href":"https:\/\/www.multicasa.com.br\/cuiaba\/wp-json\/wp\/v2\/media\/24811"}],"wp:attachment":[{"href":"https:\/\/www.multicasa.com.br\/cuiaba\/wp-json\/wp\/v2\/media?parent=16857"}],"wp:term":[{"taxonomy":"product_brand","embeddable":true,"href":"https:\/\/www.multicasa.com.br\/cuiaba\/wp-json\/wp\/v2\/product_brand?post=16857"},{"taxonomy":"product_cat","embeddable":true,"href":"https:\/\/www.multicasa.com.br\/cuiaba\/wp-json\/wp\/v2\/product_cat?post=16857"},{"taxonomy":"product_tag","embeddable":true,"href":"https:\/\/www.multicasa.com.br\/cuiaba\/wp-json\/wp\/v2\/product_tag?post=16857"}],"curies":[{"name":"wp","href":"https:\/\/api.w.org\/{rel}","templated":true}]}}

<p>O cabo paralelo bicolor polarizado possui como condutor de fios de cobre eletrolítico nú e têmpora mole. Sua cobertura é composta por termoplástico à base de Cloreto de polivinila (PVC). Ideal para uso indicado para transmissão de áudio em sistemas de sonorização ambiente e automotiva.</p>

<h4 style="margin: 0px;padding: 0px 0px 16px;font-family: Lato, sans-serif;font-weight: bold;line-height: 3rem;color: var(--dark-grey3);font-size: 22px;font-style: normal;letter-spacing: normal;text-align: start;text-indent: 0px;text-transform: none">Informações técnicas</h4>
<p><span style="margin: 0px;padding: 0px;font-weight: 450;font-size: 14px;line-height: 21px;color: var(--dark-grey2);font-family: Lato, sans-serif;font-style: normal;letter-spacing: normal;text-align: start;text-indent: 0px;text-transform: none">Produto: CABO POLAR.2X1,5MM 1M VM/PT<br />
Marca: GP CABOS<br />
Material: CAPA EM PVC E FILAMENTOS DE COBRE NÚ.<br />
Cor: Preto/VERMELHO<br />
Características: Indicado para transmissão de áudio em sistemas de sonorização ambiente e automotiva.<br />
Bitola (mm): 1,50</span></p>
