{"id":16898,"date":"2025-06-20T19:15:17","date_gmt":"2025-06-20T23:15:17","guid":{"rendered":"http:\/\/www.multicasa.com.br\/cuiaba\/?post_type=product&#038;p=16898"},"modified":"2026-04-06T16:30:29","modified_gmt":"2026-04-06T20:30:29","slug":"aparador-de-grama-1500w-127v-tramon","status":"publish","type":"product","link":"https:\/\/www.multicasa.com.br\/cuiaba\/produto\/aparador-de-grama-1500w-127v-tramon\/","title":{"rendered":"Aparador De Grama 1500W 127V Tramon<br>SKU: 2092633"},"content":{"rendered":"<p>Seu jardim ficar\u00e1 muito mais bonito ao contar com o aparador de grama el\u00e9trico Tramontina AP1500T com di\u00e2metro de corte de 280 mm 1500 W 127 V. Um produto moderno, com um design funcional que oferece um manuseio confort\u00e1vel e seguro. O Aparador de Grama da Tramontina \u00e9 a melhor escolha para voc\u00ea realizar acabamentos, contornos e bordas no seu jardim, pois ele foi projetado especialmente para aparar locais que o cortador convencional n\u00e3o consegue atingir. Garanta a beleza do seu jardim e torne os momentos de confraterniza\u00e7\u00e3o na \u00e1rea externa ainda mais agrad\u00e1veis.<\/p>\n","protected":false},"excerpt":{"rendered":"<h4 style=\"margin: 0px;padding: 0px 0px 16px;font-family: Lato, sans-serif;font-weight: bold;line-height: 3rem;color: var(--dark-grey3);font-size: 22px;font-style: normal;letter-spacing: normal;text-align: start;text-indent: 0px;text-transform: none\">Informa\u00e7\u00f5es t\u00e9cnicas<\/h4>\n<p><span style=\"margin: 0px;padding: 0px;font-weight: 450;font-size: 14px;line-height: 21px;color: var(--dark-grey2);font-family: Lato, sans-serif;font-style: normal;letter-spacing: normal;text-align: start;text-indent: 0px;text-transform: none\">Produto: APARADOR DE GRAMA 1500W 127V TRAMON<br \/>\nMarca: Tramontina<br \/>\nMaterial: Metal<br \/>\nCor: Laranja<br \/>\nCaracter\u00edsticas:<br \/>\n&#8211; Motor com 1500 W de pot\u00eancia, 127 V, 50\/60 Hz, corrente nominal de 5,45 A.<br \/>\n&#8211; Rota\u00e7\u00e3o m\u00e1xima de 11.000 rpm.<br \/>\n&#8211; Di\u00e2metro de corte de 28 cm.<br \/>\n&#8211; Fio de nylon com 1,8 mm de espessura e 8 m de comprimento.<br \/>\n&#8211; Abastecimento autom\u00e1tico do fio.<br \/>\n&#8211; Fixa-cabo, evita que o cabo el\u00e9trico desconecte do plug.<br \/>\n&#8211; O gatilho de acionamento mais longo e anat\u00f4mico reduz o esfor\u00e7o necess\u00e1rio para o acionamento do equipamento, tornando o uso mais confort\u00e1vel.<br \/>\n&#8211; A al\u00e7a incorporada ao corpo do aparador \u00e9 uma \u00f3tima op\u00e7\u00e3o para o transporte. A posi\u00e7\u00e3o da al\u00e7a divide igualmente o peso do equipamento e facilita o equil\u00edbrio para carreg\u00e1-lo.<br \/>\n&#8211; O protetor inferior \u00e9 assim\u00e9trico e foi otimizado para proporcionar melhor fluxo de sa\u00edda da grama e possibilitar maior aproxima\u00e7\u00e3o dos cantos, para um acabamento de corte perfeito.<br \/>\n&#8211; Limitador do fio de nylon.<br \/>\n&#8211; A al\u00e7a da empunhadura \u00e9 regul\u00e1vel e se adapta melhor ao tamanho de quem opera o equipamento.<br \/>\n&#8211; Empunhadura ergon\u00f4mica.<br \/>\n&#8211; Design e ergonomia que facilitam o uso.<br \/>\n&#8211; O bra\u00e7o do aparador recebe pintura eletrost\u00e1tica a p\u00f3, proporcionando maior resist\u00eancia e menor desgaste durante o uso.<br \/>\n&#8211; \u00c1rea de corte indicada de 100 m\u00b2.<br \/>\n&#8211; Uso dom\u00e9stico.<br \/>\n&#8211; Produto fabricado no Brasil.<br \/>\n&#8211; Rede de Assist\u00eancia T\u00e9cnica em todo o Brasil.<\/p>\n<p>Peso: 2,62 kg<\/p>\n<p>Dimens\u00f5es: 91 x 89 x 30 cm<\/span><\/p>\n","protected":false},"featured_media":24602,"template":"","meta":{"_joinchat":[]},"product_brand":[],"product_cat":[76],"product_tag":[],"class_list":{"0":"post-16898","1":"product","2":"type-product","3":"status-publish","4":"has-post-thumbnail","6":"product_cat-jardinagem","8":"first","9":"instock","10":"shipping-taxable","11":"purchasable","12":"product-type-simple"},"_links":{"self":[{"href":"https:\/\/www.multicasa.com.br\/cuiaba\/wp-json\/wp\/v2\/product\/16898","targetHints":{"allow":["GET"]}}],"collection":[{"href":"https:\/\/www.multicasa.com.br\/cuiaba\/wp-json\/wp\/v2\/product"}],"about":[{"href":"https:\/\/www.multicasa.com.br\/cuiaba\/wp-json\/wp\/v2\/types\/product"}],"wp:featuredmedia":[{"embeddable":true,"href":"https:\/\/www.multicasa.com.br\/cuiaba\/wp-json\/wp\/v2\/media\/24602"}],"wp:attachment":[{"href":"https:\/\/www.multicasa.com.br\/cuiaba\/wp-json\/wp\/v2\/media?parent=16898"}],"wp:term":[{"taxonomy":"product_brand","embeddable":true,"href":"https:\/\/www.multicasa.com.br\/cuiaba\/wp-json\/wp\/v2\/product_brand?post=16898"},{"taxonomy":"product_cat","embeddable":true,"href":"https:\/\/www.multicasa.com.br\/cuiaba\/wp-json\/wp\/v2\/product_cat?post=16898"},{"taxonomy":"product_tag","embeddable":true,"href":"https:\/\/www.multicasa.com.br\/cuiaba\/wp-json\/wp\/v2\/product_tag?post=16898"}],"curies":[{"name":"wp","href":"https:\/\/api.w.org\/{rel}","templated":true}]}}