{"id":16918,"date":"2025-06-20T19:15:19","date_gmt":"2025-06-20T23:15:19","guid":{"rendered":"http:\/\/www.multicasa.com.br\/cuiaba\/?post_type=product&#038;p=16918"},"modified":"2026-01-23T14:00:21","modified_gmt":"2026-01-23T18:00:21","slug":"serra-marmore-1400w-127v-dewalt","status":"publish","type":"product","link":"https:\/\/www.multicasa.com.br\/cuiaba\/produto\/serra-marmore-1400w-127v-dewalt\/","title":{"rendered":"SERRA MARMORE 1400W 127V DEWALT<br>SKU: 2104430"},"content":{"rendered":"<p>A serra m\u00e1rmore dewalt dw862 \u00e9 indicada para o uso de cortes em telhas, tijolos, granitos, pisos cer\u00e2micas e entre outros materiais. Para a manuten\u00e7\u00e3o da m\u00e1quina, \u00e9 f\u00e1cil o acesso \u00e0 escova de carv\u00e3o para a substitui\u00e7\u00e3o r\u00e1pida, possui gatilho lock off para uma maior seguran\u00e7a e ajuste de profundidade para um corte preciso e uniforme. A dw862 \u00e9 indicada para o uso em marmorarias, constru\u00e7\u00e3o civil, instaladores e pedreiros.<\/p>\n","protected":false},"excerpt":{"rendered":"<h4 style=\"margin: 0px;padding: 0px 0px 16px;font-family: Lato, sans-serif;font-weight: bold;line-height: 3rem;color: var(--dark-grey3);font-size: 22px;font-style: normal;letter-spacing: normal;text-align: start;text-indent: 0px;text-transform: none\">Informa\u00e7\u00f5es t\u00e9cnicas<\/h4>\n<p><span style=\"margin: 0px;padding: 0px;font-weight: 450;font-size: 14px;line-height: 21px;color: var(--dark-grey2);font-family: Lato, sans-serif;font-style: normal;letter-spacing: normal;text-align: start;text-indent: 0px;text-transform: none\">Marca: dewalt<br \/>\nModelo: dw862<br \/>\nPot\u00eancia: 1400w<br \/>\nRota\u00e7\u00f5es por minuto: 13000 rpm<br \/>\nDi\u00e2metro do disco: 110 mm<br \/>\nDisco diamantado 105 &#8211; 125 mm x 20 mm<br \/>\nProfundidade: 34 mm<br \/>\n100% rolamentada<br \/>\nPeso: 3 kg<br \/>\nGarantia: de 3 anos pela dewalt para defeitos de fabrica\u00e7\u00e3o.<\/span><\/p>\n","protected":false},"featured_media":25968,"template":"","meta":{"_joinchat":[]},"product_brand":[],"product_cat":[152],"product_tag":[],"class_list":{"0":"post-16918","1":"product","2":"type-product","3":"status-publish","4":"has-post-thumbnail","6":"product_cat-ferramentas-eletricas","8":"first","9":"instock","10":"shipping-taxable","11":"purchasable","12":"product-type-simple"},"_links":{"self":[{"href":"https:\/\/www.multicasa.com.br\/cuiaba\/wp-json\/wp\/v2\/product\/16918","targetHints":{"allow":["GET"]}}],"collection":[{"href":"https:\/\/www.multicasa.com.br\/cuiaba\/wp-json\/wp\/v2\/product"}],"about":[{"href":"https:\/\/www.multicasa.com.br\/cuiaba\/wp-json\/wp\/v2\/types\/product"}],"wp:featuredmedia":[{"embeddable":true,"href":"https:\/\/www.multicasa.com.br\/cuiaba\/wp-json\/wp\/v2\/media\/25968"}],"wp:attachment":[{"href":"https:\/\/www.multicasa.com.br\/cuiaba\/wp-json\/wp\/v2\/media?parent=16918"}],"wp:term":[{"taxonomy":"product_brand","embeddable":true,"href":"https:\/\/www.multicasa.com.br\/cuiaba\/wp-json\/wp\/v2\/product_brand?post=16918"},{"taxonomy":"product_cat","embeddable":true,"href":"https:\/\/www.multicasa.com.br\/cuiaba\/wp-json\/wp\/v2\/product_cat?post=16918"},{"taxonomy":"product_tag","embeddable":true,"href":"https:\/\/www.multicasa.com.br\/cuiaba\/wp-json\/wp\/v2\/product_tag?post=16918"}],"curies":[{"name":"wp","href":"https:\/\/api.w.org\/{rel}","templated":true}]}}