{"id":17024,"date":"2025-06-20T19:16:01","date_gmt":"2025-06-20T23:16:01","guid":{"rendered":"http:\/\/www.multicasa.com.br\/cuiaba\/?post_type=product&#038;p=17024"},"modified":"2026-04-17T11:21:00","modified_gmt":"2026-04-17T15:21:00","slug":"plafon-led-sobrepor-quadrada-24w-biv-4-0k-led","status":"publish","type":"product","link":"https:\/\/www.multicasa.com.br\/cuiaba\/produto\/plafon-led-sobrepor-quadrada-24w-biv-4-0k-led\/","title":{"rendered":"Plafon Led Sobrepor Quadrada 24W Biv.4.0K Led<br>SKU: 2156203"},"content":{"rendered":"<p>Painel de sobrepor HOME LED, possui design moderno com<br \/>\ntecnologia LED integrado e pronto para instalar, estruturado em alum\u00ednio para maior controle de temperatura do LED extraindo a m\u00e1xima efici\u00eancia luminosa, acabamento em pintura ep\u00f3xi branca, difusor em acr\u00edlico, apresenta alta luminesc\u00eancia e uniformidade na distribui\u00e7\u00e3o da luz. Ideal para \u00e1reas corporativas, comerciais e residenciais.<\/p>\n","protected":false},"excerpt":{"rendered":"<h4 style=\"margin: 0px;padding: 0px 0px 16px;font-family: Lato, sans-serif;font-weight: bold;line-height: 3rem;color: var(--dark-grey3);font-size: 22px;font-style: normal;letter-spacing: normal;text-align: start;text-indent: 0px;text-transform: none\">Informa\u00e7\u00f5es t\u00e9cnicas<\/h4>\n<p><span style=\"margin: 0px;padding: 0px;font-weight: 450;font-size: 14px;line-height: 21px;color: var(--dark-grey2);font-family: Lato, sans-serif;font-style: normal;letter-spacing: normal;text-align: start;text-indent: 0px;text-transform: none\">Produto: PLAFON LED SOB.QD.24W BIV.4.0K led<br \/>\nMarca: led<br \/>\nMaterial: Alum\u00ednio<br \/>\nCor: Branca<br \/>\nCaracter\u00edsticas<br \/>\n&#8211; Garantia de 2 anos;<br \/>\n&#8211; Bivolt: 100-220Vca;<br \/>\n&#8211; Grau de prote\u00e7\u00e3o: IP40;<br \/>\n&#8211; temperatura de cor: 4000K;<br \/>\n&#8211; Fluxo luminoso: 2040 lm;<br \/>\n&#8211; Vida \u00fatil: 25.000 Horas.<\/p>\n<p>Dimens\u00f5es:<br \/>\n30 x 30 x 2,8 cm<\/span><\/p>\n","protected":false},"featured_media":25756,"template":"","meta":{"_joinchat":[]},"product_brand":[],"product_cat":[157],"product_tag":[],"class_list":{"0":"post-17024","1":"product","2":"type-product","3":"status-publish","4":"has-post-thumbnail","6":"product_cat-leds-decorativos","8":"first","9":"instock","10":"shipping-taxable","11":"purchasable","12":"product-type-simple"},"_links":{"self":[{"href":"https:\/\/www.multicasa.com.br\/cuiaba\/wp-json\/wp\/v2\/product\/17024","targetHints":{"allow":["GET"]}}],"collection":[{"href":"https:\/\/www.multicasa.com.br\/cuiaba\/wp-json\/wp\/v2\/product"}],"about":[{"href":"https:\/\/www.multicasa.com.br\/cuiaba\/wp-json\/wp\/v2\/types\/product"}],"wp:featuredmedia":[{"embeddable":true,"href":"https:\/\/www.multicasa.com.br\/cuiaba\/wp-json\/wp\/v2\/media\/25756"}],"wp:attachment":[{"href":"https:\/\/www.multicasa.com.br\/cuiaba\/wp-json\/wp\/v2\/media?parent=17024"}],"wp:term":[{"taxonomy":"product_brand","embeddable":true,"href":"https:\/\/www.multicasa.com.br\/cuiaba\/wp-json\/wp\/v2\/product_brand?post=17024"},{"taxonomy":"product_cat","embeddable":true,"href":"https:\/\/www.multicasa.com.br\/cuiaba\/wp-json\/wp\/v2\/product_cat?post=17024"},{"taxonomy":"product_tag","embeddable":true,"href":"https:\/\/www.multicasa.com.br\/cuiaba\/wp-json\/wp\/v2\/product_tag?post=17024"}],"curies":[{"name":"wp","href":"https:\/\/api.w.org\/{rel}","templated":true}]}}