{"id":17108,"date":"2025-06-20T19:16:39","date_gmt":"2025-06-20T23:16:39","guid":{"rendered":"http:\/\/www.multicasa.com.br\/cuiaba\/?post_type=product&#038;p=17108"},"modified":"2026-04-04T11:50:38","modified_gmt":"2026-04-04T15:50:38","slug":"lava-autos-com-cera-proauto-500ml","status":"publish","type":"product","link":"https:\/\/www.multicasa.com.br\/cuiaba\/produto\/lava-autos-com-cera-proauto-500ml\/","title":{"rendered":"Lava Autos com Cera Proauto 500ml<br>SKU: 2187937"},"content":{"rendered":"<p>O Lava Autos com Cera da Proauto \u00e9 ideal para limpar. Al\u00e9m disso, mantem o brilho de encerado em seu carro por mais tempo. Cada aplica\u00e7\u00e3o do lava autos com cera, rep\u00f5e a camada protetora e recupera o brilho. Dessa forma, ajuda a aumentar a resist\u00eancia contra as a\u00e7\u00f5es do tempo (sol, chuva, polui\u00e7\u00e3o, maresia, etc.). Se voc\u00ea adora lavar o seu carro, manter o brilho e otimizar seu tempo, \u00e9 o produto certo.<\/p>\n","protected":false},"excerpt":{"rendered":"<h4 style=\"margin: 0px;padding: 0px 0px 16px;font-family: Lato, sans-serif;font-weight: bold;line-height: 3rem;color: var(--dark-grey3);font-size: 22px;font-style: normal;letter-spacing: normal;text-align: start;text-indent: 0px;text-transform: none\">Informa\u00e7\u00f5es t\u00e9cnicas<\/h4>\n<p><span style=\"margin: 0px;padding: 0px;font-weight: 450;font-size: 14px;line-height: 21px;color: var(--dark-grey2);font-family: Lato, sans-serif;font-style: normal;letter-spacing: normal;text-align: start;text-indent: 0px;text-transform: none\">Produto: Lava Autos<br \/>\nMarca: Proauto<br \/>\nConte\u00fado: 500ml<br \/>\nCaracter\u00edsticas: Com cera; Limpa e d\u00e1 brilho; Com carna\u00faba: protege contra a\u00e7\u00f5es do tempo.<br \/>\nItens Inclusos: 1 Lava Autos<br \/>\nDimens\u00f5es do produto (A X L X P): 23,6 x 4,4 x 9cm<\/span><\/p>\n","protected":false},"featured_media":17131,"template":"","meta":{"_joinchat":[]},"product_brand":[],"product_cat":[142],"product_tag":[],"class_list":{"0":"post-17108","1":"product","2":"type-product","3":"status-publish","4":"has-post-thumbnail","6":"product_cat-utilidades-para-automoveis","8":"first","9":"instock","10":"shipping-taxable","11":"purchasable","12":"product-type-simple"},"_links":{"self":[{"href":"https:\/\/www.multicasa.com.br\/cuiaba\/wp-json\/wp\/v2\/product\/17108","targetHints":{"allow":["GET"]}}],"collection":[{"href":"https:\/\/www.multicasa.com.br\/cuiaba\/wp-json\/wp\/v2\/product"}],"about":[{"href":"https:\/\/www.multicasa.com.br\/cuiaba\/wp-json\/wp\/v2\/types\/product"}],"wp:featuredmedia":[{"embeddable":true,"href":"https:\/\/www.multicasa.com.br\/cuiaba\/wp-json\/wp\/v2\/media\/17131"}],"wp:attachment":[{"href":"https:\/\/www.multicasa.com.br\/cuiaba\/wp-json\/wp\/v2\/media?parent=17108"}],"wp:term":[{"taxonomy":"product_brand","embeddable":true,"href":"https:\/\/www.multicasa.com.br\/cuiaba\/wp-json\/wp\/v2\/product_brand?post=17108"},{"taxonomy":"product_cat","embeddable":true,"href":"https:\/\/www.multicasa.com.br\/cuiaba\/wp-json\/wp\/v2\/product_cat?post=17108"},{"taxonomy":"product_tag","embeddable":true,"href":"https:\/\/www.multicasa.com.br\/cuiaba\/wp-json\/wp\/v2\/product_tag?post=17108"}],"curies":[{"name":"wp","href":"https:\/\/api.w.org\/{rel}","templated":true}]}}