{"id":17189,"date":"2025-06-20T19:17:12","date_gmt":"2025-06-20T23:17:12","guid":{"rendered":"http:\/\/www.multicasa.com.br\/cuiaba\/?post_type=product&#038;p=17189"},"modified":"2025-08-18T01:37:03","modified_gmt":"2025-08-18T05:37:03","slug":"broca-sds-plus-pon-refor-10m-ingco","status":"publish","type":"product","link":"https:\/\/www.multicasa.com.br\/cuiaba\/produto\/broca-sds-plus-pon-refor-10m-ingco\/","title":{"rendered":"BROCA SDS PLUS PON.REFOR 10M INGCO<br>SKU: 2203017"},"content":{"rendered":"<p>Design em espiral permite uma sa\u00edda de p\u00f3 mais eficaz, mais<br \/>\nestabilidade e menos vibra\u00e7\u00e3o. Resistente a altas temperaturas garantindo maior vida \u00fatil.<\/p>\n","protected":false},"excerpt":{"rendered":"<h4 style=\"margin: 0px;padding: 0px 0px 16px;font-family: Lato, sans-serif;font-weight: bold;line-height: 3rem;color: var(--dark-grey3);font-size: 22px;font-style: normal;letter-spacing: normal;text-align: start;text-indent: 0px;text-transform: none\">Informa\u00e7\u00f5es t\u00e9cnicas<\/h4>\n<p><span style=\"margin: 0px;padding: 0px;font-weight: 450;font-size: 14px;line-height: 21px;color: var(--dark-grey2);font-family: Lato, sans-serif;font-style: normal;letter-spacing: normal;text-align: start;text-indent: 0px;text-transform: none\">\u0095 Broca para granito, bet\u00e3o, alvenaria, pedra calc\u00e1ria.<br \/>\n\u0095 Design em espiral permite uma sa\u00edda de p\u00f3 mais eficaz, mais<br \/>\nestabilidade e menos vibra\u00e7\u00e3o.<br \/>\n\u0095 Ponta da broca em carboneto de tungst\u00eanio com guia<br \/>\ncentralizador.<br \/>\n\u0095 Resistente a altas temperaturas garantindo maior vida \u00fatil.<\/span><\/p>\n","protected":false},"featured_media":24720,"template":"","meta":{"_joinchat":[]},"product_brand":[],"product_cat":[152],"product_tag":[],"class_list":{"0":"post-17189","1":"product","2":"type-product","3":"status-publish","4":"has-post-thumbnail","6":"product_cat-ferramentas-eletricas","8":"first","9":"instock","10":"shipping-taxable","11":"purchasable","12":"product-type-simple"},"_links":{"self":[{"href":"https:\/\/www.multicasa.com.br\/cuiaba\/wp-json\/wp\/v2\/product\/17189","targetHints":{"allow":["GET"]}}],"collection":[{"href":"https:\/\/www.multicasa.com.br\/cuiaba\/wp-json\/wp\/v2\/product"}],"about":[{"href":"https:\/\/www.multicasa.com.br\/cuiaba\/wp-json\/wp\/v2\/types\/product"}],"wp:featuredmedia":[{"embeddable":true,"href":"https:\/\/www.multicasa.com.br\/cuiaba\/wp-json\/wp\/v2\/media\/24720"}],"wp:attachment":[{"href":"https:\/\/www.multicasa.com.br\/cuiaba\/wp-json\/wp\/v2\/media?parent=17189"}],"wp:term":[{"taxonomy":"product_brand","embeddable":true,"href":"https:\/\/www.multicasa.com.br\/cuiaba\/wp-json\/wp\/v2\/product_brand?post=17189"},{"taxonomy":"product_cat","embeddable":true,"href":"https:\/\/www.multicasa.com.br\/cuiaba\/wp-json\/wp\/v2\/product_cat?post=17189"},{"taxonomy":"product_tag","embeddable":true,"href":"https:\/\/www.multicasa.com.br\/cuiaba\/wp-json\/wp\/v2\/product_tag?post=17189"}],"curies":[{"name":"wp","href":"https:\/\/api.w.org\/{rel}","templated":true}]}}