{"id":17345,"date":"2025-06-20T19:18:06","date_gmt":"2025-06-20T23:18:06","guid":{"rendered":"http:\/\/www.multicasa.com.br\/cuiaba\/?post_type=product&#038;p=17345"},"modified":"2025-11-25T11:04:51","modified_gmt":"2025-11-25T15:04:51","slug":"torneira-de-esfera-jardim-tanque-1-2-1130-lorenzetti","status":"publish","type":"product","link":"https:\/\/www.multicasa.com.br\/cuiaba\/produto\/torneira-de-esfera-jardim-tanque-1-2-1130-lorenzetti\/","title":{"rendered":"Torneira De Esfera Jardim\/Tanque 1\/2 1130 Lorenzetti<br>SKU: 4069153"},"content":{"rendered":"<p>Com a torneira para tanque 1130 F34 Lorenzetti, lavar o quintal, a roupa ou dar banho no cachorro ficar\u00e3o mais f\u00e1ceis. Todo mundo tem um tanque em casa e precisa de uma torneira para equip\u00e1-lo. Pensando nisso, a Lorenzetti criou esse modelo para a parte externa de sua casa. Conta com uma estrutura feita de um pl\u00e1stico r\u00edgido, esse material diferencia o item das outras torneiras e deixa-o mais moderno. Al\u00e9m de ser de f\u00e1cil instala\u00e7\u00e3o e manuseio. Possui mecanismo de veda\u00e7\u00e3o cer\u00e2mica, que gera maior economia de \u00e1gua. Pode ser instalada na lavanderia ou em outro local de sua prefer\u00eancia. Com garantia de doze anos (Assist\u00eancia T\u00e9cnica Lorenzetti).<\/p>\n","protected":false},"excerpt":{"rendered":"<h4 style=\"margin: 0px;padding: 0px 0px 16px;font-family: Lato, sans-serif;font-weight: bold;line-height: 3rem;color: var(--dark-grey3);font-size: 22px;font-style: normal;letter-spacing: normal;text-align: start;text-indent: 0px;text-transform: none\">Informa\u00e7\u00f5es t\u00e9cnicas<\/h4>\n<p><span style=\"margin: 0px;padding: 0px;font-weight: 450;font-size: 14px;line-height: 21px;color: var(--dark-grey2);font-family: Lato, sans-serif;font-style: normal;letter-spacing: normal;text-align: start;text-indent: 0px;text-transform: none\">PRODUTO: TORNEIRA JARD\/TANQ.ESF.1\/2 1130 LOR<br \/>\nMARCA: LORENZETTI<br \/>\nCARACTER\u00cdSTICAS:<br \/>\n\u0095 Dimens\u00f5es AxLxP (mm): 109x61x126;<br \/>\n\u0095 Material:Pl\u00e1stico;<br \/>\n\u0095 Cor: Branco;<br \/>\n\u0095 Garantia: 1 ano junto ao fabricante;<br \/>\n\u0095 Conex\u00e3o de Entrada:1\/2&#8243;;<br \/>\n\u0095 Press\u00e3o de Funcionamento:M\u00e1ximo de 400kPa \/ 40m.c.a;<br \/>\n\u0095 Local de Uso:Parede;<br \/>\n\u0095 Mobilidade Bica:Fixa.<\/span><\/p>\n","protected":false},"featured_media":26126,"template":"","meta":{"_joinchat":[]},"product_brand":[],"product_cat":[67],"product_tag":[],"class_list":{"0":"post-17345","1":"product","2":"type-product","3":"status-publish","4":"has-post-thumbnail","6":"product_cat-torneiras-e-cia","8":"first","9":"instock","10":"shipping-taxable","11":"purchasable","12":"product-type-simple"},"_links":{"self":[{"href":"https:\/\/www.multicasa.com.br\/cuiaba\/wp-json\/wp\/v2\/product\/17345","targetHints":{"allow":["GET"]}}],"collection":[{"href":"https:\/\/www.multicasa.com.br\/cuiaba\/wp-json\/wp\/v2\/product"}],"about":[{"href":"https:\/\/www.multicasa.com.br\/cuiaba\/wp-json\/wp\/v2\/types\/product"}],"wp:featuredmedia":[{"embeddable":true,"href":"https:\/\/www.multicasa.com.br\/cuiaba\/wp-json\/wp\/v2\/media\/26126"}],"wp:attachment":[{"href":"https:\/\/www.multicasa.com.br\/cuiaba\/wp-json\/wp\/v2\/media?parent=17345"}],"wp:term":[{"taxonomy":"product_brand","embeddable":true,"href":"https:\/\/www.multicasa.com.br\/cuiaba\/wp-json\/wp\/v2\/product_brand?post=17345"},{"taxonomy":"product_cat","embeddable":true,"href":"https:\/\/www.multicasa.com.br\/cuiaba\/wp-json\/wp\/v2\/product_cat?post=17345"},{"taxonomy":"product_tag","embeddable":true,"href":"https:\/\/www.multicasa.com.br\/cuiaba\/wp-json\/wp\/v2\/product_tag?post=17345"}],"curies":[{"name":"wp","href":"https:\/\/api.w.org\/{rel}","templated":true}]}}