{"id":17372,"date":"2025-06-20T19:18:16","date_gmt":"2025-06-20T23:18:16","guid":{"rendered":"http:\/\/www.multicasa.com.br\/cuiaba\/?post_type=product&#038;p=17372"},"modified":"2026-01-24T11:20:26","modified_gmt":"2026-01-24T15:20:26","slug":"disjuntor-bipolar-din-de-curva-c-steck-2x50a-bivolt","status":"publish","type":"product","link":"https:\/\/www.multicasa.com.br\/cuiaba\/produto\/disjuntor-bipolar-din-de-curva-c-steck-2x50a-bivolt\/","title":{"rendered":"Disjuntor Bipolar Din de Curva C Steck 2x50A Bivolt<br>SKU: 1029207"},"content":{"rendered":"<p>O Disjuntor Bipolar Din Curva C Steck trabalha com corrente nominal de 50A com alimenta\u00e7\u00e3o bivolt. Com corrente nominal de 50a e tens\u00e3o de 230\/400v, \u00e9 ideal para prote\u00e7\u00e3o de circuitos em geral que tamb\u00e9m possam ter cargas indutivas e apresentem picos de corrente no momento da liga\u00e7\u00e3o como micro-ondas, ar condicionado e motores para bombas. Com frequ\u00eancia de 50\/60hz, s\u00e3o constru\u00eddos seguindo as normas t\u00e9cnicas e podem ser aplicados em todo tipo de instala\u00e7\u00f5es residenciais, comerciais e industriais de baixa tens\u00e3o em corrente alternada. Possui alta tecnologia de disparo livre, sendo acionado mesmo com a manopla travada na posi\u00e7\u00e3o on. Ideal para estabilizar e assegurar rede el\u00e9trica.<\/p>\n","protected":false},"excerpt":{"rendered":"<h4 style=\"margin: 0px;padding: 0px 0px 16px;font-family: Lato, sans-serif;font-weight: bold;line-height: 3rem;color: var(--dark-grey3);font-size: 22px;font-style: normal;letter-spacing: normal;text-align: start;text-indent: 0px;text-transform: none\">Informa\u00e7\u00f5es t\u00e9cnicas<\/h4>\n<p><span style=\"margin: 0px;padding: 0px;font-weight: 450;font-size: 14px;line-height: 21px;color: var(--dark-grey2);font-family: Lato, sans-serif;font-style: normal;letter-spacing: normal;text-align: start;text-indent: 0px;text-transform: none\">Produto: Disjuntor Bipolar de Curva C<br \/>\nMarca: Steck<br \/>\nCor: Gelo, vermelho<br \/>\nTens\u00e3o El\u00e9trica: Bivolt<br \/>\nTens\u00e3o de Opera\u00e7\u00e3o: 230 &#8211; 400V<br \/>\nCorrente Nominal: 50A<br \/>\nUso indicado: Para circuitos com carga indutiva com picos de corrente<br \/>\nCaracter\u00edsticas: Compat\u00edvel com Curva C<br \/>\nFrequ\u00eancia de 50\/60hz<br \/>\nTecnologia de disparo livre<br \/>\nItens inclusos: 1 Disjuntor Bipolar 50A<br \/>\nDimens\u00f5es do produto (A X L X P): 7,88 x 6,9 x 3,6cm<\/span><\/p>\n","protected":false},"featured_media":25065,"template":"","meta":{"_joinchat":[]},"product_brand":[],"product_cat":[122],"product_tag":[],"class_list":{"0":"post-17372","1":"product","2":"type-product","3":"status-publish","4":"has-post-thumbnail","6":"product_cat-quadros-e-cia","8":"first","9":"instock","10":"shipping-taxable","11":"purchasable","12":"product-type-simple"},"_links":{"self":[{"href":"https:\/\/www.multicasa.com.br\/cuiaba\/wp-json\/wp\/v2\/product\/17372","targetHints":{"allow":["GET"]}}],"collection":[{"href":"https:\/\/www.multicasa.com.br\/cuiaba\/wp-json\/wp\/v2\/product"}],"about":[{"href":"https:\/\/www.multicasa.com.br\/cuiaba\/wp-json\/wp\/v2\/types\/product"}],"wp:featuredmedia":[{"embeddable":true,"href":"https:\/\/www.multicasa.com.br\/cuiaba\/wp-json\/wp\/v2\/media\/25065"}],"wp:attachment":[{"href":"https:\/\/www.multicasa.com.br\/cuiaba\/wp-json\/wp\/v2\/media?parent=17372"}],"wp:term":[{"taxonomy":"product_brand","embeddable":true,"href":"https:\/\/www.multicasa.com.br\/cuiaba\/wp-json\/wp\/v2\/product_brand?post=17372"},{"taxonomy":"product_cat","embeddable":true,"href":"https:\/\/www.multicasa.com.br\/cuiaba\/wp-json\/wp\/v2\/product_cat?post=17372"},{"taxonomy":"product_tag","embeddable":true,"href":"https:\/\/www.multicasa.com.br\/cuiaba\/wp-json\/wp\/v2\/product_tag?post=17372"}],"curies":[{"name":"wp","href":"https:\/\/api.w.org\/{rel}","templated":true}]}}