{"id":17600,"date":"2025-06-20T19:21:22","date_gmt":"2025-06-20T23:21:22","guid":{"rendered":"http:\/\/www.multicasa.com.br\/cuiaba\/?post_type=product&#038;p=17600"},"modified":"2026-04-23T09:20:34","modified_gmt":"2026-04-23T13:20:34","slug":"mini-varal-oval-com-24-prendedores-flashlimp","status":"publish","type":"product","link":"https:\/\/www.multicasa.com.br\/cuiaba\/produto\/mini-varal-oval-com-24-prendedores-flashlimp\/","title":{"rendered":"Mini Varal Oval Com 24 Prendedores Flashlimp<br>SKU: 2055263"},"content":{"rendered":"<p>Com o Mini Varal Oval Flashlimp o seu dia a dia se tornar\u00e1 mais pr\u00e1tico! Feito de pl\u00e1stico resistente com 24 pregadores para pendurar cada pe\u00e7a separadamente, vem tamb\u00e9m com ganho girat\u00f3rio para pendurar na corda, facilitando na hora de guardar quando n\u00e3o estiver usando. O mini varal vai trazer a praticidade na hora de secar pe\u00e7as de roupas mais delicadas, como calcinhas, cuecas, meias e panos pequenos.<\/p>\n","protected":false},"excerpt":{"rendered":"<h4 style=\"margin: 0px;padding: 0px 0px 16px;font-family: Lato, sans-serif;font-weight: bold;line-height: 3rem;color: var(--dark-grey3);font-size: 22px;font-style: normal;letter-spacing: normal;text-align: start;text-indent: 0px;text-transform: none\">Informa\u00e7\u00f5es t\u00e9cnicas<\/h4>\n<p><span style=\"margin: 0px;padding: 0px;font-weight: 450;font-size: 14px;line-height: 21px;color: var(--dark-grey2);font-family: Lato, sans-serif;font-style: normal;letter-spacing: normal;text-align: start;text-indent: 0px;text-transform: none\">Produto: Varal Multiuso<br \/>\nMarca: Flashlimp<br \/>\nMaterial: Pl\u00e1stico<br \/>\nCor: Branco e verde<br \/>\nCaracter\u00edsticas: 24 prendedores<br \/>\nItens Inclusoss: 1 varal multiuso<br \/>\nDimens\u00f5es do produto (A x L x P): 30 x 45 x 32cm<br \/>\n<\/span><\/p>\n","protected":false},"featured_media":25564,"template":"","meta":{"_joinchat":[]},"product_brand":[],"product_cat":[95],"product_tag":[],"class_list":{"0":"post-17600","1":"product","2":"type-product","3":"status-publish","4":"has-post-thumbnail","6":"product_cat-lavanderia","8":"first","9":"instock","10":"shipping-taxable","11":"purchasable","12":"product-type-simple"},"_links":{"self":[{"href":"https:\/\/www.multicasa.com.br\/cuiaba\/wp-json\/wp\/v2\/product\/17600","targetHints":{"allow":["GET"]}}],"collection":[{"href":"https:\/\/www.multicasa.com.br\/cuiaba\/wp-json\/wp\/v2\/product"}],"about":[{"href":"https:\/\/www.multicasa.com.br\/cuiaba\/wp-json\/wp\/v2\/types\/product"}],"wp:featuredmedia":[{"embeddable":true,"href":"https:\/\/www.multicasa.com.br\/cuiaba\/wp-json\/wp\/v2\/media\/25564"}],"wp:attachment":[{"href":"https:\/\/www.multicasa.com.br\/cuiaba\/wp-json\/wp\/v2\/media?parent=17600"}],"wp:term":[{"taxonomy":"product_brand","embeddable":true,"href":"https:\/\/www.multicasa.com.br\/cuiaba\/wp-json\/wp\/v2\/product_brand?post=17600"},{"taxonomy":"product_cat","embeddable":true,"href":"https:\/\/www.multicasa.com.br\/cuiaba\/wp-json\/wp\/v2\/product_cat?post=17600"},{"taxonomy":"product_tag","embeddable":true,"href":"https:\/\/www.multicasa.com.br\/cuiaba\/wp-json\/wp\/v2\/product_tag?post=17600"}],"curies":[{"name":"wp","href":"https:\/\/api.w.org\/{rel}","templated":true}]}}