{"id":17690,"date":"2025-06-20T19:22:32","date_gmt":"2025-06-20T23:22:32","guid":{"rendered":"http:\/\/www.multicasa.com.br\/cuiaba\/?post_type=product&#038;p=17690"},"modified":"2026-01-24T11:20:53","modified_gmt":"2026-01-24T15:20:53","slug":"cimento-cinza-fortaleza-1kg","status":"publish","type":"product","link":"https:\/\/www.multicasa.com.br\/cuiaba\/produto\/cimento-cinza-fortaleza-1kg\/","title":{"rendered":"Cimento Cinza Fortaleza 1kg<br>SKU: 3154637"},"content":{"rendered":"<p>Use o cimento cinza Fortaleza para garantir \u00f3timo acabamento aos pequenos reparos e preenchimento em juntas de at\u00e9 3mm em \u00e1reas internas. O cimentinho Fortaleza \u00e9 um produto de alt\u00edssima qualidade que possibilita menor consumo de pigmentos, te ajudando na economia. Lembre-se de utilizar equipamentos de prote\u00e7\u00e3o para manuse\u00e1-lo.<\/p>\n","protected":false},"excerpt":{"rendered":"<h4 style=\"margin: 0px;padding: 0px 0px 16px;font-family: Lato, sans-serif;font-weight: bold;line-height: 3rem;color: var(--dark-grey3);font-size: 22px;font-style: normal;letter-spacing: normal;text-align: start;text-indent: 0px;text-transform: none\">Informa\u00e7\u00f5es t\u00e9cnicas<\/h4>\n<p><span style=\"margin: 0px;padding: 0px;font-weight: 450;font-size: 14px;line-height: 21px;color: var(--dark-grey2);font-family: Lato, sans-serif;font-style: normal;letter-spacing: normal;text-align: start;text-indent: 0px;text-transform: none\">Produto: Cimentinho<br \/>\nMarca: Fortaleza<br \/>\nComposi\u00e7\u00e3o: Sulfato de c\u00e1lcio<br \/>\nSilicato de c\u00e1lcio<br \/>\nAluminato de c\u00e1lcio<br \/>\nFiller carbon\u00e1tico<br \/>\nCor: Cinza<br \/>\nConte\u00fado: 1Kg<br \/>\nCaracter\u00edsticas: \u00d3timo acabamento<br \/>\nPara pequenos reparos<br \/>\nItens inclusos: 1 cimentinho<br \/>\n<\/span><\/p>\n","protected":false},"featured_media":17754,"template":"","meta":{"_joinchat":[]},"product_brand":[],"product_cat":[147],"product_tag":[],"class_list":{"0":"post-17690","1":"product","2":"type-product","3":"status-publish","4":"has-post-thumbnail","6":"product_cat-basicos","8":"first","9":"instock","10":"shipping-taxable","11":"purchasable","12":"product-type-simple"},"_links":{"self":[{"href":"https:\/\/www.multicasa.com.br\/cuiaba\/wp-json\/wp\/v2\/product\/17690","targetHints":{"allow":["GET"]}}],"collection":[{"href":"https:\/\/www.multicasa.com.br\/cuiaba\/wp-json\/wp\/v2\/product"}],"about":[{"href":"https:\/\/www.multicasa.com.br\/cuiaba\/wp-json\/wp\/v2\/types\/product"}],"wp:featuredmedia":[{"embeddable":true,"href":"https:\/\/www.multicasa.com.br\/cuiaba\/wp-json\/wp\/v2\/media\/17754"}],"wp:attachment":[{"href":"https:\/\/www.multicasa.com.br\/cuiaba\/wp-json\/wp\/v2\/media?parent=17690"}],"wp:term":[{"taxonomy":"product_brand","embeddable":true,"href":"https:\/\/www.multicasa.com.br\/cuiaba\/wp-json\/wp\/v2\/product_brand?post=17690"},{"taxonomy":"product_cat","embeddable":true,"href":"https:\/\/www.multicasa.com.br\/cuiaba\/wp-json\/wp\/v2\/product_cat?post=17690"},{"taxonomy":"product_tag","embeddable":true,"href":"https:\/\/www.multicasa.com.br\/cuiaba\/wp-json\/wp\/v2\/product_tag?post=17690"}],"curies":[{"name":"wp","href":"https:\/\/api.w.org\/{rel}","templated":true}]}}