{"id":17725,"date":"2025-06-20T19:22:56","date_gmt":"2025-06-20T23:22:56","guid":{"rendered":"http:\/\/www.multicasa.com.br\/cuiaba\/?post_type=product&#038;p=17725"},"modified":"2026-03-30T16:50:48","modified_gmt":"2026-03-30T20:50:48","slug":"organizador-de-comprimidos-semanal-transparente-14-divisorias-sanremo","status":"publish","type":"product","link":"https:\/\/www.multicasa.com.br\/cuiaba\/produto\/organizador-de-comprimidos-semanal-transparente-14-divisorias-sanremo\/","title":{"rendered":"Organizador de Comprimidos Semanal Transparente 14 Divis\u00f3rias Sanremo<br>SKU: 3463214"},"content":{"rendered":"<p>Organizador de Comprimidos Semanal Sanremo, confeccionado em pl\u00e1stico transparente, armazena os comprimidos e c\u00e1psulas. Organiza os medicamentos por dias da semana para ajudar na administra\u00e7\u00e3o do consumo dos rem\u00e9dios e evitar que esque\u00e7a de tom\u00e1-los.<br \/>\nTraga praticidade para o seu dia a dia e organize seus medicamentos com facilidade!<\/p>\n","protected":false},"excerpt":{"rendered":"<h4 style=\"margin: 0px;padding: 0px 0px 16px;font-family: Lato, sans-serif;font-weight: bold;line-height: 3rem;color: var(--dark-grey3);font-size: 22px;font-style: normal;letter-spacing: normal;text-align: start;text-indent: 0px;text-transform: none\">Informa\u00e7\u00f5es t\u00e9cnicas<\/h4>\n<p><span style=\"margin: 0px;padding: 0px;font-weight: 450;font-size: 14px;line-height: 21px;color: var(--dark-grey2);font-family: Lato, sans-serif;font-style: normal;letter-spacing: normal;text-align: start;text-indent: 0px;text-transform: none\">Produto: Porta comprimidos<br \/>\nMarca: Sanremo<br \/>\nMaterial: Pl\u00e1stico<br \/>\nCaracter\u00edsticas: Transparente<br \/>\nDividido em dias da semana<br \/>\n14 divis\u00f3rias<br \/>\nItens Inclusos: 1 porta comprimidos<br \/>\nDimens\u00f5es do produto (A x L x P): 2,6 x 14,6 x 8,1cm<br \/>\n<\/span><\/p>\n","protected":false},"featured_media":25634,"template":"","meta":{"_joinchat":[]},"product_brand":[],"product_cat":[98],"product_tag":[],"class_list":{"0":"post-17725","1":"product","2":"type-product","3":"status-publish","4":"has-post-thumbnail","6":"product_cat-organizadores","8":"first","9":"instock","10":"shipping-taxable","11":"purchasable","12":"product-type-simple"},"_links":{"self":[{"href":"https:\/\/www.multicasa.com.br\/cuiaba\/wp-json\/wp\/v2\/product\/17725","targetHints":{"allow":["GET"]}}],"collection":[{"href":"https:\/\/www.multicasa.com.br\/cuiaba\/wp-json\/wp\/v2\/product"}],"about":[{"href":"https:\/\/www.multicasa.com.br\/cuiaba\/wp-json\/wp\/v2\/types\/product"}],"wp:featuredmedia":[{"embeddable":true,"href":"https:\/\/www.multicasa.com.br\/cuiaba\/wp-json\/wp\/v2\/media\/25634"}],"wp:attachment":[{"href":"https:\/\/www.multicasa.com.br\/cuiaba\/wp-json\/wp\/v2\/media?parent=17725"}],"wp:term":[{"taxonomy":"product_brand","embeddable":true,"href":"https:\/\/www.multicasa.com.br\/cuiaba\/wp-json\/wp\/v2\/product_brand?post=17725"},{"taxonomy":"product_cat","embeddable":true,"href":"https:\/\/www.multicasa.com.br\/cuiaba\/wp-json\/wp\/v2\/product_cat?post=17725"},{"taxonomy":"product_tag","embeddable":true,"href":"https:\/\/www.multicasa.com.br\/cuiaba\/wp-json\/wp\/v2\/product_tag?post=17725"}],"curies":[{"name":"wp","href":"https:\/\/api.w.org\/{rel}","templated":true}]}}