{"id":17776,"date":"2025-06-20T19:23:42","date_gmt":"2025-06-20T23:23:42","guid":{"rendered":"http:\/\/www.multicasa.com.br\/cuiaba\/?post_type=product&#038;p=17776"},"modified":"2026-03-10T14:20:29","modified_gmt":"2026-03-10T18:20:29","slug":"plugue-2pt-3-saidas-branco-daneva-10a","status":"publish","type":"product","link":"https:\/\/www.multicasa.com.br\/cuiaba\/produto\/plugue-2pt-3-saidas-branco-daneva-10a\/","title":{"rendered":"Plugue 2P+T 3 Sa\u00eddas Branco Daneva 10A<br>SKU: 3515737"},"content":{"rendered":"<p>Com o plugue 2P+T com 3 sa\u00eddas branco Daneva \u00e9 poss\u00edvel conectar at\u00e9 3 aparelhos simult\u00e2neamente a uma \u00fanica tomada. Produzido com o corpo de pl\u00e1stico e terminais em lat\u00e3o, foi desenvolvido de acordo com o novo padr\u00e3o brasileiro de tomadas.<\/p>\n","protected":false},"excerpt":{"rendered":"<h4 style=\"margin: 0px;padding: 0px 0px 16px;font-family: Lato, sans-serif;font-weight: bold;line-height: 3rem;color: var(--dark-grey3);font-size: 22px;font-style: normal;letter-spacing: normal;text-align: start;text-indent: 0px;text-transform: none\">Informa\u00e7\u00f5es t\u00e9cnicas<\/h4>\n<p><span style=\"margin: 0px;padding: 0px;font-weight: 450;font-size: 14px;line-height: 21px;color: var(--dark-grey2);font-family: Lato, sans-serif;font-style: normal;letter-spacing: normal;text-align: start;text-indent: 0px;text-transform: none\">Produto: Plugue tomada<br \/>\nMarca: Daneva<br \/>\nMaterial: Polipropileno<br \/>\nTerminais em lat\u00e3o<br \/>\nCor: Branco e verde<br \/>\nCaracter\u00edsticas: Para correntes de 10a<br \/>\nPossui 3 sa\u00eddas tripolares<br \/>\nDe acordo com o novo padr\u00e3o brasileiro de tomadas NBR 14136<br \/>\nSelo Inmetro<br \/>\nItens inclusos: 1 Plugue tomada<br \/>\n<\/span><\/p>\n","protected":false},"featured_media":25765,"template":"","meta":{"_joinchat":[]},"product_brand":[],"product_cat":[120],"product_tag":[],"class_list":{"0":"post-17776","1":"product","2":"type-product","3":"status-publish","4":"has-post-thumbnail","6":"product_cat-extencoes-e-cia","8":"first","9":"instock","10":"shipping-taxable","11":"purchasable","12":"product-type-simple"},"_links":{"self":[{"href":"https:\/\/www.multicasa.com.br\/cuiaba\/wp-json\/wp\/v2\/product\/17776","targetHints":{"allow":["GET"]}}],"collection":[{"href":"https:\/\/www.multicasa.com.br\/cuiaba\/wp-json\/wp\/v2\/product"}],"about":[{"href":"https:\/\/www.multicasa.com.br\/cuiaba\/wp-json\/wp\/v2\/types\/product"}],"wp:featuredmedia":[{"embeddable":true,"href":"https:\/\/www.multicasa.com.br\/cuiaba\/wp-json\/wp\/v2\/media\/25765"}],"wp:attachment":[{"href":"https:\/\/www.multicasa.com.br\/cuiaba\/wp-json\/wp\/v2\/media?parent=17776"}],"wp:term":[{"taxonomy":"product_brand","embeddable":true,"href":"https:\/\/www.multicasa.com.br\/cuiaba\/wp-json\/wp\/v2\/product_brand?post=17776"},{"taxonomy":"product_cat","embeddable":true,"href":"https:\/\/www.multicasa.com.br\/cuiaba\/wp-json\/wp\/v2\/product_cat?post=17776"},{"taxonomy":"product_tag","embeddable":true,"href":"https:\/\/www.multicasa.com.br\/cuiaba\/wp-json\/wp\/v2\/product_tag?post=17776"}],"curies":[{"name":"wp","href":"https:\/\/api.w.org\/{rel}","templated":true}]}}