{"id":18117,"date":"2025-06-20T19:27:56","date_gmt":"2025-06-20T23:27:56","guid":{"rendered":"http:\/\/www.multicasa.com.br\/cuiaba\/?post_type=product&#038;p=18117"},"modified":"2025-08-18T00:07:02","modified_gmt":"2025-08-18T04:07:02","slug":"ducha-advanced-turbo-multitemperaturas-5500w-127v-lorezetti","status":"publish","type":"product","link":"https:\/\/www.multicasa.com.br\/cuiaba\/produto\/ducha-advanced-turbo-multitemperaturas-5500w-127v-lorezetti\/","title":{"rendered":"Ducha Advanced Turbo Multitemperaturas 5500W 127V Lorezetti<br>SKU: 3111059"},"content":{"rendered":"<p> A Ducha Advanced Turbo Multitemperatura \u00e9 ideal para todos os dias do ano. Atrav\u00e9s de seu controle eletr\u00f4nico de temperaturas, permite uma sele\u00e7\u00e3o simples, gradual e precisa. O controle eletr\u00f4nico proporciona mais economia de energia em dias mais quentes, evitando que se utilize uma temperatura e quantidade de \u00e1gua maior para ter um banho confort\u00e1vel. \u00c9 ideal para resid\u00eancias com pouca press\u00e3o de \u00e1gua, e conta com uma verdadeira tecnologia de pressuriza\u00e7\u00e3o de \u00e1gua, tornando o banho mais gostoso e relaxante. Sua resist\u00eancia \u00e9 de troca r\u00e1pida, e seu tipo de refil \u00e9 de f\u00e1cil acesso. Al\u00e9m disso, cont\u00e9m grande espalhador que lhe proporciona mais satisfa\u00e7\u00e3o em seu banho e haste de comando, possibilitando a trocar de temperaturas ao alcance das m\u00e3os.<\/p>\n","protected":false},"excerpt":{"rendered":"<h4 style=\"margin: 0px;padding: 0px 0px 16px;font-family: Lato, sans-serif;font-weight: bold;line-height: 3rem;color: var(--dark-grey3);font-size: 22px;font-style: normal;letter-spacing: normal;text-align: start;text-indent: 0px;text-transform: none\">Informa\u00e7\u00f5es t\u00e9cnicas<\/h4>\n<p><span style=\"margin: 0px;padding: 0px;font-weight: 450;font-size: 14px;line-height: 21px;color: var(--dark-grey2);font-family: Lato, sans-serif;font-style: normal;letter-spacing: normal;text-align: start;text-indent: 0px;text-transform: none\">Produto: DUCHA ADV. TURB. MULT. 5500W 127V<br \/>\nMarca: LORENZETTI<br \/>\nCor: BRANCO<\/p>\n<p>&#8211; IP24;<br \/>\n&#8211; Sistema de aterramento;<br \/>\n&#8211; Comando Multitemperaturas;<br \/>\n&#8211; Comp\u00e1tivel com DR*;<br \/>\n&#8211; Mangueira com ducha manual;<br \/>\n&#8211; Instala\u00e7\u00e3o sem cano;<br \/>\n&#8211; Com Pressurizador;<br \/>\n&#8211; Compat\u00edvel com Aquecimento Solar;<br \/>\n&#8211; Garantia de 1 ano;<br \/>\n&#8211; 127V<br \/>\n&#8211; 5000W.<\/span><\/p>\n","protected":false},"featured_media":18124,"template":"","meta":{"_joinchat":[]},"product_brand":[],"product_cat":[71],"product_tag":[],"class_list":{"0":"post-18117","1":"product","2":"type-product","3":"status-publish","4":"has-post-thumbnail","6":"product_cat-chuveiros","8":"first","9":"instock","10":"shipping-taxable","11":"purchasable","12":"product-type-simple"},"_links":{"self":[{"href":"https:\/\/www.multicasa.com.br\/cuiaba\/wp-json\/wp\/v2\/product\/18117","targetHints":{"allow":["GET"]}}],"collection":[{"href":"https:\/\/www.multicasa.com.br\/cuiaba\/wp-json\/wp\/v2\/product"}],"about":[{"href":"https:\/\/www.multicasa.com.br\/cuiaba\/wp-json\/wp\/v2\/types\/product"}],"wp:featuredmedia":[{"embeddable":true,"href":"https:\/\/www.multicasa.com.br\/cuiaba\/wp-json\/wp\/v2\/media\/18124"}],"wp:attachment":[{"href":"https:\/\/www.multicasa.com.br\/cuiaba\/wp-json\/wp\/v2\/media?parent=18117"}],"wp:term":[{"taxonomy":"product_brand","embeddable":true,"href":"https:\/\/www.multicasa.com.br\/cuiaba\/wp-json\/wp\/v2\/product_brand?post=18117"},{"taxonomy":"product_cat","embeddable":true,"href":"https:\/\/www.multicasa.com.br\/cuiaba\/wp-json\/wp\/v2\/product_cat?post=18117"},{"taxonomy":"product_tag","embeddable":true,"href":"https:\/\/www.multicasa.com.br\/cuiaba\/wp-json\/wp\/v2\/product_tag?post=18117"}],"curies":[{"name":"wp","href":"https:\/\/api.w.org\/{rel}","templated":true}]}}