{"id":18133,"date":"2025-06-20T19:28:05","date_gmt":"2025-06-20T23:28:05","guid":{"rendered":"http:\/\/www.multicasa.com.br\/cuiaba\/?post_type=product&#038;p=18133"},"modified":"2026-03-27T16:30:29","modified_gmt":"2026-03-27T20:30:29","slug":"argamassa-para-porcelanato-e-piso-sobre-piso-externo-20kg-cinza-quartzolit","status":"publish","type":"product","link":"https:\/\/www.multicasa.com.br\/cuiaba\/produto\/argamassa-para-porcelanato-e-piso-sobre-piso-externo-20kg-cinza-quartzolit\/","title":{"rendered":"Argamassa Para Porcelanato E Piso Sobre Piso Externo 20Kg Cinza Quartzolit<br>SKU: 3303926"},"content":{"rendered":"<p>Ideal para manter o seu porcelanato no lugar, bem colado e uniforme.<br \/>\nCaracter\u00edsticas: alta ader\u00eancia, indica\u00e7\u00e3o para locais com alto tr\u00e1fego de pessoas e grande flexibilidade e facilidade na aplica\u00e7\u00e3o.<br \/>\nRecomenda\u00e7\u00e3o de uso: aplic\u00e1-la em cozinhas, banheiros e \u00e1reas molhadas, garagem, parede, piso, salas e quartos. O produto \u00e9 ideal para porcelanatos de at\u00e9 100 x 100 cm.<br \/>\nRendimento: pode sofrer varia\u00e7\u00e3o de acordo com as medidas do porcelanato, pe\u00e7as de at\u00e9 30 x 30 cm, apresentam rendimento de 4 kg\/m\u00b2, enquanto as maiores rendem 8 kg\/m\u00b2.<\/p>\n","protected":false},"excerpt":{"rendered":"<h4 style=\"margin: 0px;padding: 0px 0px 16px;font-family: Lato, sans-serif;font-weight: bold;line-height: 3rem;color: var(--dark-grey3);font-size: 22px;font-style: normal;letter-spacing: normal;text-align: start;text-indent: 0px;text-transform: none\">Informa\u00e7\u00f5es t\u00e9cnicas<\/h4>\n<p><span style=\"margin: 0px;padding: 0px;font-weight: 450;font-size: 14px;line-height: 21px;color: var(--dark-grey2);font-family: Lato, sans-serif;font-style: normal;letter-spacing: normal;text-align: start;text-indent: 0px;text-transform: none\">Produto: ARGAMASSA PARA PORCELANATO E PISO SOBRE PISO<br \/>\nMarca: QUARTZOLIT<br \/>\n Tipo da Argamassa: Porcelanato<br \/>\nArgamassa para: Assentamento Cer\u00e2mico<br \/>\nArgamassa ideal para pe\u00e7as at\u00e9: 100 x 100 cm<br \/>\nProduto: Argamassa<br \/>\nCor: Cinza<br \/>\nLocais Indicados: Cozinhas, Banheiros e \u00c1reas Molhadas, Garagem, Parede, Piso e Salas e Quartos<br \/>\nRendimento em pe\u00e7as at\u00e9 30x30cm (camada simples): 4 Kg\/m\u00b2<br \/>\nRendimento em pe\u00e7as acima de 30x30cm (camada dupla): 8 Kg\/m\u00b2<br \/>\nTempo de Secagem: 72 h<br \/>\nAltura da Embalagem: 9 cm<br \/>\nLargura da Embalagem: 27 cm<br \/>\nPeso do Produto na Embalagem: 20 Kg<\/span><\/p>\n","protected":false},"featured_media":24624,"template":"","meta":{"_joinchat":[]},"product_brand":[],"product_cat":[147],"product_tag":[],"class_list":{"0":"post-18133","1":"product","2":"type-product","3":"status-publish","4":"has-post-thumbnail","6":"product_cat-basicos","8":"first","9":"instock","10":"shipping-taxable","11":"purchasable","12":"product-type-simple"},"_links":{"self":[{"href":"https:\/\/www.multicasa.com.br\/cuiaba\/wp-json\/wp\/v2\/product\/18133","targetHints":{"allow":["GET"]}}],"collection":[{"href":"https:\/\/www.multicasa.com.br\/cuiaba\/wp-json\/wp\/v2\/product"}],"about":[{"href":"https:\/\/www.multicasa.com.br\/cuiaba\/wp-json\/wp\/v2\/types\/product"}],"wp:featuredmedia":[{"embeddable":true,"href":"https:\/\/www.multicasa.com.br\/cuiaba\/wp-json\/wp\/v2\/media\/24624"}],"wp:attachment":[{"href":"https:\/\/www.multicasa.com.br\/cuiaba\/wp-json\/wp\/v2\/media?parent=18133"}],"wp:term":[{"taxonomy":"product_brand","embeddable":true,"href":"https:\/\/www.multicasa.com.br\/cuiaba\/wp-json\/wp\/v2\/product_brand?post=18133"},{"taxonomy":"product_cat","embeddable":true,"href":"https:\/\/www.multicasa.com.br\/cuiaba\/wp-json\/wp\/v2\/product_cat?post=18133"},{"taxonomy":"product_tag","embeddable":true,"href":"https:\/\/www.multicasa.com.br\/cuiaba\/wp-json\/wp\/v2\/product_tag?post=18133"}],"curies":[{"name":"wp","href":"https:\/\/api.w.org\/{rel}","templated":true}]}}