{"id":18706,"date":"2025-06-20T19:36:30","date_gmt":"2025-06-20T23:36:30","guid":{"rendered":"http:\/\/www.multicasa.com.br\/cuiaba\/?post_type=product&#038;p=18706"},"modified":"2026-04-09T14:51:13","modified_gmt":"2026-04-09T18:51:13","slug":"filtro-purificador-com-torneira-acqua-bella-branco-lorenzetti","status":"publish","type":"product","link":"https:\/\/www.multicasa.com.br\/cuiaba\/produto\/filtro-purificador-com-torneira-acqua-bella-branco-lorenzetti\/","title":{"rendered":"Filtro Purificador com Torneira Acqua Bella Branco Lorenzetti<br>SKU: 3288307"},"content":{"rendered":"<p>O Filtro Purificador Acqua Bella Branco Lorenzetti tem torneira girat\u00f3ria e permite lavar a lou\u00e7a ou utilizar a \u00e1gua filtrada para beber, preparar sucos, caf\u00e9s, ch\u00e1s e etc. Possui um sistema de filtragem compacta em tr\u00eas etapas que eliminam as bact\u00e9rias, sem falar na economia, sendo que um refil pode durar uma m\u00e9dia de 6 meses, filtrando aproximadamente 200 mil litros de \u00e1gua.<\/p>\n","protected":false},"excerpt":{"rendered":"<h4 style=\"margin: 0px;padding: 0px 0px 16px;font-family: Lato, sans-serif;font-weight: bold;line-height: 3rem;color: var(--dark-grey3);font-size: 22px;font-style: normal;letter-spacing: normal;text-align: start;text-indent: 0px;text-transform: none\">Informa\u00e7\u00f5es t\u00e9cnicas<\/h4>\n<p><span style=\"margin: 0px;padding: 0px;font-weight: 450;font-size: 14px;line-height: 21px;color: var(--dark-grey2);font-family: Lato, sans-serif;font-style: normal;letter-spacing: normal;text-align: start;text-indent: 0px;text-transform: none\">Produto: Torneira com filtro<br \/>\nMarca: Lorenzetti<br \/>\nMaterial: l\u00e1stico de engenharia<br \/>\nElast\u00f4meros<br \/>\nCer\u00e2mica<br \/>\nLat\u00e3o<br \/>\nN\u00edquel<br \/>\nCarv\u00e3o Vegetal<br \/>\nCor: Branco<br \/>\nCaracter\u00edsticas: Com torneira<br \/>\nElimina bact\u00e9rias<br \/>\nSistema de filtragem em 3 etapas<br \/>\nTorneira Girat\u00f3ria<br \/>\nItens inclusos: 1 Torneira com filtro<br \/>\nDimens\u00f5es do produto (A X L): 37 x 20cm<\/span><\/p>\n","protected":false},"featured_media":18767,"template":"","meta":{"_joinchat":[]},"product_brand":[],"product_cat":[67],"product_tag":[],"class_list":{"0":"post-18706","1":"product","2":"type-product","3":"status-publish","4":"has-post-thumbnail","6":"product_cat-torneiras-e-cia","8":"first","9":"instock","10":"featured","11":"shipping-taxable","12":"purchasable","13":"product-type-simple"},"_links":{"self":[{"href":"https:\/\/www.multicasa.com.br\/cuiaba\/wp-json\/wp\/v2\/product\/18706","targetHints":{"allow":["GET"]}}],"collection":[{"href":"https:\/\/www.multicasa.com.br\/cuiaba\/wp-json\/wp\/v2\/product"}],"about":[{"href":"https:\/\/www.multicasa.com.br\/cuiaba\/wp-json\/wp\/v2\/types\/product"}],"wp:featuredmedia":[{"embeddable":true,"href":"https:\/\/www.multicasa.com.br\/cuiaba\/wp-json\/wp\/v2\/media\/18767"}],"wp:attachment":[{"href":"https:\/\/www.multicasa.com.br\/cuiaba\/wp-json\/wp\/v2\/media?parent=18706"}],"wp:term":[{"taxonomy":"product_brand","embeddable":true,"href":"https:\/\/www.multicasa.com.br\/cuiaba\/wp-json\/wp\/v2\/product_brand?post=18706"},{"taxonomy":"product_cat","embeddable":true,"href":"https:\/\/www.multicasa.com.br\/cuiaba\/wp-json\/wp\/v2\/product_cat?post=18706"},{"taxonomy":"product_tag","embeddable":true,"href":"https:\/\/www.multicasa.com.br\/cuiaba\/wp-json\/wp\/v2\/product_tag?post=18706"}],"curies":[{"name":"wp","href":"https:\/\/api.w.org\/{rel}","templated":true}]}}