{"id":18785,"date":"2025-06-20T19:37:41","date_gmt":"2025-06-20T23:37:41","guid":{"rendered":"http:\/\/www.multicasa.com.br\/cuiaba\/?post_type=product&#038;p=18785"},"modified":"2026-04-25T09:20:21","modified_gmt":"2026-04-25T13:20:21","slug":"extensao-eletrica-3-tomadas-2pt-branco-force-line-10a-1m","status":"publish","type":"product","link":"https:\/\/www.multicasa.com.br\/cuiaba\/produto\/extensao-eletrica-3-tomadas-2pt-branco-force-line-10a-1m\/","title":{"rendered":"Extens\u00e3o El\u00e9trica 3 Tomadas 2P+T Branco Force Line 10A &#8211; 1m<br>SKU: 2046853"},"content":{"rendered":"<p>A Extens\u00e3o El\u00e9trica Force Line com 3 tomadas tripolares na cor branca com 10a \u00e9 a op\u00e7\u00e3o perfeita para voc\u00ea plugar aparelhos e dispositivos para \u00fatiliz\u00e1-los com seguran\u00e7a em qualquer ocasi\u00e3o. Com pot\u00eancia m\u00e1xima de 1270w para 127v e 2200w para 220v, tem seu plugue e tomada certificados pelas normas t\u00e9cnicas brasileiras. Seu cabo de 1 metro \u00e9 perfeito para utilizar e alcan\u00e7ar aparelhos em pontos mais distantes da tomada principal.<\/p>\n","protected":false},"excerpt":{"rendered":"<h4 style=\"margin: 0px;padding: 0px 0px 16px;font-family: Lato, sans-serif;font-weight: bold;line-height: 3rem;color: var(--dark-grey3);font-size: 22px;font-style: normal;letter-spacing: normal;text-align: start;text-indent: 0px;text-transform: none\">Informa\u00e7\u00f5es t\u00e9cnicas<\/h4>\n<p><span style=\"margin: 0px;padding: 0px;font-weight: 450;font-size: 14px;line-height: 21px;color: var(--dark-grey2);font-family: Lato, sans-serif;font-style: normal;letter-spacing: normal;text-align: start;text-indent: 0px;text-transform: none\">Produto: Extens\u00e3o El\u00e9trica<br \/>\nMarca: Force Line<br \/>\nMaterial: Polipropileno<br \/>\nCor: Branco<br \/>\nPot\u00eancia: 1270w ~ 2200w<br \/>\nTens\u00e3o el\u00e9trica: 127v &#8211; 220v<br \/>\nCaracter\u00edsticas: Corrente m\u00e1xima de 10A<br \/>\nTens\u00e3o de 250v<br \/>\n3 Tomadas tripolar<br \/>\nCertificado pelo Inmetro OCP-0024<br \/>\nPlugue e tomada ABNT NBR NM 60884-1 2010 E NBR 14136 2002<br \/>\nItens inclusos: 1 Extens\u00e3o El\u00e9trica<br \/>\nEspessura: 0,75mm<br \/>\nDimens\u00f5es do produto (C): 1m<br \/>\n<\/span><\/p>\n","protected":false},"featured_media":25164,"template":"","meta":{"_joinchat":[]},"product_brand":[],"product_cat":[120],"product_tag":[],"class_list":{"0":"post-18785","1":"product","2":"type-product","3":"status-publish","4":"has-post-thumbnail","6":"product_cat-extencoes-e-cia","8":"first","9":"instock","10":"shipping-taxable","11":"purchasable","12":"product-type-simple"},"_links":{"self":[{"href":"https:\/\/www.multicasa.com.br\/cuiaba\/wp-json\/wp\/v2\/product\/18785","targetHints":{"allow":["GET"]}}],"collection":[{"href":"https:\/\/www.multicasa.com.br\/cuiaba\/wp-json\/wp\/v2\/product"}],"about":[{"href":"https:\/\/www.multicasa.com.br\/cuiaba\/wp-json\/wp\/v2\/types\/product"}],"wp:featuredmedia":[{"embeddable":true,"href":"https:\/\/www.multicasa.com.br\/cuiaba\/wp-json\/wp\/v2\/media\/25164"}],"wp:attachment":[{"href":"https:\/\/www.multicasa.com.br\/cuiaba\/wp-json\/wp\/v2\/media?parent=18785"}],"wp:term":[{"taxonomy":"product_brand","embeddable":true,"href":"https:\/\/www.multicasa.com.br\/cuiaba\/wp-json\/wp\/v2\/product_brand?post=18785"},{"taxonomy":"product_cat","embeddable":true,"href":"https:\/\/www.multicasa.com.br\/cuiaba\/wp-json\/wp\/v2\/product_cat?post=18785"},{"taxonomy":"product_tag","embeddable":true,"href":"https:\/\/www.multicasa.com.br\/cuiaba\/wp-json\/wp\/v2\/product_tag?post=18785"}],"curies":[{"name":"wp","href":"https:\/\/api.w.org\/{rel}","templated":true}]}}