{"id":18817,"date":"2025-06-20T19:38:06","date_gmt":"2025-06-20T23:38:06","guid":{"rendered":"http:\/\/www.multicasa.com.br\/cuiaba\/?post_type=product&#038;p=18817"},"modified":"2025-11-22T11:36:15","modified_gmt":"2025-11-22T15:36:15","slug":"miolo-zeffia-1tp-10-a-bc-pial","status":"publish","type":"product","link":"https:\/\/www.multicasa.com.br\/cuiaba\/produto\/miolo-zeffia-1tp-10-a-bc-pial\/","title":{"rendered":"Miolo Zeffia 1Tp 10 A Bc Pial<br>SKU: 3706745"},"content":{"rendered":"<p>Nova Linha Zeffia da Pial Legrand Oferece \u00e0 voc\u00ea conforto, comodidade, praticidade e seguran\u00e7a no momento de reformar a parte el\u00e9trica de sua resid\u00eancia. A nova linha Zeffia\u00e9 f\u00e1cil de montar e desmontar, evitando transtornos no momento da manuten\u00e7\u00e3o. voc\u00ea poder\u00e1 pintar a sua parede sem sujar ou danificar o seu interruptor ou tomada Zeffia. Com design inovador, a linha Zeffia oferece um toque diferenciado ao ambiente, deixando &#8211; o mais moderno, simples e diferenciado nos m\u00ednimos detalhes, que podem fazer a diferen\u00e7a no que se refere \u00e0 comodidade, beleza e seguran\u00e7a. Um breve hist\u00f3rico sobre a Pial Legrand. Fundada em 1948, a Pial tornou-se nos anos seguintes a l\u00edder brasileira em interruptores e tomadas. Em 1977 foi adquirida pelo Grupo Legrand com sede em Limoges-Fran\u00e7a, onde adquiriu suporte para aumentar e modernizar seus produtos, aumentadno ainda mais a qualidade de seus produtos. Qualidade Pial Legrand O Grupo Legrand investe em desenvolvimento de produtos,como uma estrutura que conta com laborat\u00f3rios de ensaios, moderniza\u00e7\u00e3o de m\u00e1quinas e equipamentos, gest\u00e3o de produ\u00e7\u00e3o e capacita\u00e7\u00e3o de funcion\u00e1rios, que faz parte do Compromisso de Qualidade Pial Legrand, compromisso que rendeu em 1997 dois Certificados Iso 9001, para as f\u00e1bricas de S\u00e3o Paulo e Guarulhos, demonstrando que efici\u00eancia e confian\u00e7a s\u00e3o caracter\u00edsticas fortes da empresa.<\/p>\n","protected":false},"excerpt":{"rendered":"<h4 style=\"margin: 0px;padding: 0px 0px 16px;font-family: Lato, sans-serif;font-weight: bold;line-height: 3rem;color: var(--dark-grey3);font-size: 22px;font-style: normal;letter-spacing: normal;text-align: start;text-indent: 0px;text-transform: none\">Informa\u00e7\u00f5es t\u00e9cnicas<\/h4>\n<p><span style=\"margin: 0px;padding: 0px;font-weight: 450;font-size: 14px;line-height: 21px;color: var(--dark-grey2);font-family: Lato, sans-serif;font-style: normal;letter-spacing: normal;text-align: start;text-indent: 0px;text-transform: none\">Produto: MIOLO ZEFFIA 1TP 10 A BC PIAL<br \/>\nMarca: PIAL<\/p>\n<p>&#8211; Acabamento branco brilhante e sem parafusos;<br \/>\n&#8211; Uma linha com diversas op\u00e7\u00f5es de fun\u00e7\u00f5es para compor a combina\u00e7\u00e3o necess\u00e1ria;<br \/>\n&#8211; Ajuste gradual;<br \/>\n&#8211; Tipo de Mecanismo: Interruptor;<br \/>\n&#8211; Formato da Venda: M\u00f3dulo;<br \/>\n&#8211; Possui Interruptor: com Interruptor;<br \/>\n&#8211; Tipo de Interruptor: paralelo;<br \/>\n&#8211; Quantidade de Interruptor 1 interruptor(es);<br \/>\n&#8211; Tipo de Acionamento: Tecla;<br \/>\n&#8211; Tens\u00e3o El\u00e9trica: 220V;<br \/>\n&#8211; Possui USB: sem USB;<br \/>\n&#8211; Acompanha Placa: N\u00e3o;<br \/>\n&#8211; Aprovado pelo Inmetro: Sim.<\/span><\/p>\n","protected":false},"featured_media":25598,"template":"","meta":{"_joinchat":[]},"product_brand":[],"product_cat":[144],"product_tag":[],"class_list":{"0":"post-18817","1":"product","2":"type-product","3":"status-publish","4":"has-post-thumbnail","6":"product_cat-tomadas-e-cia","8":"first","9":"instock","10":"shipping-taxable","11":"purchasable","12":"product-type-simple"},"_links":{"self":[{"href":"https:\/\/www.multicasa.com.br\/cuiaba\/wp-json\/wp\/v2\/product\/18817","targetHints":{"allow":["GET"]}}],"collection":[{"href":"https:\/\/www.multicasa.com.br\/cuiaba\/wp-json\/wp\/v2\/product"}],"about":[{"href":"https:\/\/www.multicasa.com.br\/cuiaba\/wp-json\/wp\/v2\/types\/product"}],"wp:featuredmedia":[{"embeddable":true,"href":"https:\/\/www.multicasa.com.br\/cuiaba\/wp-json\/wp\/v2\/media\/25598"}],"wp:attachment":[{"href":"https:\/\/www.multicasa.com.br\/cuiaba\/wp-json\/wp\/v2\/media?parent=18817"}],"wp:term":[{"taxonomy":"product_brand","embeddable":true,"href":"https:\/\/www.multicasa.com.br\/cuiaba\/wp-json\/wp\/v2\/product_brand?post=18817"},{"taxonomy":"product_cat","embeddable":true,"href":"https:\/\/www.multicasa.com.br\/cuiaba\/wp-json\/wp\/v2\/product_cat?post=18817"},{"taxonomy":"product_tag","embeddable":true,"href":"https:\/\/www.multicasa.com.br\/cuiaba\/wp-json\/wp\/v2\/product_tag?post=18817"}],"curies":[{"name":"wp","href":"https:\/\/api.w.org\/{rel}","templated":true}]}}