{"id":18996,"date":"2025-06-20T19:40:18","date_gmt":"2025-06-20T23:40:18","guid":{"rendered":"http:\/\/www.multicasa.com.br\/cuiaba\/?post_type=product&#038;p=18996"},"modified":"2026-04-07T11:51:06","modified_gmt":"2026-04-07T15:51:06","slug":"fita-isolante-branca-temflex-3m-18mmx10m","status":"publish","type":"product","link":"https:\/\/www.multicasa.com.br\/cuiaba\/produto\/fita-isolante-branca-temflex-3m-18mmx10m\/","title":{"rendered":"Fita Isolante Branca Temflex 3M &#8211; 18mmx10m<br>SKU: 928119"},"content":{"rendered":"<p>A Fita Isolante Branca Temflex 3M \u00e9 feita em pvc e \u00e9 ideal para identifica\u00e7\u00e3o e marca\u00e7\u00e3o em consoles, fios, cabos de \u00e1udio e cabos el\u00e9tricos com temperatura de at\u00e9 90 graus. Uma \u00f3tima alternativa a fita crepe, que na maioria das vezes, deixa res\u00edduos de cola. \u00c9 resistente a raios ultravioletas e tem classe de tens\u00e3o de 750v; suas dimens\u00f5es s\u00e3o de 18mm de largura por 10m de comprimento.<\/p>\n","protected":false},"excerpt":{"rendered":"<h4 style=\"margin: 0px;padding: 0px 0px 16px;font-family: Lato, sans-serif;font-weight: bold;line-height: 3rem;color: var(--dark-grey3);font-size: 22px;font-style: normal;letter-spacing: normal;text-align: start;text-indent: 0px;text-transform: none\">Informa\u00e7\u00f5es t\u00e9cnicas<\/h4>\n<p><span style=\"margin: 0px;padding: 0px;font-weight: 450;font-size: 14px;line-height: 21px;color: var(--dark-grey2);font-family: Lato, sans-serif;font-style: normal;letter-spacing: normal;text-align: start;text-indent: 0px;text-transform: none\">Produto: Fita Isolante<br \/>\nModelo: Temflex<br \/>\nMarca: 3M<br \/>\nMaterial: Fabricada em PVC<br \/>\nCor: Branca<br \/>\nCaracter\u00edsticas: Classe de temperatura 90\u00baC<br \/>\nCertifica\u00e7\u00e3o nova norma ABNT NBR NM 60454-3-1-5<br \/>\nNa classe C (Atende \u00e0 norma ROHS)<br \/>\nClasse de tens\u00e3o 750v<br \/>\nResistente a raios ultravioletas<br \/>\nItens inclusos: 1 Fita isolante<br \/>\nDimens\u00f5es do produto (L X C): 18mm x 10m<br \/>\n<\/span><\/p>\n","protected":false},"featured_media":19063,"template":"","meta":{"_joinchat":[]},"product_brand":[],"product_cat":[119],"product_tag":[],"class_list":{"0":"post-18996","1":"product","2":"type-product","3":"status-publish","4":"has-post-thumbnail","6":"product_cat-materiais-eletricos","8":"first","9":"instock","10":"shipping-taxable","11":"purchasable","12":"product-type-simple"},"_links":{"self":[{"href":"https:\/\/www.multicasa.com.br\/cuiaba\/wp-json\/wp\/v2\/product\/18996","targetHints":{"allow":["GET"]}}],"collection":[{"href":"https:\/\/www.multicasa.com.br\/cuiaba\/wp-json\/wp\/v2\/product"}],"about":[{"href":"https:\/\/www.multicasa.com.br\/cuiaba\/wp-json\/wp\/v2\/types\/product"}],"wp:featuredmedia":[{"embeddable":true,"href":"https:\/\/www.multicasa.com.br\/cuiaba\/wp-json\/wp\/v2\/media\/19063"}],"wp:attachment":[{"href":"https:\/\/www.multicasa.com.br\/cuiaba\/wp-json\/wp\/v2\/media?parent=18996"}],"wp:term":[{"taxonomy":"product_brand","embeddable":true,"href":"https:\/\/www.multicasa.com.br\/cuiaba\/wp-json\/wp\/v2\/product_brand?post=18996"},{"taxonomy":"product_cat","embeddable":true,"href":"https:\/\/www.multicasa.com.br\/cuiaba\/wp-json\/wp\/v2\/product_cat?post=18996"},{"taxonomy":"product_tag","embeddable":true,"href":"https:\/\/www.multicasa.com.br\/cuiaba\/wp-json\/wp\/v2\/product_tag?post=18996"}],"curies":[{"name":"wp","href":"https:\/\/api.w.org\/{rel}","templated":true}]}}