{"id":18998,"date":"2025-06-20T19:40:19","date_gmt":"2025-06-20T23:40:19","guid":{"rendered":"http:\/\/www.multicasa.com.br\/cuiaba\/?post_type=product&#038;p=18998"},"modified":"2026-04-07T11:51:15","modified_gmt":"2026-04-07T15:51:15","slug":"suporte-de-plastico-para-botijao-de-gas-bege-nitronplast","status":"publish","type":"product","link":"https:\/\/www.multicasa.com.br\/cuiaba\/produto\/suporte-de-plastico-para-botijao-de-gas-bege-nitronplast\/","title":{"rendered":"Suporte de Pl\u00e1stico para Botij\u00e3o de G\u00e1s Bege Nitronplast<br>SKU: 1006474"},"content":{"rendered":"<p>O Suporte para Botij\u00e3o de G\u00e1s Nitronplast \u00e9 produzido em pl\u00e1stico com 4 rod\u00edzios para facilitar a locomo\u00e7\u00e3o. Ideal para transportar botij\u00f5es e vasos de flores. \u00c9 \u00fatil, pr\u00e1tico e indispens\u00e1vel para sua casa.<\/p>\n","protected":false},"excerpt":{"rendered":"<h4 style=\"margin: 0px;padding: 0px 0px 16px;font-family: Lato, sans-serif;font-weight: bold;line-height: 3rem;color: var(--dark-grey3);font-size: 22px;font-style: normal;letter-spacing: normal;text-align: start;text-indent: 0px;text-transform: none\">Informa\u00e7\u00f5es t\u00e9cnicas<\/h4>\n<p><span style=\"margin: 0px;padding: 0px;font-weight: 450;font-size: 14px;line-height: 21px;color: var(--dark-grey2);font-family: Lato, sans-serif;font-style: normal;letter-spacing: normal;text-align: start;text-indent: 0px;text-transform: none\">Produto: Suporte de botij\u00e3o<br \/>\nMarca: Nitronplastplast<br \/>\nMaterial: Pl\u00e1stico<br \/>\nCor: Preto e bege<br \/>\nCaracter\u00edsticas: Possui rodinhas<br \/>\nPode ser usado com vasos de flores<br \/>\nItens Inclusos: 1 suporte de botij\u00e3o<br \/>\nDimens\u00f5es do produto (A X L): 6 x 29cm<\/span><\/p>\n","protected":false},"featured_media":19068,"template":"","meta":{"_joinchat":[]},"product_brand":[],"product_cat":[93],"product_tag":[],"class_list":{"0":"post-18998","1":"product","2":"type-product","3":"status-publish","4":"has-post-thumbnail","6":"product_cat-utensilios-para-cozinha","8":"first","9":"instock","10":"shipping-taxable","11":"purchasable","12":"product-type-simple"},"_links":{"self":[{"href":"https:\/\/www.multicasa.com.br\/cuiaba\/wp-json\/wp\/v2\/product\/18998","targetHints":{"allow":["GET"]}}],"collection":[{"href":"https:\/\/www.multicasa.com.br\/cuiaba\/wp-json\/wp\/v2\/product"}],"about":[{"href":"https:\/\/www.multicasa.com.br\/cuiaba\/wp-json\/wp\/v2\/types\/product"}],"wp:featuredmedia":[{"embeddable":true,"href":"https:\/\/www.multicasa.com.br\/cuiaba\/wp-json\/wp\/v2\/media\/19068"}],"wp:attachment":[{"href":"https:\/\/www.multicasa.com.br\/cuiaba\/wp-json\/wp\/v2\/media?parent=18998"}],"wp:term":[{"taxonomy":"product_brand","embeddable":true,"href":"https:\/\/www.multicasa.com.br\/cuiaba\/wp-json\/wp\/v2\/product_brand?post=18998"},{"taxonomy":"product_cat","embeddable":true,"href":"https:\/\/www.multicasa.com.br\/cuiaba\/wp-json\/wp\/v2\/product_cat?post=18998"},{"taxonomy":"product_tag","embeddable":true,"href":"https:\/\/www.multicasa.com.br\/cuiaba\/wp-json\/wp\/v2\/product_tag?post=18998"}],"curies":[{"name":"wp","href":"https:\/\/api.w.org\/{rel}","templated":true}]}}