{"id":19133,"date":"2025-06-20T19:42:24","date_gmt":"2025-06-20T23:42:24","guid":{"rendered":"http:\/\/www.multicasa.com.br\/cuiaba\/?post_type=product&#038;p=19133"},"modified":"2026-03-11T11:01:41","modified_gmt":"2026-03-11T15:01:41","slug":"conector-f-de-compressao-para-cabo-coaxial-rg59-interneed-2-unidades","status":"publish","type":"product","link":"https:\/\/www.multicasa.com.br\/cuiaba\/produto\/conector-f-de-compressao-para-cabo-coaxial-rg59-interneed-2-unidades\/","title":{"rendered":"Conector F de Compress\u00e3o para Cabo Coaxial RG59 Interneed 2 Unidades<br>SKU: 1023696"},"content":{"rendered":"<p>O conector F de compress\u00e3o para cabo coaxial RG59 \u00e9 um conector de uso geral para antenas de TV. Feito de termopl\u00e1sticos de engenharias e ligas met\u00e1licas, pode ser usado tanto interna, quanto externamente dependendo dos pontos de distribui\u00e7\u00e3o. Embalagem com 2 unidades.<\/p>\n","protected":false},"excerpt":{"rendered":"<h4 style=\"margin: 0px;padding: 0px 0px 16px;font-family: Lato, sans-serif;font-weight: bold;line-height: 3rem;color: var(--dark-grey3);font-size: 22px;font-style: normal;letter-spacing: normal;text-align: start;text-indent: 0px;text-transform: none\">Informa\u00e7\u00f5es t\u00e9cnicas<\/h4>\n<p><span style=\"margin: 0px;padding: 0px;font-weight: 450;font-size: 14px;line-height: 21px;color: var(--dark-grey2);font-family: Lato, sans-serif;font-style: normal;letter-spacing: normal;text-align: start;text-indent: 0px;text-transform: none\">Produto: Conector F<br \/>\nMarca: Interneed<br \/>\nMaterial: Termopl\u00e1sticos de engenharia<br \/>\nLigas met\u00e1licas<br \/>\nCor: Prata<br \/>\nCaracter\u00edsticas: RG59<br \/>\nUso interno e externo<br \/>\nItens inclusos: 2 Conectores F<br \/>\n<\/span><\/p>\n","protected":false},"featured_media":19221,"template":"","meta":{"_joinchat":[]},"product_brand":[],"product_cat":[119],"product_tag":[],"class_list":{"0":"post-19133","1":"product","2":"type-product","3":"status-publish","4":"has-post-thumbnail","6":"product_cat-materiais-eletricos","8":"first","9":"instock","10":"shipping-taxable","11":"purchasable","12":"product-type-simple"},"_links":{"self":[{"href":"https:\/\/www.multicasa.com.br\/cuiaba\/wp-json\/wp\/v2\/product\/19133","targetHints":{"allow":["GET"]}}],"collection":[{"href":"https:\/\/www.multicasa.com.br\/cuiaba\/wp-json\/wp\/v2\/product"}],"about":[{"href":"https:\/\/www.multicasa.com.br\/cuiaba\/wp-json\/wp\/v2\/types\/product"}],"wp:featuredmedia":[{"embeddable":true,"href":"https:\/\/www.multicasa.com.br\/cuiaba\/wp-json\/wp\/v2\/media\/19221"}],"wp:attachment":[{"href":"https:\/\/www.multicasa.com.br\/cuiaba\/wp-json\/wp\/v2\/media?parent=19133"}],"wp:term":[{"taxonomy":"product_brand","embeddable":true,"href":"https:\/\/www.multicasa.com.br\/cuiaba\/wp-json\/wp\/v2\/product_brand?post=19133"},{"taxonomy":"product_cat","embeddable":true,"href":"https:\/\/www.multicasa.com.br\/cuiaba\/wp-json\/wp\/v2\/product_cat?post=19133"},{"taxonomy":"product_tag","embeddable":true,"href":"https:\/\/www.multicasa.com.br\/cuiaba\/wp-json\/wp\/v2\/product_tag?post=19133"}],"curies":[{"name":"wp","href":"https:\/\/api.w.org\/{rel}","templated":true}]}}