{"id":20290,"date":"2025-06-20T20:01:15","date_gmt":"2025-06-21T00:01:15","guid":{"rendered":"http:\/\/www.multicasa.com.br\/cuiaba\/?post_type=product&#038;p=20290"},"modified":"2025-11-25T11:04:32","modified_gmt":"2025-11-25T15:04:32","slug":"fita-isolante-19mmx20m-p44-preta-prysmian","status":"publish","type":"product","link":"https:\/\/www.multicasa.com.br\/cuiaba\/produto\/fita-isolante-19mmx20m-p44-preta-prysmian\/","title":{"rendered":"Fita Isolante 19Mmx20M P44 Preta Prysmian<br>SKU: 2115565"},"content":{"rendered":"<p>A Prysmian oferece fitas isolantes com as caracter\u00edsticas que voc\u00ea precisa. Numa instala\u00e7\u00e3o el\u00e9trica, n\u00e3o \u00e9 s\u00f3 o cabo que garante a qualidade. Para que o circuito funcione perfeitamente, conex\u00f5es e emendas devem estar muito bem isoladas, evitando falhas que podem comprometer o circuito el\u00e9trico como um todo. Pensando nisso, a Prysmian crioou uma linha completa de fitas isolantes que seguem o mesmo rigoroso padr\u00e3o de qualidade dos seus fios e cabos el\u00e9tricos.<\/p>\n","protected":false},"excerpt":{"rendered":"<h4 style=\"margin: 0px;padding: 0px 0px 16px;font-family: Lato, sans-serif;font-weight: bold;line-height: 3rem;color: var(--dark-grey3);font-size: 22px;font-style: normal;letter-spacing: normal;text-align: start;text-indent: 0px;text-transform: none\">Informa\u00e7\u00f5es t\u00e9cnicas<\/h4>\n<p><span style=\"margin: 0px;padding: 0px;font-weight: 450;font-size: 14px;line-height: 21px;color: var(--dark-grey2);font-family: Lato, sans-serif;font-style: normal;letter-spacing: normal;text-align: start;text-indent: 0px;text-transform: none\">Produto: FITA ISOLANTE 19MMX20M P44<br \/>\nMarca: PRYSMIAN<br \/>\nMaterial: PVC<br \/>\nCor: Preto<br \/>\nCaracter\u00edsticas<br \/>\n&#8211; Fita Adesiva<br \/>\n&#8211; Tipo: Isolante<br \/>\n&#8211; Tensao (V): 750V<br \/>\n&#8211; Espessura: 0,18Mm<br \/>\n-Linha: P44 Super<br \/>\n&#8211; Referencia: Pi Ft P44<br \/>\n&#8211; Linha Fabr.: Super<br \/>\nDimens\u00f5es<br \/>\nTamanho<br \/>\n19mm<br \/>\nAltura<br \/>\n15.1 cm<br \/>\nLargura<br \/>\n3.1 cm<br \/>\nComprimento<br \/>\n15.1 cm<br \/>\nPeso Bruto<br \/>\n0.5 kg<\/span><\/p>\n","protected":false},"featured_media":27314,"template":"","meta":{"_joinchat":[]},"product_brand":[],"product_cat":[119],"product_tag":[],"class_list":{"0":"post-20290","1":"product","2":"type-product","3":"status-publish","4":"has-post-thumbnail","6":"product_cat-materiais-eletricos","8":"first","9":"instock","10":"shipping-taxable","11":"purchasable","12":"product-type-simple"},"_links":{"self":[{"href":"https:\/\/www.multicasa.com.br\/cuiaba\/wp-json\/wp\/v2\/product\/20290","targetHints":{"allow":["GET"]}}],"collection":[{"href":"https:\/\/www.multicasa.com.br\/cuiaba\/wp-json\/wp\/v2\/product"}],"about":[{"href":"https:\/\/www.multicasa.com.br\/cuiaba\/wp-json\/wp\/v2\/types\/product"}],"wp:featuredmedia":[{"embeddable":true,"href":"https:\/\/www.multicasa.com.br\/cuiaba\/wp-json\/wp\/v2\/media\/27314"}],"wp:attachment":[{"href":"https:\/\/www.multicasa.com.br\/cuiaba\/wp-json\/wp\/v2\/media?parent=20290"}],"wp:term":[{"taxonomy":"product_brand","embeddable":true,"href":"https:\/\/www.multicasa.com.br\/cuiaba\/wp-json\/wp\/v2\/product_brand?post=20290"},{"taxonomy":"product_cat","embeddable":true,"href":"https:\/\/www.multicasa.com.br\/cuiaba\/wp-json\/wp\/v2\/product_cat?post=20290"},{"taxonomy":"product_tag","embeddable":true,"href":"https:\/\/www.multicasa.com.br\/cuiaba\/wp-json\/wp\/v2\/product_tag?post=20290"}],"curies":[{"name":"wp","href":"https:\/\/api.w.org\/{rel}","templated":true}]}}