{"id":21253,"date":"2025-06-20T20:16:18","date_gmt":"2025-06-21T00:16:18","guid":{"rendered":"http:\/\/www.multicasa.com.br\/cuiaba\/?post_type=product&#038;p=21253"},"modified":"2026-04-22T14:20:46","modified_gmt":"2026-04-22T18:20:46","slug":"gas-butano-para-macarico-nautika","status":"publish","type":"product","link":"https:\/\/www.multicasa.com.br\/cuiaba\/produto\/gas-butano-para-macarico-nautika\/","title":{"rendered":"G\u00e1s Butano para Ma\u00e7arico Nautika<br>SKU: 3142027"},"content":{"rendered":"<p>O G\u00e1s Butano para Ma\u00e7arico Nautika \u00e9 utilizado diretamente acoplado ao ma\u00e7arico, possui v\u00e1lvula de seguran\u00e7a que permite o engate e desengate sem vazamentos. Sua composi\u00e7\u00e3o \u00e9 formada por g\u00e1s butano e propano com sistema anti explos\u00e3o, permitindo mais autonomia nas varia\u00e7\u00f5es de temperatura. N\u00e3o indicado para ma\u00e7aricos de uso culin\u00e1rio.<\/p>\n","protected":false},"excerpt":{"rendered":"<h4 style=\"margin: 0px;padding: 0px 0px 16px;font-family: Lato, sans-serif;font-weight: bold;line-height: 3rem;color: var(--dark-grey3);font-size: 22px;font-style: normal;letter-spacing: normal;text-align: start;text-indent: 0px;text-transform: none\">Informa\u00e7\u00f5es t\u00e9cnicas<\/h4>\n<p><span style=\"margin: 0px;padding: 0px;font-weight: 450;font-size: 14px;line-height: 21px;color: var(--dark-grey2);font-family: Lato, sans-serif;font-style: normal;letter-spacing: normal;text-align: start;text-indent: 0px;text-transform: none\">Produto: G\u00e1s Butano<br \/>\nMarca: Nautika<br \/>\nComposi\u00e7\u00e3o: G\u00e1s Butano e Propano<br \/>\nConte\u00fado: 227g<br \/>\nCaracter\u00edsticas: Acoplado diretamente ao ma\u00e7arico<br \/>\nPossui v\u00e1lvula de seguran\u00e7a<br \/>\nSistema anti explos\u00e3o<br \/>\nMais autonomia nas varia\u00e7\u00f5es de temperatura<br \/>\nItens inclusos: 1 G\u00e1s Butano<br \/>\nDimens\u00f5es do produto (A X L): 19,6 x 6,6cm<\/span><\/p>\n","protected":false},"featured_media":25249,"template":"","meta":{"_joinchat":[]},"product_brand":[],"product_cat":[93],"product_tag":[],"class_list":{"0":"post-21253","1":"product","2":"type-product","3":"status-publish","4":"has-post-thumbnail","6":"product_cat-utensilios-para-cozinha","8":"first","9":"instock","10":"shipping-taxable","11":"purchasable","12":"product-type-simple"},"_links":{"self":[{"href":"https:\/\/www.multicasa.com.br\/cuiaba\/wp-json\/wp\/v2\/product\/21253","targetHints":{"allow":["GET"]}}],"collection":[{"href":"https:\/\/www.multicasa.com.br\/cuiaba\/wp-json\/wp\/v2\/product"}],"about":[{"href":"https:\/\/www.multicasa.com.br\/cuiaba\/wp-json\/wp\/v2\/types\/product"}],"wp:featuredmedia":[{"embeddable":true,"href":"https:\/\/www.multicasa.com.br\/cuiaba\/wp-json\/wp\/v2\/media\/25249"}],"wp:attachment":[{"href":"https:\/\/www.multicasa.com.br\/cuiaba\/wp-json\/wp\/v2\/media?parent=21253"}],"wp:term":[{"taxonomy":"product_brand","embeddable":true,"href":"https:\/\/www.multicasa.com.br\/cuiaba\/wp-json\/wp\/v2\/product_brand?post=21253"},{"taxonomy":"product_cat","embeddable":true,"href":"https:\/\/www.multicasa.com.br\/cuiaba\/wp-json\/wp\/v2\/product_cat?post=21253"},{"taxonomy":"product_tag","embeddable":true,"href":"https:\/\/www.multicasa.com.br\/cuiaba\/wp-json\/wp\/v2\/product_tag?post=21253"}],"curies":[{"name":"wp","href":"https:\/\/api.w.org\/{rel}","templated":true}]}}