{"id":22169,"date":"2025-06-20T20:31:23","date_gmt":"2025-06-21T00:31:23","guid":{"rendered":"http:\/\/www.multicasa.com.br\/cuiaba\/?post_type=product&#038;p=22169"},"modified":"2026-04-24T10:32:38","modified_gmt":"2026-04-24T14:32:38","slug":"rele-fotoeletrico-com-timer","status":"publish","type":"product","link":"https:\/\/www.multicasa.com.br\/cuiaba\/produto\/rele-fotoeletrico-com-timer\/","title":{"rendered":"Rel\u00e9 Fotoel\u00e9trico com timer<br>SKU: 4464427"},"content":{"rendered":"<p>Produto robusto e com design moderno, de f\u00e1cil instala\u00e7\u00e3o e opera\u00e7\u00e3o. Este dispositivo \u00e9 equipado com um sensor fotoc\u00e9lula, que \u00e9 comandada pela luz do sol e gerenciada por um moderno microcontrolador. A fotoc\u00e9lula \u00e9 capaz de identificar se \u00e9 dia ou noite.As l\u00e2mpadas acender\u00e3o automaticamente quando escurecer e desligar\u00e3o depois do tempo programado ou quando amanhecer o dia. O &#8220;timer&#8221; pode ser regulado no momento da instala\u00e7\u00e3o e seu tempo de atua\u00e7\u00e3o vai de 1 hora a 15 horas. Produto ideal para ilumina\u00e7\u00e3o de fachadas, outdoors, placas, luminosos, entradas de pr\u00e9dio, garagem etc&#8230;<\/p>\n","protected":false},"excerpt":{"rendered":"<h4 style=\"margin: 0px;padding: 0px 0px 16px;font-family: Lato, sans-serif;font-weight: bold;line-height: 3rem;color: var(--dark-grey3);font-size: 22px;font-style: normal;letter-spacing: normal;text-align: start;text-indent: 0px;text-transform: none\">Informa\u00e7\u00f5es t\u00e9cnicas<\/h4>\n<p><span style=\"margin: 0px;padding: 0px;font-weight: 450;font-size: 14px;line-height: 21px;color: var(--dark-grey2);font-family: Lato, sans-serif;font-style: normal;letter-spacing: normal;text-align: start;text-indent: 0px;text-transform: none\">Produto: Rel\u00e9 Fotoel\u00e9trico<br \/>\nModelo: QR50.<br \/>\nMarca: Qualitronix.<br \/>\nTens\u00e3o: bivolt 127\/220V.<br \/>\nSuporta 500W em 127V e 1000W em 220V l\u00e2mpada incandescente.<br \/>\n160W em 127V e 320W em 220V l\u00e2mpada fluorescente e led.<br \/>\nFixa\u00e7\u00e3o: atrav\u00e9s de suporte tipo &#8220;L&#8221;.<br \/>\nHor\u00e1rio de acendimento: pr\u00f3ximo das 18 horas em dias de luminosidade normal.<br \/>\nHor\u00e1rio de desligamento: pr\u00f3ximo das 6 horas em dias de luminosidade normal.<br \/>\nDimens\u00e3o da embalagem: 6cm de altura\/ 12cm de largura\/ 17cm de comprimento.<br \/>\nPeso do produto: 70 gramas.<\/span><\/p>\n","protected":false},"featured_media":25917,"template":"","meta":{"_joinchat":[]},"product_brand":[],"product_cat":[119],"product_tag":[],"class_list":{"0":"post-22169","1":"product","2":"type-product","3":"status-publish","4":"has-post-thumbnail","6":"product_cat-materiais-eletricos","8":"first","9":"instock","10":"shipping-taxable","11":"purchasable","12":"product-type-simple"},"_links":{"self":[{"href":"https:\/\/www.multicasa.com.br\/cuiaba\/wp-json\/wp\/v2\/product\/22169","targetHints":{"allow":["GET"]}}],"collection":[{"href":"https:\/\/www.multicasa.com.br\/cuiaba\/wp-json\/wp\/v2\/product"}],"about":[{"href":"https:\/\/www.multicasa.com.br\/cuiaba\/wp-json\/wp\/v2\/types\/product"}],"wp:featuredmedia":[{"embeddable":true,"href":"https:\/\/www.multicasa.com.br\/cuiaba\/wp-json\/wp\/v2\/media\/25917"}],"wp:attachment":[{"href":"https:\/\/www.multicasa.com.br\/cuiaba\/wp-json\/wp\/v2\/media?parent=22169"}],"wp:term":[{"taxonomy":"product_brand","embeddable":true,"href":"https:\/\/www.multicasa.com.br\/cuiaba\/wp-json\/wp\/v2\/product_brand?post=22169"},{"taxonomy":"product_cat","embeddable":true,"href":"https:\/\/www.multicasa.com.br\/cuiaba\/wp-json\/wp\/v2\/product_cat?post=22169"},{"taxonomy":"product_tag","embeddable":true,"href":"https:\/\/www.multicasa.com.br\/cuiaba\/wp-json\/wp\/v2\/product_tag?post=22169"}],"curies":[{"name":"wp","href":"https:\/\/api.w.org\/{rel}","templated":true}]}}