{"id":22246,"date":"2025-06-20T20:32:38","date_gmt":"2025-06-21T00:32:38","guid":{"rendered":"http:\/\/www.multicasa.com.br\/cuiaba\/?post_type=product&#038;p=22246"},"modified":"2026-02-20T10:20:56","modified_gmt":"2026-02-20T14:20:56","slug":"fita-fixa-forte-vhb-dupla-face-transparente-3m-12mmx2m","status":"publish","type":"product","link":"https:\/\/www.multicasa.com.br\/cuiaba\/produto\/fita-fixa-forte-vhb-dupla-face-transparente-3m-12mmx2m\/","title":{"rendered":"Fita Fixa Forte VHB Dupla Face Transparente 3M &#8211; 12mmx2m<br>SKU: 4740610"},"content":{"rendered":"<p>Fita Fixa Forte Dupla Face Transparente Scotch 3M, ideal para pendurar quadros, canaletas el\u00e9tricas e objetos de decora\u00e7\u00e3o. A fita VHB \u00e9 uma fita de espuma acr\u00edlica, ela promove isolamento anti-corrosivo entre chapas met\u00e1licas e \u00e9 recomendado utilizar em superficies de madeira selada, paredes internas, vidro, acr\u00edlico, metal, etc. Possui dimens\u00f5es de 12mm x 2m e vai te ajudar a evitar perfura\u00e7\u00f5es desnecess\u00e1rias na parede!<\/p>\n","protected":false},"excerpt":{"rendered":"<h4 style=\"margin: 0px;padding: 0px 0px 16px;font-family: Lato, sans-serif;font-weight: bold;line-height: 3rem;color: var(--dark-grey3);font-size: 22px;font-style: normal;letter-spacing: normal;text-align: start;text-indent: 0px;text-transform: none\">Informa\u00e7\u00f5es t\u00e9cnicas<\/h4>\n<p><span style=\"margin: 0px;padding: 0px;font-weight: 450;font-size: 14px;line-height: 21px;color: var(--dark-grey2);font-family: Lato, sans-serif;font-style: normal;letter-spacing: normal;text-align: start;text-indent: 0px;text-transform: none\">Produto: Fita Dupla Face<br \/>\nMarca: 3M<br \/>\nMaterial: Adesivo em acr\u00edlico<br \/>\nCor: Verde<br \/>\nCaracter\u00edsticas: Forte<br \/>\nVHB<br \/>\nExcelente fixa\u00e7\u00e3o<br \/>\nSubstitui pregos e parafusos<br \/>\nItens Inclusos: 1 Fita Dupla Face<br \/>\nDimens\u00f5es do produto (A X C): 12mm x 2m<br \/>\n<\/span><\/p>\n","protected":false},"featured_media":22310,"template":"","meta":{"_joinchat":[]},"product_brand":[],"product_cat":[162],"product_tag":[],"class_list":{"0":"post-22246","1":"product","2":"type-product","3":"status-publish","4":"has-post-thumbnail","6":"product_cat-colas-e-cia","8":"first","9":"instock","10":"shipping-taxable","11":"purchasable","12":"product-type-simple"},"_links":{"self":[{"href":"https:\/\/www.multicasa.com.br\/cuiaba\/wp-json\/wp\/v2\/product\/22246","targetHints":{"allow":["GET"]}}],"collection":[{"href":"https:\/\/www.multicasa.com.br\/cuiaba\/wp-json\/wp\/v2\/product"}],"about":[{"href":"https:\/\/www.multicasa.com.br\/cuiaba\/wp-json\/wp\/v2\/types\/product"}],"wp:featuredmedia":[{"embeddable":true,"href":"https:\/\/www.multicasa.com.br\/cuiaba\/wp-json\/wp\/v2\/media\/22310"}],"wp:attachment":[{"href":"https:\/\/www.multicasa.com.br\/cuiaba\/wp-json\/wp\/v2\/media?parent=22246"}],"wp:term":[{"taxonomy":"product_brand","embeddable":true,"href":"https:\/\/www.multicasa.com.br\/cuiaba\/wp-json\/wp\/v2\/product_brand?post=22246"},{"taxonomy":"product_cat","embeddable":true,"href":"https:\/\/www.multicasa.com.br\/cuiaba\/wp-json\/wp\/v2\/product_cat?post=22246"},{"taxonomy":"product_tag","embeddable":true,"href":"https:\/\/www.multicasa.com.br\/cuiaba\/wp-json\/wp\/v2\/product_tag?post=22246"}],"curies":[{"name":"wp","href":"https:\/\/api.w.org\/{rel}","templated":true}]}}