{"id":22276,"date":"2025-06-20T20:33:04","date_gmt":"2025-06-21T00:33:04","guid":{"rendered":"http:\/\/www.multicasa.com.br\/cuiaba\/?post_type=product&#038;p=22276"},"modified":"2026-03-13T15:51:40","modified_gmt":"2026-03-13T19:51:40","slug":"grampo-terra-dup-gtdu-3-8-ips-8-4","status":"publish","type":"product","link":"https:\/\/www.multicasa.com.br\/cuiaba\/produto\/grampo-terra-dup-gtdu-3-8-ips-8-4\/","title":{"rendered":"Grampo Terra Dup Gtdu 3\/8 Ips 8\/4<br>SKU: 4876415"},"content":{"rendered":"<p>GRAMPO TERRA | TIPO: DUPLO (HASTE\/TUBO\/CABO) | MATERIAL: BRONZE | QUANTIDADE CABO: 1 CABO | DIAMETRO CABO: 4 A 2\/0 AWG | DIAMETRO HASTE: 5\/8-3\/4&#8243; | DIAMETRO TUBO: 3\/8&#8243; | FIXACAO: PARAFUSO M10 | MARCA: INTELLI| REF: GTDU2C38IPS420.<\/p>\n","protected":false},"excerpt":{"rendered":"<h4 style=\"margin: 0px;padding: 0px 0px 16px;font-family: Lato, sans-serif;font-weight: bold;line-height: 3rem;color: var(--dark-grey3);font-size: 22px;font-style: normal;letter-spacing: normal;text-align: start;text-indent: 0px;text-transform: none\">Informa\u00e7\u00f5es t\u00e9cnicas<\/h4>\n<p><span style=\"margin: 0px;padding: 0px;font-weight: 450;font-size: 14px;line-height: 21px;color: var(--dark-grey2);font-family: Lato, sans-serif;font-style: normal;letter-spacing: normal;text-align: start;text-indent: 0px;text-transform: none\">PRODUTO: GRAMPO TERRA DUP GTDU 3\/8 IPS 8\/4<br \/>\nMARCA: INTELLI<\/p>\n<p>Finalidade: Conex\u00e3o de fio ou cabo condutor de cobre ou a\u00e7o cobreado com uma haste de terra cil\u00edndrica em a\u00e7o cobreado ou tubo IPS. Permite fixar os condutores paralelamente ou a 90\u00ba.<br \/>\nCaracter\u00edstica: Alta condutibilidade el\u00e9trica e resist\u00eancia \u00e0 corros\u00e3o. Conex\u00e3o por aperto.  F\u00e1cil aplica\u00e7\u00e3o.<br \/>\nAplica\u00e7\u00e3o: Sistemas de aterramento em geral.<br \/>\nMaterial: Grampo em Liga de Cobre. Acess\u00f3rios em liga de cobre ou a\u00e7o zincado.<br \/>\nAcabamento: Sem acabamento<br \/>\nFerramenta de Aplica\u00e7\u00e3o: Chave estrelada ou boca.<br \/>\nNorma: NBR-5370 \/ ANSI C119,4 \/ UL-467 \/ NBR-13571<\/span><\/p>\n","protected":false},"featured_media":25276,"template":"","meta":{"_joinchat":[]},"product_brand":[],"product_cat":[119],"product_tag":[],"class_list":{"0":"post-22276","1":"product","2":"type-product","3":"status-publish","4":"has-post-thumbnail","6":"product_cat-materiais-eletricos","8":"first","9":"instock","10":"shipping-taxable","11":"purchasable","12":"product-type-simple"},"_links":{"self":[{"href":"https:\/\/www.multicasa.com.br\/cuiaba\/wp-json\/wp\/v2\/product\/22276","targetHints":{"allow":["GET"]}}],"collection":[{"href":"https:\/\/www.multicasa.com.br\/cuiaba\/wp-json\/wp\/v2\/product"}],"about":[{"href":"https:\/\/www.multicasa.com.br\/cuiaba\/wp-json\/wp\/v2\/types\/product"}],"wp:featuredmedia":[{"embeddable":true,"href":"https:\/\/www.multicasa.com.br\/cuiaba\/wp-json\/wp\/v2\/media\/25276"}],"wp:attachment":[{"href":"https:\/\/www.multicasa.com.br\/cuiaba\/wp-json\/wp\/v2\/media?parent=22276"}],"wp:term":[{"taxonomy":"product_brand","embeddable":true,"href":"https:\/\/www.multicasa.com.br\/cuiaba\/wp-json\/wp\/v2\/product_brand?post=22276"},{"taxonomy":"product_cat","embeddable":true,"href":"https:\/\/www.multicasa.com.br\/cuiaba\/wp-json\/wp\/v2\/product_cat?post=22276"},{"taxonomy":"product_tag","embeddable":true,"href":"https:\/\/www.multicasa.com.br\/cuiaba\/wp-json\/wp\/v2\/product_tag?post=22276"}],"curies":[{"name":"wp","href":"https:\/\/api.w.org\/{rel}","templated":true}]}}