{"id":22305,"date":"2025-06-20T20:33:31","date_gmt":"2025-06-21T00:33:31","guid":{"rendered":"http:\/\/www.multicasa.com.br\/cuiaba\/?post_type=product&#038;p=22305"},"modified":"2025-12-02T15:17:07","modified_gmt":"2025-12-02T19:17:07","slug":"soquete-com-sensor-de-presenca-e27-qualitronix","status":"publish","type":"product","link":"https:\/\/www.multicasa.com.br\/cuiaba\/produto\/soquete-com-sensor-de-presenca-e27-qualitronix\/","title":{"rendered":"Soquete com Sensor de Presen\u00e7a E27 Qualitronix<br>SKU: 2052377"},"content":{"rendered":"<p>Sensor de f\u00e1cil instala\u00e7\u00e3o para soquete E27, funciona com qualquer tipo de l\u00e2mpada. A fotoc\u00e9lula serve para diferenciar dia\/noite, ou seja, quando o sensor detectar um movimento e detectar que h\u00e1 claridade no local, ele entende que a l\u00e2mpada n\u00e3o precisa acender, economizando energia.A Qualitronix Tecnologia Ltda vem ampliando o espa\u00e7o comercial de seus produtos com economia nas resid\u00eancias, com\u00e9rcios, ind\u00fastrias e outros empreendimentos. Destaca-se com vantagem competitiva em qualidade, durabilidade e seguran\u00e7a de seus equipamentos.<\/p>\n","protected":false},"excerpt":{"rendered":"<h4 style=\"margin: 0px;padding: 0px 0px 16px;font-family: Lato, sans-serif;font-weight: bold;line-height: 3rem;color: var(--dark-grey3);font-size: 22px;font-style: normal;letter-spacing: normal;text-align: start;text-indent: 0px;text-transform: none\">Informa\u00e7\u00f5es t\u00e9cnicas<\/h4>\n<p><span style=\"margin: 0px;padding: 0px;font-weight: 450;font-size: 14px;line-height: 21px;color: var(--dark-grey2);font-family: Lato, sans-serif;font-style: normal;letter-spacing: normal;text-align: start;text-indent: 0px;text-transform: none\">Tipo: Com fotoc\u00e9lula<br \/>\nTipo de soquete: E27<br \/>\nAcompanha chave: Sim<br \/>\nTens\u00e3o: Bivolt<br \/>\nAlcance m\u00e1ximo: 8m<br \/>\n\u00c2ngulo: 360\u00ba<br \/>\nUso: Interno<br \/>\nFun\u00e7\u00f5es:<br \/>\nSensor de Presen\u00e7a + Fotoc\u00e9lula<br \/>\nSensor de Presen\u00e7a<br \/>\nManter Ligado<br \/>\nTimer<br \/>\nSimulador de Presen\u00e7a<br \/>\nRel\u00e9 Fotoc\u00e9lula<br \/>\nGarantia: 90 dias<br \/>\nMarca: Qualitronix<br \/>\nProduto: Sensor de Presen\u00e7a com Fotoc\u00e9lula Microcontrolado 360\u00ba Soquete E27 &#8211; Qualitronix<br \/>\nEmbalagem: Pacote\/Caixa<br \/>\nAcompanha caixa: Sim<br \/>\nConte\u00fado da embalagem: 1 Sensor de Presen\u00e7a com Fotoc\u00e9lula Microcontrolado 360\u00ba Soquete E27 &#8211; Qualitronix<\/span><\/p>\n","protected":false},"featured_media":27483,"template":"","meta":{"_joinchat":[]},"product_brand":[],"product_cat":[78],"product_tag":[],"class_list":{"0":"post-22305","1":"product","2":"type-product","3":"status-publish","4":"has-post-thumbnail","6":"product_cat-iluminacao-comercial","8":"first","9":"instock","10":"shipping-taxable","11":"purchasable","12":"product-type-simple"},"_links":{"self":[{"href":"https:\/\/www.multicasa.com.br\/cuiaba\/wp-json\/wp\/v2\/product\/22305","targetHints":{"allow":["GET"]}}],"collection":[{"href":"https:\/\/www.multicasa.com.br\/cuiaba\/wp-json\/wp\/v2\/product"}],"about":[{"href":"https:\/\/www.multicasa.com.br\/cuiaba\/wp-json\/wp\/v2\/types\/product"}],"wp:featuredmedia":[{"embeddable":true,"href":"https:\/\/www.multicasa.com.br\/cuiaba\/wp-json\/wp\/v2\/media\/27483"}],"wp:attachment":[{"href":"https:\/\/www.multicasa.com.br\/cuiaba\/wp-json\/wp\/v2\/media?parent=22305"}],"wp:term":[{"taxonomy":"product_brand","embeddable":true,"href":"https:\/\/www.multicasa.com.br\/cuiaba\/wp-json\/wp\/v2\/product_brand?post=22305"},{"taxonomy":"product_cat","embeddable":true,"href":"https:\/\/www.multicasa.com.br\/cuiaba\/wp-json\/wp\/v2\/product_cat?post=22305"},{"taxonomy":"product_tag","embeddable":true,"href":"https:\/\/www.multicasa.com.br\/cuiaba\/wp-json\/wp\/v2\/product_tag?post=22305"}],"curies":[{"name":"wp","href":"https:\/\/api.w.org\/{rel}","templated":true}]}}